{"id":43,"date":"2014-09-17T16:45:07","date_gmt":"2014-09-17T16:45:07","guid":{"rendered":"http:\/\/agora.xtec.cat\/iecadaques\/?page_id=43"},"modified":"2023-02-14T12:04:25","modified_gmt":"2023-02-14T11:04:25","slug":"consell-escolar","status":"publish","type":"page","link":"https:\/\/agora.xtec.cat\/iecadaques\/linstitut\/consell-escolar\/","title":{"rendered":"Consell Escolar"},"content":{"rendered":"<p style=\"text-align: justify;\">El Consell Escolar del centre \u00e9s l&#8217;\u00f2rgan col\u00b7legiat de participaci\u00f3 de la comunitat escolar en el govern de centre.<\/p>\n<p>Participar en l\u2019aprovaci\u00f3 del projecte educatiu, de la programaci\u00f3 general anual, de les normes de funcionament, de la gesti\u00f3 econ\u00f2mica del centre i dels convenis o acords amb altres entitats o institucions. Tamb\u00e9 interv\u00e9 en el procediment d&#8217;admissi\u00f3, resoluci\u00f3 de conflictes i revisi\u00f3 de sancions d&#8217;alumnes. Participa en procediments de selecci\u00f3 o proposta de cessament del director\/a, en les an\u00e0lisis i les avaluacions del funcionament general del centre i l&#8217;evoluci\u00f3 del rendiment escolar. Aix\u00ed com qualsevol altre funci\u00f3 que li sigui atribu\u00efda per les normes legals o reglament\u00e0ries.<\/p>\n<p><a href=\"https:\/\/agora.xtec.cat\/iecadaques\/wp-content\/uploads\/usu1969\/2023\/02\/Organigrama-consell-escolar.png\"><img loading=\"lazy\" decoding=\"async\" class=\"alignnone size-large wp-image-23859\" src=\"https:\/\/agora.xtec.cat\/iecadaques\/wp-content\/uploads\/usu1969\/2023\/02\/Organigrama-consell-escolar-1024x679.png\" alt=\"\" width=\"1024\" height=\"679\" srcset=\"https:\/\/agora.xtec.cat\/iecadaques\/wp-content\/uploads\/usu1969\/2023\/02\/Organigrama-consell-escolar-1024x679.png 1024w, https:\/\/agora.xtec.cat\/iecadaques\/wp-content\/uploads\/usu1969\/2023\/02\/Organigrama-consell-escolar-300x199.png 300w, https:\/\/agora.xtec.cat\/iecadaques\/wp-content\/uploads\/usu1969\/2023\/02\/Organigrama-consell-escolar-768x509.png 768w, https:\/\/agora.xtec.cat\/iecadaques\/wp-content\/uploads\/usu1969\/2023\/02\/Organigrama-consell-escolar.png 1253w\" sizes=\"auto, (max-width: 1024px) 100vw, 1024px\" \/><\/a><\/p>\n","protected":false},"excerpt":{"rendered":"<p>El Consell Escolar del centre \u00e9s l&#8217;\u00f2rgan col\u00b7legiat de participaci\u00f3 de la comunitat escolar en el govern de centre.<br \/>\nParticipar en l\u2019aprovaci\u00f3 del projecte educatiu, de la programaci\u00f3 general anual, de les normes de funcionament, de la gesti\u00f3 econ\u00f2mica del centre i dels convenis o acords&hellip;  <a href=\"https:\/\/agora.xtec.cat\/iecadaques\/linstitut\/consell-escolar\/\" title=\"Read Consell Escolar\">Llegeix m\u00e9s\u00bb<\/a><\/p>\n","protected":false},"author":1,"featured_media":0,"parent":19,"menu_order":3,"comment_status":"closed","ping_status":"closed","template":"","meta":{"_bbp_topic_count":0,"_bbp_reply_count":0,"_bbp_total_topic_count":0,"_bbp_total_reply_count":0,"_bbp_voice_count":0,"_bbp_anonymous_reply_count":0,"_bbp_topic_count_hidden":0,"_bbp_reply_count_hidden":0,"_bbp_forum_subforum_count":0,"footnotes":""},"class_list":["post-43","page","type-page","status-publish","hentry"],"post_mailing_queue_ids":[],"_links":{"self":[{"href":"https:\/\/agora.xtec.cat\/iecadaques\/wp-json\/wp\/v2\/pages\/43","targetHints":{"allow":["GET"]}}],"collection":[{"href":"https:\/\/agora.xtec.cat\/iecadaques\/wp-json\/wp\/v2\/pages"}],"about":[{"href":"https:\/\/agora.xtec.cat\/iecadaques\/wp-json\/wp\/v2\/types\/page"}],"author":[{"embeddable":true,"href":"https:\/\/agora.xtec.cat\/iecadaques\/wp-json\/wp\/v2\/users\/1"}],"replies":[{"embeddable":true,"href":"https:\/\/agora.xtec.cat\/iecadaques\/wp-json\/wp\/v2\/comments?post=43"}],"version-history":[{"count":5,"href":"https:\/\/agora.xtec.cat\/iecadaques\/wp-json\/wp\/v2\/pages\/43\/revisions"}],"predecessor-version":[{"id":23860,"href":"https:\/\/agora.xtec.cat\/iecadaques\/wp-json\/wp\/v2\/pages\/43\/revisions\/23860"}],"up":[{"embeddable":true,"href":"https:\/\/agora.xtec.cat\/iecadaques\/wp-json\/wp\/v2\/pages\/19"}],"wp:attachment":[{"href":"https:\/\/agora.xtec.cat\/iecadaques\/wp-json\/wp\/v2\/media?parent=43"}],"curies":[{"name":"wp","href":"https:\/\/api.w.org\/{rel}","templated":true}]}}

<p style="text-align: justify;">El Consell Escolar del centre és l&#8217;òrgan col·legiat de participació de la comunitat escolar en el govern de centre.</p>
<p>Participar en l’aprovació del projecte educatiu, de la programació general anual, de les normes de funcionament, de la gestió econòmica del centre i dels convenis o acords amb altres entitats o institucions. També intervé en el procediment d&#8217;admissió, resolució de conflictes i revisió de sancions d&#8217;alumnes. Participa en procediments de selecció o proposta de cessament del director/a, en les anàlisis i les avaluacions del funcionament general del centre i l&#8217;evolució del rendiment escolar. Així com qualsevol altre funció que li sigui atribuïda per les normes legals o reglamentàries.</p>
<p><a href="https://agora.xtec.cat/iecadaques/wp-content/uploads/usu1969/2023/02/Organigrama-consell-escolar.png"><img loading="lazy" decoding="async" class="alignnone size-large wp-image-23859" src="https://agora.xtec.cat/iecadaques/wp-content/uploads/usu1969/2023/02/Organigrama-consell-escolar-1024x679.png" alt="" width="1024" height="679" srcset="https://agora.xtec.cat/iecadaques/wp-content/uploads/usu1969/2023/02/Organigrama-consell-escolar-1024x679.png 1024w, https://agora.xtec.cat/iecadaques/wp-content/uploads/usu1969/2023/02/Organigrama-consell-escolar-300x199.png 300w, https://agora.xtec.cat/iecadaques/wp-content/uploads/usu1969/2023/02/Organigrama-consell-escolar-768x509.png 768w, https://agora.xtec.cat/iecadaques/wp-content/uploads/usu1969/2023/02/Organigrama-consell-escolar.png 1253w" sizes="auto, (max-width: 1024px) 100vw, 1024px" /></a></p>

<p>El Consell Escolar del centre és l&#8217;òrgan col·legiat de participació de la comunitat escolar en el govern de centre.<br />
Participar en l’aprovació del projecte educatiu, de la programació general anual, de les normes de funcionament, de la gestió econòmica del centre i dels convenis o acords&hellip;  <a href="https://agora.xtec.cat/iecadaques/linstitut/consell-escolar/" title="Read Consell Escolar">Llegeix més»</a></p>
