{"id":39,"date":"2014-09-17T16:36:44","date_gmt":"2014-09-17T16:36:44","guid":{"rendered":"http:\/\/agora.xtec.cat\/iecadaques\/?page_id=39"},"modified":"2021-01-19T22:12:28","modified_gmt":"2021-01-19T21:12:28","slug":"instal%c2%b7lacions","status":"publish","type":"page","link":"https:\/\/agora.xtec.cat\/iecadaques\/linstitut\/instal%c2%b7lacions\/","title":{"rendered":"Instal\u00b7lacions"},"content":{"rendered":"<p><span style=\"font-family: inherit; font-size: 1em;\"><br \/>\nL&#8217;edifici est\u00e0 constru\u00eft en 3 plantes, mimetitzant-se amb l&#8217;entorn gr\u00e0cies a una construcci\u00f3 que simula la pedra seca t\u00edpica de Cadaqu\u00e9s.<\/span><\/p>\n<p><a href=\"https:\/\/agora.xtec.cat\/iecadaques\/wp-content\/uploads\/usu1969\/2019\/02\/porta-principal.jpg\"><img loading=\"lazy\" decoding=\"async\" class=\"alignnone wp-image-706 size-full\" src=\"https:\/\/agora.xtec.cat\/iecadaques\/wp-content\/uploads\/usu1969\/2019\/02\/porta-principal-e1611090374586.jpg\" alt=\"\" width=\"1105\" height=\"816\" srcset=\"https:\/\/agora.xtec.cat\/iecadaques\/wp-content\/uploads\/usu1969\/2019\/02\/porta-principal-e1611090374586.jpg 1105w, https:\/\/agora.xtec.cat\/iecadaques\/wp-content\/uploads\/usu1969\/2019\/02\/porta-principal-e1611090374586-300x222.jpg 300w, https:\/\/agora.xtec.cat\/iecadaques\/wp-content\/uploads\/usu1969\/2019\/02\/porta-principal-e1611090374586-768x567.jpg 768w, https:\/\/agora.xtec.cat\/iecadaques\/wp-content\/uploads\/usu1969\/2019\/02\/porta-principal-e1611090374586-1024x756.jpg 1024w\" sizes=\"auto, (max-width: 1105px) 100vw, 1105px\" \/><\/a><\/p>\n<table style=\"border-collapse: collapse; width: 100%; height: 186px;\" border=\"1\">\n<tbody>\n<tr style=\"height: 108px;\">\n<td style=\"width: 50%; height: 108px;\"><a href=\"https:\/\/agora.xtec.cat\/iecadaques\/wp-content\/uploads\/usu1969\/2019\/02\/biblioteca-1.jpg\"><img loading=\"lazy\" decoding=\"async\" class=\"alignnone size-large wp-image-775\" src=\"https:\/\/agora.xtec.cat\/iecadaques\/wp-content\/uploads\/usu1969\/2019\/02\/biblioteca-1-1024x596.jpg\" alt=\"\" width=\"1024\" height=\"596\" srcset=\"https:\/\/agora.xtec.cat\/iecadaques\/wp-content\/uploads\/usu1969\/2019\/02\/biblioteca-1-1024x596.jpg 1024w, https:\/\/agora.xtec.cat\/iecadaques\/wp-content\/uploads\/usu1969\/2019\/02\/biblioteca-1-300x175.jpg 300w, https:\/\/agora.xtec.cat\/iecadaques\/wp-content\/uploads\/usu1969\/2019\/02\/biblioteca-1-768x447.jpg 768w, https:\/\/agora.xtec.cat\/iecadaques\/wp-content\/uploads\/usu1969\/2019\/02\/biblioteca-1.jpg 1108w\" sizes=\"auto, (max-width: 1024px) 100vw, 1024px\" \/><\/a><\/td>\n<td style=\"width: 50%; height: 108px;\"><a href=\"https:\/\/agora.xtec.cat\/iecadaques\/wp-content\/uploads\/usu1969\/2019\/10\/stick2.jpg\"><img loading=\"lazy\" decoding=\"async\" class=\"alignnone size-full wp-image-990\" src=\"https:\/\/agora.xtec.cat\/iecadaques\/wp-content\/uploads\/usu1969\/2019\/10\/stick2.jpg\" alt=\"\" width=\"3481\" height=\"1861\" srcset=\"https:\/\/agora.xtec.cat\/iecadaques\/wp-content\/uploads\/usu1969\/2019\/10\/stick2.jpg 3481w, https:\/\/agora.xtec.cat\/iecadaques\/wp-content\/uploads\/usu1969\/2019\/10\/stick2-300x160.jpg 300w, https:\/\/agora.xtec.cat\/iecadaques\/wp-content\/uploads\/usu1969\/2019\/10\/stick2-768x411.jpg 768w, https:\/\/agora.xtec.cat\/iecadaques\/wp-content\/uploads\/usu1969\/2019\/10\/stick2-1024x547.jpg 1024w\" sizes=\"auto, (max-width: 3481px) 100vw, 3481px\" \/><\/a><\/td>\n<\/tr>\n<\/tbody>\n<\/table>\n","protected":false},"excerpt":{"rendered":"<p>L&#8217;edifici est\u00e0 constru\u00eft en 3 plantes, mimetitzant-se amb l&#8217;entorn gr\u00e0cies a una construcci\u00f3 que simula la pedra seca t\u00edpica de Cadaqu\u00e9s.<br \/>\n<a href=\"https:\/\/agora.xtec.cat\/iecadaques\/wp-content\/uploads\/usu1969\/2019\/02\/porta-principal.jpg\"><\/a><\/p>\n<p><a href=\"https:\/\/agora.xtec.cat\/iecadaques\/wp-content\/uploads\/usu1969\/2019\/02\/biblioteca-1.jpg\"><\/a><br \/>\n<a href=\"https:\/\/agora.xtec.cat\/iecadaques\/wp-content\/uploads\/usu1969\/2019\/10\/stick2.jpg\"><\/a><\/p>\n","protected":false},"author":1,"featured_media":0,"parent":19,"menu_order":1,"comment_status":"closed","ping_status":"closed","template":"","meta":{"_bbp_topic_count":0,"_bbp_reply_count":0,"_bbp_total_topic_count":0,"_bbp_total_reply_count":0,"_bbp_voice_count":0,"_bbp_anonymous_reply_count":0,"_bbp_topic_count_hidden":0,"_bbp_reply_count_hidden":0,"_bbp_forum_subforum_count":0,"footnotes":""},"class_list":["post-39","page","type-page","status-publish","hentry"],"post_mailing_queue_ids":[],"_links":{"self":[{"href":"https:\/\/agora.xtec.cat\/iecadaques\/wp-json\/wp\/v2\/pages\/39","targetHints":{"allow":["GET"]}}],"collection":[{"href":"https:\/\/agora.xtec.cat\/iecadaques\/wp-json\/wp\/v2\/pages"}],"about":[{"href":"https:\/\/agora.xtec.cat\/iecadaques\/wp-json\/wp\/v2\/types\/page"}],"author":[{"embeddable":true,"href":"https:\/\/agora.xtec.cat\/iecadaques\/wp-json\/wp\/v2\/users\/1"}],"replies":[{"embeddable":true,"href":"https:\/\/agora.xtec.cat\/iecadaques\/wp-json\/wp\/v2\/comments?post=39"}],"version-history":[{"count":4,"href":"https:\/\/agora.xtec.cat\/iecadaques\/wp-json\/wp\/v2\/pages\/39\/revisions"}],"predecessor-version":[{"id":21185,"href":"https:\/\/agora.xtec.cat\/iecadaques\/wp-json\/wp\/v2\/pages\/39\/revisions\/21185"}],"up":[{"embeddable":true,"href":"https:\/\/agora.xtec.cat\/iecadaques\/wp-json\/wp\/v2\/pages\/19"}],"wp:attachment":[{"href":"https:\/\/agora.xtec.cat\/iecadaques\/wp-json\/wp\/v2\/media?parent=39"}],"curies":[{"name":"wp","href":"https:\/\/api.w.org\/{rel}","templated":true}]}}

<p><span style="font-family: inherit; font-size: 1em;"><br />
L&#8217;edifici està construït en 3 plantes, mimetitzant-se amb l&#8217;entorn gràcies a una construcció que simula la pedra seca típica de Cadaqués.</span></p>
<p><a href="https://agora.xtec.cat/iecadaques/wp-content/uploads/usu1969/2019/02/porta-principal.jpg"><img loading="lazy" decoding="async" class="alignnone wp-image-706 size-full" src="https://agora.xtec.cat/iecadaques/wp-content/uploads/usu1969/2019/02/porta-principal-e1611090374586.jpg" alt="" width="1105" height="816" srcset="https://agora.xtec.cat/iecadaques/wp-content/uploads/usu1969/2019/02/porta-principal-e1611090374586.jpg 1105w, https://agora.xtec.cat/iecadaques/wp-content/uploads/usu1969/2019/02/porta-principal-e1611090374586-300x222.jpg 300w, https://agora.xtec.cat/iecadaques/wp-content/uploads/usu1969/2019/02/porta-principal-e1611090374586-768x567.jpg 768w, https://agora.xtec.cat/iecadaques/wp-content/uploads/usu1969/2019/02/porta-principal-e1611090374586-1024x756.jpg 1024w" sizes="auto, (max-width: 1105px) 100vw, 1105px" /></a></p>
<table style="border-collapse: collapse; width: 100%; height: 186px;" border="1">
<tbody>
<tr style="height: 108px;">
<td style="width: 50%; height: 108px;"><a href="https://agora.xtec.cat/iecadaques/wp-content/uploads/usu1969/2019/02/biblioteca-1.jpg"><img loading="lazy" decoding="async" class="alignnone size-large wp-image-775" src="https://agora.xtec.cat/iecadaques/wp-content/uploads/usu1969/2019/02/biblioteca-1-1024x596.jpg" alt="" width="1024" height="596" srcset="https://agora.xtec.cat/iecadaques/wp-content/uploads/usu1969/2019/02/biblioteca-1-1024x596.jpg 1024w, https://agora.xtec.cat/iecadaques/wp-content/uploads/usu1969/2019/02/biblioteca-1-300x175.jpg 300w, https://agora.xtec.cat/iecadaques/wp-content/uploads/usu1969/2019/02/biblioteca-1-768x447.jpg 768w, https://agora.xtec.cat/iecadaques/wp-content/uploads/usu1969/2019/02/biblioteca-1.jpg 1108w" sizes="auto, (max-width: 1024px) 100vw, 1024px" /></a></td>
<td style="width: 50%; height: 108px;"><a href="https://agora.xtec.cat/iecadaques/wp-content/uploads/usu1969/2019/10/stick2.jpg"><img loading="lazy" decoding="async" class="alignnone size-full wp-image-990" src="https://agora.xtec.cat/iecadaques/wp-content/uploads/usu1969/2019/10/stick2.jpg" alt="" width="3481" height="1861" srcset="https://agora.xtec.cat/iecadaques/wp-content/uploads/usu1969/2019/10/stick2.jpg 3481w, https://agora.xtec.cat/iecadaques/wp-content/uploads/usu1969/2019/10/stick2-300x160.jpg 300w, https://agora.xtec.cat/iecadaques/wp-content/uploads/usu1969/2019/10/stick2-768x411.jpg 768w, https://agora.xtec.cat/iecadaques/wp-content/uploads/usu1969/2019/10/stick2-1024x547.jpg 1024w" sizes="auto, (max-width: 3481px) 100vw, 3481px" /></a></td>
</tr>
</tbody>
</table>

<p>L&#8217;edifici està construït en 3 plantes, mimetitzant-se amb l&#8217;entorn gràcies a una construcció que simula la pedra seca típica de Cadaqués.<br />
<a href="https://agora.xtec.cat/iecadaques/wp-content/uploads/usu1969/2019/02/porta-principal.jpg"></a></p>
<p><a href="https://agora.xtec.cat/iecadaques/wp-content/uploads/usu1969/2019/02/biblioteca-1.jpg"></a><br />
<a href="https://agora.xtec.cat/iecadaques/wp-content/uploads/usu1969/2019/10/stick2.jpg"></a></p>
