{"id":19286,"date":"2020-10-13T20:24:40","date_gmt":"2020-10-13T18:24:40","guid":{"rendered":"https:\/\/agora.xtec.cat\/iecadaques\/?page_id=19286"},"modified":"2023-03-22T14:08:39","modified_gmt":"2023-03-22T13:08:39","slug":"preinscripcio-i-matricula","status":"publish","type":"page","link":"https:\/\/agora.xtec.cat\/iecadaques\/secretaria\/preinscripcio-i-matricula\/","title":{"rendered":"Preinscripci\u00f3 i matr\u00edcula"},"content":{"rendered":"<p>Si ets fam\u00edlia de l&#8217;alumnat que iniciar\u00e0 l&#8217;escolaritzaci\u00f3 a P3 es proper curs 23-24, pots consultar la informaci\u00f3 disponible a la web del Departament d&#8217;Ensenyament: <a href=\"https:\/\/preinscripcio.gencat.cat\/ca\/inici\/\">Preinscripci\u00f3 curs 2023-2024 \ud83d\udd17<\/a><\/p>\n<p><a href=\"https:\/\/preinscripcio.gencat.cat\/ca\/inici\/\"><img decoding=\"async\" src=\"https:\/\/preinscripcio.gencat.cat\/web\/.content\/inici\/imatge-impacte1900x372.jpg\" alt=\" Benvinguts al nou portal de preinscripci\u00c3\u00b3 del Departament d\u00e2\u0080\u0099Educaci\u00c3\u00b3\" \/><\/a><\/p>\n<h5>Preinscripci\u00f3 a PRIM\u00c0RIA i a SECUND\u00c0RIA (ESO) \u00b7 <strong>del 8 al 20 de mar\u00e7 de 2023<\/strong><\/h5>\n<ul>\n<li><a href=\"https:\/\/preinscripcio.gencat.cat\/ca\/estudis\/primaria\/preinscriute\/sollicitud\/\">Sol\u00b7licitud Preinscripci\u00f3 PRIM\u00c0RIA curs 2023-2024<\/a>\ud83d\udd17<\/li>\n<li><a href=\"https:\/\/preinscripcio.gencat.cat\/ca\/estudis\/eso\/preinscriute\/sollicitud\/\"><strong>Sol\u00b7licitud Preinscripci\u00f3 SECUND\u00c0RIA curs 2023-2024<\/strong><\/a>\ud83d\udd17<\/li>\n<\/ul>\n<h5>Informaci\u00f3, per a fam\u00edlies, dels requisits per a la preinscripci\u00f3 a P3 \u00b7 <strong>del 6 al 20 de mar\u00e7 de 2023<\/strong><\/h5>\n<ul>\n<li><strong><strong><a href=\"https:\/\/agora.xtec.cat\/iecadaques\/wp-content\/uploads\/usu1969\/2023\/03\/PREINSCRIPCIO-P3.pdf\">Informaci\u00f3 IE Caritat Serinyana Cap de Creus PREINSCRIPCIO P3 2023-2024\ud83d\udd17<\/a><\/strong><\/strong><\/li>\n<li><strong><strong><a href=\"https:\/\/preinscripcio.gencat.cat\/ca\/estudis\/infantil-3-6\/preinscriute\/sollicitud\/\">Sol\u00b7licitud Preinsripci\u00f3 P3 2023-2024 \ud83d\udd17<\/a><\/strong><\/strong><\/li>\n<\/ul>\n<h5>Documents PDF<\/h5>\n<ul>\n<li><a href=\"https:\/\/agora.xtec.cat\/iecadaques\/wp-content\/uploads\/usu1969\/2023\/03\/01-Sollicitud-dadmissio-als-ensenyaments.pdf\">Sol\u00b7licitud admissi\u00f3 durant el curs PRIM\u00c0RIA i ESO<\/a><\/li>\n<\/ul>\n<p>&nbsp;<\/p>\n<p>Altres informacions:<\/p>\n<h6><a href=\"https:\/\/agora.xtec.cat\/iecadaques\/categoria\/orientacio\/\">ORIENTACI\u00d3 ACAD\u00c8MICA I PROFESSIONAL<\/a><\/h6>\n<h6><strong><a style=\"font-family: inherit; font-size: 1em; font-weight: normal;\" href=\"https:\/\/triaeducativa.gencat.cat\/ca\/inici\/\">TRIA EDUCATIVA<\/a><\/strong><\/h6>\n","protected":false},"excerpt":{"rendered":"<p>Si ets fam\u00edlia de l&#8217;alumnat que iniciar\u00e0 l&#8217;escolaritzaci\u00f3 a P3 es proper curs 23-24, pots consultar la informaci\u00f3 disponible a la web del Departament d&#8217;Ensenyament: <a href=\"https:\/\/preinscripcio.gencat.cat\/ca\/inici\/\">Preinscripci\u00f3 curs 2023-2024 \ud83d\udd17<\/a><br \/>\n<a href=\"https:\/\/preinscripcio.gencat.cat\/ca\/inici\/\"><\/a><br \/>\nPreinscripci\u00f3 a PRIM\u00c0RIA i a SECUND\u00c0RIA (ESO) \u00b7 del 8 al 20 de mar\u00e7 de&hellip;  <a href=\"https:\/\/agora.xtec.cat\/iecadaques\/secretaria\/preinscripcio-i-matricula\/\" title=\"Read Preinscripci\u00f3 i matr\u00edcula\">Llegeix m\u00e9s\u00bb<\/a><\/p>\n","protected":false},"author":1,"featured_media":0,"parent":81,"menu_order":0,"comment_status":"closed","ping_status":"closed","template":"","meta":{"_bbp_topic_count":0,"_bbp_reply_count":0,"_bbp_total_topic_count":0,"_bbp_total_reply_count":0,"_bbp_voice_count":0,"_bbp_anonymous_reply_count":0,"_bbp_topic_count_hidden":0,"_bbp_reply_count_hidden":0,"_bbp_forum_subforum_count":0,"footnotes":""},"class_list":["post-19286","page","type-page","status-publish","hentry"],"post_mailing_queue_ids":[],"_links":{"self":[{"href":"https:\/\/agora.xtec.cat\/iecadaques\/wp-json\/wp\/v2\/pages\/19286","targetHints":{"allow":["GET"]}}],"collection":[{"href":"https:\/\/agora.xtec.cat\/iecadaques\/wp-json\/wp\/v2\/pages"}],"about":[{"href":"https:\/\/agora.xtec.cat\/iecadaques\/wp-json\/wp\/v2\/types\/page"}],"author":[{"embeddable":true,"href":"https:\/\/agora.xtec.cat\/iecadaques\/wp-json\/wp\/v2\/users\/1"}],"replies":[{"embeddable":true,"href":"https:\/\/agora.xtec.cat\/iecadaques\/wp-json\/wp\/v2\/comments?post=19286"}],"version-history":[{"count":3,"href":"https:\/\/agora.xtec.cat\/iecadaques\/wp-json\/wp\/v2\/pages\/19286\/revisions"}],"predecessor-version":[{"id":23971,"href":"https:\/\/agora.xtec.cat\/iecadaques\/wp-json\/wp\/v2\/pages\/19286\/revisions\/23971"}],"up":[{"embeddable":true,"href":"https:\/\/agora.xtec.cat\/iecadaques\/wp-json\/wp\/v2\/pages\/81"}],"wp:attachment":[{"href":"https:\/\/agora.xtec.cat\/iecadaques\/wp-json\/wp\/v2\/media?parent=19286"}],"curies":[{"name":"wp","href":"https:\/\/api.w.org\/{rel}","templated":true}]}}

Preinscripció i matrícula

<p>Si ets família de l&#8217;alumnat que iniciarà l&#8217;escolarització a P3 es proper curs 23-24, pots consultar la informació disponible a la web del Departament d&#8217;Ensenyament: <a href="https://preinscripcio.gencat.cat/ca/inici/">Preinscripció curs 2023-2024 🔗</a></p>
<p><a href="https://preinscripcio.gencat.cat/ca/inici/"><img decoding="async" src="https://preinscripcio.gencat.cat/web/.content/inici/imatge-impacte1900x372.jpg" alt=" Benvinguts al nou portal de preinscripciÃ³ del Departament dâEducaciÃ³" /></a></p>
<h5>Preinscripció a PRIMÀRIA i a SECUNDÀRIA (ESO) · <strong>del 8 al 20 de març de 2023</strong></h5>
<ul>
<li><a href="https://preinscripcio.gencat.cat/ca/estudis/primaria/preinscriute/sollicitud/">Sol·licitud Preinscripció PRIMÀRIA curs 2023-2024</a>🔗</li>
<li><a href="https://preinscripcio.gencat.cat/ca/estudis/eso/preinscriute/sollicitud/"><strong>Sol·licitud Preinscripció SECUNDÀRIA curs 2023-2024</strong></a>🔗</li>
</ul>
<h5>Informació, per a famílies, dels requisits per a la preinscripció a P3 · <strong>del 6 al 20 de març de 2023</strong></h5>
<ul>
<li><strong><strong><a href="https://agora.xtec.cat/iecadaques/wp-content/uploads/usu1969/2023/03/PREINSCRIPCIO-P3.pdf">Informació IE Caritat Serinyana Cap de Creus PREINSCRIPCIO P3 2023-2024🔗</a></strong></strong></li>
<li><strong><strong><a href="https://preinscripcio.gencat.cat/ca/estudis/infantil-3-6/preinscriute/sollicitud/">Sol·licitud Preinsripció P3 2023-2024 🔗</a></strong></strong></li>
</ul>
<h5>Documents PDF</h5>
<ul>
<li><a href="https://agora.xtec.cat/iecadaques/wp-content/uploads/usu1969/2023/03/01-Sollicitud-dadmissio-als-ensenyaments.pdf">Sol·licitud admissió durant el curs PRIMÀRIA i ESO</a></li>
</ul>
<p>&nbsp;</p>
<p>Altres informacions:</p>
<h6><a href="https://agora.xtec.cat/iecadaques/categoria/orientacio/">ORIENTACIÓ ACADÈMICA I PROFESSIONAL</a></h6>
<h6><strong><a style="font-family: inherit; font-size: 1em; font-weight: normal;" href="https://triaeducativa.gencat.cat/ca/inici/">TRIA EDUCATIVA</a></strong></h6>

<p>Si ets família de l&#8217;alumnat que iniciarà l&#8217;escolarització a P3 es proper curs 23-24, pots consultar la informació disponible a la web del Departament d&#8217;Ensenyament: <a href="https://preinscripcio.gencat.cat/ca/inici/">Preinscripció curs 2023-2024 🔗</a><br />
<a href="https://preinscripcio.gencat.cat/ca/inici/"></a><br />
Preinscripció a PRIMÀRIA i a SECUNDÀRIA (ESO) · del 8 al 20 de març de&hellip;  <a href="https://agora.xtec.cat/iecadaques/secretaria/preinscripcio-i-matricula/" title="Read Preinscripció i matrícula">Llegeix més»</a></p>
