{"id":19,"date":"2014-09-17T14:56:56","date_gmt":"2014-09-17T14:56:56","guid":{"rendered":"http:\/\/agora.xtec.cat\/iecadaques\/?page_id=19"},"modified":"2020-10-02T22:19:10","modified_gmt":"2020-10-02T20:19:10","slug":"linstitut","status":"publish","type":"page","link":"https:\/\/agora.xtec.cat\/iecadaques\/linstitut\/","title":{"rendered":"L&#8217;Institut Escola"},"content":{"rendered":"<p>Mos trobem as poble costaner de Cadaqu\u00e9s, llar d\u2019artistes i refugi dalini\u00e0, situat al Parc Natural del Cap de Creus (Alt Empord\u00e0).<\/p>\n<h5>Hist\u00f2ria de l&#8217;Escola Caritat Serinyana<\/h5>\n<p>L&#8217;escola va ser inaugurada l\u2019any 1917 sobre es terrenys que don\u00e0 altru\u00efstament el marit de Caritat Serinyana, qui don\u00e0 nom al centre. Despr\u00e9s de m\u00faltiples reformes i ampliacions, el 2006 l&#8217;activitat escolar es despla\u00e7\u00e0 provisionalment en barracons prefabricats fins al lliurament de l&#8217;edifici renovat l&#8217;any 2008, on mos trobem avui en dia.<\/p>\n<h5>Hist\u00f2ria de l&#8217;Institut Cap de Creus<\/h5>\n<p>L&#8217;Institut d\u2019Ensenyament Secundari va ser creat l&#8217;any 1996 amb l&#8217;objectiu d&#8217;atendre la demanda educativa d\u2019ensenyament secundari obligatori al municipi, tot donant resposta a l\u2019a\u00efllament geogr\u00e0fic i ses dificultats de comunicaci\u00f3 amb es pobles ve\u00efns. Ses noues instal\u00b7lacions es constru\u00efren annexades a l\u2019escola del poble, on s&#8217;inici\u00e0 l&#8217;activitat l&#8217;any 2008.<\/p>\n<h5>Creaci\u00f3 de l&#8217;Institut Escola Caritat Serinyana &#8211;\u00a0 Cap de Creus<\/h5>\n<p>L&#8217;any 2020 es fusionen es dos centres educatius creant el nou Institut Escola, atenent l&#8217;alumnat des dels 3 fins als 16 anys.<\/p>\n","protected":false},"excerpt":{"rendered":"<p>Mos trobem as poble costaner de Cadaqu\u00e9s, llar d\u2019artistes i refugi dalini\u00e0, situat al Parc Natural del Cap de Creus (Alt Empord\u00e0).<br \/>\nHist\u00f2ria de l&#8217;Escola Caritat Serinyana<br \/>\nL&#8217;escola va ser inaugurada l\u2019any 1917 sobre es terrenys que don\u00e0 altru\u00efstament el marit de Caritat Serinyana, qui don\u00e0 nom&hellip;  <a href=\"https:\/\/agora.xtec.cat\/iecadaques\/linstitut\/\" title=\"Read L&#8217;Institut Escola\">Llegeix m\u00e9s\u00bb<\/a><\/p>\n","protected":false},"author":1,"featured_media":0,"parent":0,"menu_order":0,"comment_status":"closed","ping_status":"closed","template":"","meta":{"_bbp_topic_count":0,"_bbp_reply_count":0,"_bbp_total_topic_count":0,"_bbp_total_reply_count":0,"_bbp_voice_count":0,"_bbp_anonymous_reply_count":0,"_bbp_topic_count_hidden":0,"_bbp_reply_count_hidden":0,"_bbp_forum_subforum_count":0,"footnotes":""},"class_list":["post-19","page","type-page","status-publish","hentry"],"post_mailing_queue_ids":[],"_links":{"self":[{"href":"https:\/\/agora.xtec.cat\/iecadaques\/wp-json\/wp\/v2\/pages\/19","targetHints":{"allow":["GET"]}}],"collection":[{"href":"https:\/\/agora.xtec.cat\/iecadaques\/wp-json\/wp\/v2\/pages"}],"about":[{"href":"https:\/\/agora.xtec.cat\/iecadaques\/wp-json\/wp\/v2\/types\/page"}],"author":[{"embeddable":true,"href":"https:\/\/agora.xtec.cat\/iecadaques\/wp-json\/wp\/v2\/users\/1"}],"replies":[{"embeddable":true,"href":"https:\/\/agora.xtec.cat\/iecadaques\/wp-json\/wp\/v2\/comments?post=19"}],"version-history":[{"count":4,"href":"https:\/\/agora.xtec.cat\/iecadaques\/wp-json\/wp\/v2\/pages\/19\/revisions"}],"predecessor-version":[{"id":18196,"href":"https:\/\/agora.xtec.cat\/iecadaques\/wp-json\/wp\/v2\/pages\/19\/revisions\/18196"}],"wp:attachment":[{"href":"https:\/\/agora.xtec.cat\/iecadaques\/wp-json\/wp\/v2\/media?parent=19"}],"curies":[{"name":"wp","href":"https:\/\/api.w.org\/{rel}","templated":true}]}}

<p>Mos trobem as poble costaner de Cadaqués, llar d’artistes i refugi dalinià, situat al Parc Natural del Cap de Creus (Alt Empordà).</p>
<h5>Història de l&#8217;Escola Caritat Serinyana</h5>
<p>L&#8217;escola va ser inaugurada l’any 1917 sobre es terrenys que donà altruïstament el marit de Caritat Serinyana, qui donà nom al centre. Després de múltiples reformes i ampliacions, el 2006 l&#8217;activitat escolar es desplaçà provisionalment en barracons prefabricats fins al lliurament de l&#8217;edifici renovat l&#8217;any 2008, on mos trobem avui en dia.</p>
<h5>Història de l&#8217;Institut Cap de Creus</h5>
<p>L&#8217;Institut d’Ensenyament Secundari va ser creat l&#8217;any 1996 amb l&#8217;objectiu d&#8217;atendre la demanda educativa d’ensenyament secundari obligatori al municipi, tot donant resposta a l’aïllament geogràfic i ses dificultats de comunicació amb es pobles veïns. Ses noues instal·lacions es construïren annexades a l’escola del poble, on s&#8217;inicià l&#8217;activitat l&#8217;any 2008.</p>
<h5>Creació de l&#8217;Institut Escola Caritat Serinyana &#8211;  Cap de Creus</h5>
<p>L&#8217;any 2020 es fusionen es dos centres educatius creant el nou Institut Escola, atenent l&#8217;alumnat des dels 3 fins als 16 anys.</p>

<p>Mos trobem as poble costaner de Cadaqués, llar d’artistes i refugi dalinià, situat al Parc Natural del Cap de Creus (Alt Empordà).<br />
Història de l&#8217;Escola Caritat Serinyana<br />
L&#8217;escola va ser inaugurada l’any 1917 sobre es terrenys que donà altruïstament el marit de Caritat Serinyana, qui donà nom&hellip;  <a href="https://agora.xtec.cat/iecadaques/linstitut/" title="Read L&#8217;Institut Escola">Llegeix més»</a></p>
