{"id":18772,"date":"2020-10-05T21:53:44","date_gmt":"2020-10-05T19:53:44","guid":{"rendered":"https:\/\/agora.xtec.cat\/iecadaques\/?page_id=18772"},"modified":"2023-04-24T12:29:43","modified_gmt":"2023-04-24T10:29:43","slug":"estrategia-digital-de-centre","status":"publish","type":"page","link":"https:\/\/agora.xtec.cat\/iecadaques\/projecte-educatiu\/pec\/estrategia-digital-de-centre\/","title":{"rendered":"Estrat\u00e8gia Digital de Centre | EDC"},"content":{"rendered":"<p>A continuaci\u00f3 presentem l&#8217;Estrat\u00e8gia Digital de Centre (EDC), el document que concreta les l\u00ednies d&#8217;actuaci\u00f3 del centre orientades a l&#8217;assoliment de la compet\u00e8ncia digital docent tant per part dels i les alumnes com per part de l&#8217;equip docent.<\/p>\n<h5><a href=\"https:\/\/sites.google.com\/iecadaques.cat\/ie-cadaques\/p%C3%A0gina-principal\">ENLLA\u00c7 A L&#8217;EDC DEL CENTRE\u00a0<\/a><\/h5>\n<p>&nbsp;<\/p>\n","protected":false},"excerpt":{"rendered":"<p>A continuaci\u00f3 presentem l&#8217;Estrat\u00e8gia Digital de Centre (EDC), el document que concreta les l\u00ednies d&#8217;actuaci\u00f3 del centre orientades a l&#8217;assoliment de la compet\u00e8ncia digital docent tant per part dels i les alumnes com per part de l&#8217;equip docent.<br \/>\n<a href=\"https:\/\/sites.google.com\/iecadaques.cat\/ie-cadaques\/p%C3%A0gina-principal\">ENLLA\u00c7 A L&#8217;EDC DEL CENTRE\u00a0<\/a><br \/>\n&nbsp;<\/p>\n","protected":false},"author":1,"featured_media":0,"parent":712,"menu_order":2,"comment_status":"closed","ping_status":"closed","template":"","meta":{"_bbp_topic_count":0,"_bbp_reply_count":0,"_bbp_total_topic_count":0,"_bbp_total_reply_count":0,"_bbp_voice_count":0,"_bbp_anonymous_reply_count":0,"_bbp_topic_count_hidden":0,"_bbp_reply_count_hidden":0,"_bbp_forum_subforum_count":0,"footnotes":""},"class_list":["post-18772","page","type-page","status-publish","hentry"],"post_mailing_queue_ids":[],"_links":{"self":[{"href":"https:\/\/agora.xtec.cat\/iecadaques\/wp-json\/wp\/v2\/pages\/18772","targetHints":{"allow":["GET"]}}],"collection":[{"href":"https:\/\/agora.xtec.cat\/iecadaques\/wp-json\/wp\/v2\/pages"}],"about":[{"href":"https:\/\/agora.xtec.cat\/iecadaques\/wp-json\/wp\/v2\/types\/page"}],"author":[{"embeddable":true,"href":"https:\/\/agora.xtec.cat\/iecadaques\/wp-json\/wp\/v2\/users\/1"}],"replies":[{"embeddable":true,"href":"https:\/\/agora.xtec.cat\/iecadaques\/wp-json\/wp\/v2\/comments?post=18772"}],"version-history":[{"count":3,"href":"https:\/\/agora.xtec.cat\/iecadaques\/wp-json\/wp\/v2\/pages\/18772\/revisions"}],"predecessor-version":[{"id":24047,"href":"https:\/\/agora.xtec.cat\/iecadaques\/wp-json\/wp\/v2\/pages\/18772\/revisions\/24047"}],"up":[{"embeddable":true,"href":"https:\/\/agora.xtec.cat\/iecadaques\/wp-json\/wp\/v2\/pages\/712"}],"wp:attachment":[{"href":"https:\/\/agora.xtec.cat\/iecadaques\/wp-json\/wp\/v2\/media?parent=18772"}],"curies":[{"name":"wp","href":"https:\/\/api.w.org\/{rel}","templated":true}]}}

Estratègia Digital de Centre | EDC

<p>A continuació presentem l&#8217;Estratègia Digital de Centre (EDC), el document que concreta les línies d&#8217;actuació del centre orientades a l&#8217;assoliment de la competència digital docent tant per part dels i les alumnes com per part de l&#8217;equip docent.</p>
<h5><a href="https://sites.google.com/iecadaques.cat/ie-cadaques/p%C3%A0gina-principal">ENLLAÇ A L&#8217;EDC DEL CENTRE </a></h5>
<p>&nbsp;</p>

<p>A continuació presentem l&#8217;Estratègia Digital de Centre (EDC), el document que concreta les línies d&#8217;actuació del centre orientades a l&#8217;assoliment de la competència digital docent tant per part dels i les alumnes com per part de l&#8217;equip docent.<br />
<a href="https://sites.google.com/iecadaques.cat/ie-cadaques/p%C3%A0gina-principal">ENLLAÇ A L&#8217;EDC DEL CENTRE </a><br />
&nbsp;</p>
