{"id":18744,"date":"2020-10-03T14:30:18","date_gmt":"2020-10-03T12:30:18","guid":{"rendered":"https:\/\/agora.xtec.cat\/iecadaques\/?page_id=18744"},"modified":"2022-09-14T11:09:15","modified_gmt":"2022-09-14T09:09:15","slug":"projecte-linguistic-de-centre-plc","status":"publish","type":"page","link":"https:\/\/agora.xtec.cat\/iecadaques\/projecte-educatiu\/pec\/projecte-linguistic-de-centre-plc\/","title":{"rendered":"Projecte Ling\u00fc\u00edstic de Centre | PLC"},"content":{"rendered":"<p>Aquest document recull el tractament de les lleng\u00fces al centre d\u2019acord amb la normativa vigent, que es concreta a partir de la realitat socioling\u00fc\u00edstica de l\u2019entorn.<\/p>\n<h5>Projecte ling\u00fc\u00edstic de l&#8217;Institut Escola<\/h5>\n<p><object style=\"width: 800px; height: 600px;\" data=\"https:\/\/agora.xtec.cat\/iecadaques\/wp-content\/uploads\/usu1969\/2022\/09\/PLinguisticC-Institut-Escola.pdf&quot;\" width=\"300\" height=\"150\"><\/object><\/p>\n","protected":false},"excerpt":{"rendered":"<p>Aquest document recull el tractament de les lleng\u00fces al centre d\u2019acord amb la normativa vigent, que es concreta a partir de la realitat socioling\u00fc\u00edstica de l\u2019entorn.<br \/>\nProjecte ling\u00fc\u00edstic de l&#8217;Institut Escola<\/p>\n","protected":false},"author":1,"featured_media":0,"parent":712,"menu_order":1,"comment_status":"closed","ping_status":"closed","template":"","meta":{"_bbp_topic_count":0,"_bbp_reply_count":0,"_bbp_total_topic_count":0,"_bbp_total_reply_count":0,"_bbp_voice_count":0,"_bbp_anonymous_reply_count":0,"_bbp_topic_count_hidden":0,"_bbp_reply_count_hidden":0,"_bbp_forum_subforum_count":0,"footnotes":""},"class_list":["post-18744","page","type-page","status-publish","hentry"],"post_mailing_queue_ids":[],"_links":{"self":[{"href":"https:\/\/agora.xtec.cat\/iecadaques\/wp-json\/wp\/v2\/pages\/18744","targetHints":{"allow":["GET"]}}],"collection":[{"href":"https:\/\/agora.xtec.cat\/iecadaques\/wp-json\/wp\/v2\/pages"}],"about":[{"href":"https:\/\/agora.xtec.cat\/iecadaques\/wp-json\/wp\/v2\/types\/page"}],"author":[{"embeddable":true,"href":"https:\/\/agora.xtec.cat\/iecadaques\/wp-json\/wp\/v2\/users\/1"}],"replies":[{"embeddable":true,"href":"https:\/\/agora.xtec.cat\/iecadaques\/wp-json\/wp\/v2\/comments?post=18744"}],"version-history":[{"count":4,"href":"https:\/\/agora.xtec.cat\/iecadaques\/wp-json\/wp\/v2\/pages\/18744\/revisions"}],"predecessor-version":[{"id":23727,"href":"https:\/\/agora.xtec.cat\/iecadaques\/wp-json\/wp\/v2\/pages\/18744\/revisions\/23727"}],"up":[{"embeddable":true,"href":"https:\/\/agora.xtec.cat\/iecadaques\/wp-json\/wp\/v2\/pages\/712"}],"wp:attachment":[{"href":"https:\/\/agora.xtec.cat\/iecadaques\/wp-json\/wp\/v2\/media?parent=18744"}],"curies":[{"name":"wp","href":"https:\/\/api.w.org\/{rel}","templated":true}]}}

Projecte Lingüístic de Centre | PLC

<p>Aquest document recull el tractament de les llengües al centre d’acord amb la normativa vigent, que es concreta a partir de la realitat sociolingüística de l’entorn.</p>
<h5>Projecte lingüístic de l&#8217;Institut Escola</h5>
<p><object style="width: 800px; height: 600px;" data="https://agora.xtec.cat/iecadaques/wp-content/uploads/usu1969/2022/09/PLinguisticC-Institut-Escola.pdf&quot;" width="300" height="150"></object></p>

<p>Aquest document recull el tractament de les llengües al centre d’acord amb la normativa vigent, que es concreta a partir de la realitat sociolingüística de l’entorn.<br />
Projecte lingüístic de l&#8217;Institut Escola</p>
