{"id":18430,"date":"2020-09-29T19:41:43","date_gmt":"2020-09-29T17:41:43","guid":{"rendered":"https:\/\/agora.xtec.cat\/iecadaques\/?page_id=18430"},"modified":"2024-09-09T15:20:17","modified_gmt":"2024-09-09T13:20:17","slug":"menjador","status":"publish","type":"page","link":"https:\/\/agora.xtec.cat\/iecadaques\/serveis\/menjador\/","title":{"rendered":"Menjador escolar"},"content":{"rendered":"<h4 style=\"text-align: center;\"><\/h4>\n<p><strong>El servei de menjador el gestiona el Consell Comarcal de l&#8217;Alt Empord\u00e0. <\/strong>Aquest curs, el servei de menjador estar\u00e0 gestionat per l&#8217;empresa <strong>Seruni\u00f3n.<\/strong><\/p>\n<p>Aquesta empresa disposa d&#8217;una <strong>App<\/strong>, a trav\u00e9s de la qual realitzareu <strong>tots els tr\u00e0mits<\/strong> de registre d&#8217;usuari, inscripci\u00f3, consulta de preus i normativa i tot all\u00f2 que pugui afectar el servei. A continuaci\u00f3 podeu consultar un PDF amb les instruccions per registrar-vos a l&#8217;App.<\/p>\n<p><a href=\"https:\/\/agora.xtec.cat\/iecadaques\/wp-content\/uploads\/usu1969\/2024\/09\/Ins-Escola-Caritat-Serinyana-24-25.pdf\">Ins Escola Caritat Serinyana 24-25<\/a><\/p>\n<p>En aquesta p\u00e0gina podeu accedir a les <a href=\"https:\/\/agora.xtec.cat\/iecadaques\/families-i-institut-escola\/beques-i-ajuts\/\">BEQUES I AJUTS<\/a> de menjador.<\/p>\n<p>A m\u00e9s, podeu accedir a la <strong><a href=\"http:\/\/www.altemporda.org\/portal\/cultura-i-ensenyament\/ensenyament\/menjador-escolar\">web del Consell Comarcal de l&#8217;Alt Empord\u00e0<\/a>\u00a0<\/strong><\/p>\n<p>&nbsp;<\/p>\n<p>&nbsp;<\/p>\n","protected":false},"excerpt":{"rendered":"<p>El servei de menjador el gestiona el Consell Comarcal de l&#8217;Alt Empord\u00e0. Aquest curs, el servei de menjador estar\u00e0 gestionat per l&#8217;empresa Seruni\u00f3n.<br \/>\nAquesta empresa disposa d&#8217;una App, a trav\u00e9s de la qual realitzareu tots els tr\u00e0mits de registre d&#8217;usuari, inscripci\u00f3, consulta de preus i normativa&hellip;  <a href=\"https:\/\/agora.xtec.cat\/iecadaques\/serveis\/menjador\/\" title=\"Read Menjador escolar\">Llegeix m\u00e9s\u00bb<\/a><\/p>\n","protected":false},"author":1,"featured_media":0,"parent":63,"menu_order":1,"comment_status":"closed","ping_status":"closed","template":"","meta":{"_bbp_topic_count":0,"_bbp_reply_count":0,"_bbp_total_topic_count":0,"_bbp_total_reply_count":0,"_bbp_voice_count":0,"_bbp_anonymous_reply_count":0,"_bbp_topic_count_hidden":0,"_bbp_reply_count_hidden":0,"_bbp_forum_subforum_count":0,"footnotes":""},"class_list":["post-18430","page","type-page","status-publish","hentry"],"post_mailing_queue_ids":[],"_links":{"self":[{"href":"https:\/\/agora.xtec.cat\/iecadaques\/wp-json\/wp\/v2\/pages\/18430","targetHints":{"allow":["GET"]}}],"collection":[{"href":"https:\/\/agora.xtec.cat\/iecadaques\/wp-json\/wp\/v2\/pages"}],"about":[{"href":"https:\/\/agora.xtec.cat\/iecadaques\/wp-json\/wp\/v2\/types\/page"}],"author":[{"embeddable":true,"href":"https:\/\/agora.xtec.cat\/iecadaques\/wp-json\/wp\/v2\/users\/1"}],"replies":[{"embeddable":true,"href":"https:\/\/agora.xtec.cat\/iecadaques\/wp-json\/wp\/v2\/comments?post=18430"}],"version-history":[{"count":7,"href":"https:\/\/agora.xtec.cat\/iecadaques\/wp-json\/wp\/v2\/pages\/18430\/revisions"}],"predecessor-version":[{"id":24510,"href":"https:\/\/agora.xtec.cat\/iecadaques\/wp-json\/wp\/v2\/pages\/18430\/revisions\/24510"}],"up":[{"embeddable":true,"href":"https:\/\/agora.xtec.cat\/iecadaques\/wp-json\/wp\/v2\/pages\/63"}],"wp:attachment":[{"href":"https:\/\/agora.xtec.cat\/iecadaques\/wp-json\/wp\/v2\/media?parent=18430"}],"curies":[{"name":"wp","href":"https:\/\/api.w.org\/{rel}","templated":true}]}}

<h4 style="text-align: center;"></h4>
<p><strong>El servei de menjador el gestiona el Consell Comarcal de l&#8217;Alt Empordà. </strong>Aquest curs, el servei de menjador estarà gestionat per l&#8217;empresa <strong>Serunión.</strong></p>
<p>Aquesta empresa disposa d&#8217;una <strong>App</strong>, a través de la qual realitzareu <strong>tots els tràmits</strong> de registre d&#8217;usuari, inscripció, consulta de preus i normativa i tot allò que pugui afectar el servei. A continuació podeu consultar un PDF amb les instruccions per registrar-vos a l&#8217;App.</p>
<p><a href="https://agora.xtec.cat/iecadaques/wp-content/uploads/usu1969/2024/09/Ins-Escola-Caritat-Serinyana-24-25.pdf">Ins Escola Caritat Serinyana 24-25</a></p>
<p>En aquesta pàgina podeu accedir a les <a href="https://agora.xtec.cat/iecadaques/families-i-institut-escola/beques-i-ajuts/">BEQUES I AJUTS</a> de menjador.</p>
<p>A més, podeu accedir a la <strong><a href="http://www.altemporda.org/portal/cultura-i-ensenyament/ensenyament/menjador-escolar">web del Consell Comarcal de l&#8217;Alt Empordà</a> </strong></p>
<p>&nbsp;</p>
<p>&nbsp;</p>

<p>El servei de menjador el gestiona el Consell Comarcal de l&#8217;Alt Empordà. Aquest curs, el servei de menjador estarà gestionat per l&#8217;empresa Serunión.<br />
Aquesta empresa disposa d&#8217;una App, a través de la qual realitzareu tots els tràmits de registre d&#8217;usuari, inscripció, consulta de preus i normativa&hellip;  <a href="https://agora.xtec.cat/iecadaques/serveis/menjador/" title="Read Menjador escolar">Llegeix més»</a></p>
