{"id":18289,"date":"2020-09-23T21:42:07","date_gmt":"2020-09-23T19:42:07","guid":{"rendered":"https:\/\/agora.xtec.cat\/iecadaques\/?page_id=18289"},"modified":"2023-11-23T14:20:17","modified_gmt":"2023-11-23T13:20:17","slug":"afa","status":"publish","type":"page","link":"https:\/\/agora.xtec.cat\/iecadaques\/families-i-institut-escola\/afa\/","title":{"rendered":"Associaci\u00f3 de Fam\u00edlies d&#8217;Alumnes | AFA"},"content":{"rendered":"<p>L&#8217;AFA \u00e9s l&#8217;associaci\u00f3 de fam\u00edlies de l&#8217;Institut Escola en col\u00b7laboraci\u00f3 amb el centre escolar.<\/p>\n<h5>Quotes<\/h5>\n<ul>\n<li>Quota d&#8217;associaci\u00f3: 25\u20ac\/curs.<\/li>\n<li>Germans\/es seg\u00fcents: 15\u20ac\/curs.<\/li>\n<\/ul>\n<h5>Avantatges d&#8217;associar-se<\/h5>\n<ul>\n<li>Llibres i quaderns: Descompte entre el 15% i el 20%.<\/li>\n<li>Agenda i paquet de 500 fulls DIN A4: Gratu\u00efts.<\/li>\n<li>Bates: Descompte del 10%.<\/li>\n<li>Sortides i col\u00f2nies escolars: Subvenci\u00f3 de 15\u20ac\/curs i aportaci\u00f3 de 5\u20ac per s&#8217;activitat de piscina en horari escolar.<\/li>\n<li>Activitat aqu\u00e0tica extraescolar: Descompte de 6\u20ac\/trimestre.<\/li>\n<\/ul>\n<h5>Activitats organitzades per l&#8217;AFA (poden produir-se variacions durant el curs)<\/h5>\n<ul>\n<li>Activitats extraescolars: Piscina, teatre i altres possibles.<\/li>\n<li>Esmorzars de celebracions: Castanyada, Nadal, Carnaval i festa de fi de curs.<\/li>\n<li>Sorteig de Nadal: Rifa d&#8217;una panera.<\/li>\n<li>Festa de fi de curs: Activitat o espectacle.<\/li>\n<\/ul>\n<h5>Representats de la Junta<\/h5>\n<ul>\n<li>Presidenta: Virginie Chantal Gourdouze<\/li>\n<li>Sotspresidenta: \u00a0Teresa Madrid<\/li>\n<li>Secret\u00e0ria: \u00a0 Paola Puccierelli<\/li>\n<li>Vocals: Conchi Gibernau, Ivan Prudkin, Cristina Peremateu, Paola Puccierelli, Raquel Castillo, Laura Moscard\u00f3, Rub\u00e9n Mora<\/li>\n<\/ul>\n<h5>Contacte<\/h5>\n<p>671.094.818 \u00b7 <a href=\"mailto:afaiecadaques@gmail.com\">afaiecadaques@gmail.com<\/a><\/p>\n","protected":false},"excerpt":{"rendered":"<p>L&#8217;AFA \u00e9s l&#8217;associaci\u00f3 de fam\u00edlies de l&#8217;Institut Escola en col\u00b7laboraci\u00f3 amb el centre escolar.<br \/>\nQuotes<\/p>\n<ul>\n<li>Quota d&#8217;associaci\u00f3: 25\u20ac\/curs.<\/li>\n<li>Germans\/es seg\u00fcents: 15\u20ac\/curs.<\/li>\n<\/ul>\n<p>Avantatges d&#8217;associar-se<\/p>\n<ul>\n<li>Llibres i quaderns: Descompte entre el 15% i el 20%.<\/li>\n<li>Agenda i paquet de 500 fulls DIN A4: Gratu\u00efts.<\/li>\n<li>Bates: Descompte del 10%.<\/li>\n<li>Sortides i col\u00f2nies escolars: Subvenci\u00f3 de 15\u20ac\/curs&hellip;  <a href=\"https:\/\/agora.xtec.cat\/iecadaques\/families-i-institut-escola\/afa\/\" title=\"Read Associaci\u00f3 de Fam\u00edlies d&#8217;Alumnes | AFA\">Llegeix m\u00e9s\u00bb<\/a><br \/>\n","protected":false},"author":1,"featured_media":0,"parent":18879,"menu_order":1,"comment_status":"closed","ping_status":"closed","template":"","meta":{"_bbp_topic_count":0,"_bbp_reply_count":0,"_bbp_total_topic_count":0,"_bbp_total_reply_count":0,"_bbp_voice_count":0,"_bbp_anonymous_reply_count":0,"_bbp_topic_count_hidden":0,"_bbp_reply_count_hidden":0,"_bbp_forum_subforum_count":0,"footnotes":""},"class_list":["post-18289","page","type-page","status-publish","hentry"],"post_mailing_queue_ids":[],"_links":{"self":[{"href":"https:\/\/agora.xtec.cat\/iecadaques\/wp-json\/wp\/v2\/pages\/18289","targetHints":{"allow":["GET"]}}],"collection":[{"href":"https:\/\/agora.xtec.cat\/iecadaques\/wp-json\/wp\/v2\/pages"}],"about":[{"href":"https:\/\/agora.xtec.cat\/iecadaques\/wp-json\/wp\/v2\/types\/page"}],"author":[{"embeddable":true,"href":"https:\/\/agora.xtec.cat\/iecadaques\/wp-json\/wp\/v2\/users\/1"}],"replies":[{"embeddable":true,"href":"https:\/\/agora.xtec.cat\/iecadaques\/wp-json\/wp\/v2\/comments?post=18289"}],"version-history":[{"count":5,"href":"https:\/\/agora.xtec.cat\/iecadaques\/wp-json\/wp\/v2\/pages\/18289\/revisions"}],"predecessor-version":[{"id":24250,"href":"https:\/\/agora.xtec.cat\/iecadaques\/wp-json\/wp\/v2\/pages\/18289\/revisions\/24250"}],"up":[{"embeddable":true,"href":"https:\/\/agora.xtec.cat\/iecadaques\/wp-json\/wp\/v2\/pages\/18879"}],"wp:attachment":[{"href":"https:\/\/agora.xtec.cat\/iecadaques\/wp-json\/wp\/v2\/media?parent=18289"}],"curies":[{"name":"wp","href":"https:\/\/api.w.org\/{rel}","templated":true}]}}

Associació de Famílies d&#8217;Alumnes | AFA

<p>L&#8217;AFA és l&#8217;associació de famílies de l&#8217;Institut Escola en col·laboració amb el centre escolar.</p>
<h5>Quotes</h5>
<ul>
<li>Quota d&#8217;associació: 25€/curs.</li>
<li>Germans/es següents: 15€/curs.</li>
</ul>
<h5>Avantatges d&#8217;associar-se</h5>
<ul>
<li>Llibres i quaderns: Descompte entre el 15% i el 20%.</li>
<li>Agenda i paquet de 500 fulls DIN A4: Gratuïts.</li>
<li>Bates: Descompte del 10%.</li>
<li>Sortides i colònies escolars: Subvenció de 15€/curs i aportació de 5€ per s&#8217;activitat de piscina en horari escolar.</li>
<li>Activitat aquàtica extraescolar: Descompte de 6€/trimestre.</li>
</ul>
<h5>Activitats organitzades per l&#8217;AFA (poden produir-se variacions durant el curs)</h5>
<ul>
<li>Activitats extraescolars: Piscina, teatre i altres possibles.</li>
<li>Esmorzars de celebracions: Castanyada, Nadal, Carnaval i festa de fi de curs.</li>
<li>Sorteig de Nadal: Rifa d&#8217;una panera.</li>
<li>Festa de fi de curs: Activitat o espectacle.</li>
</ul>
<h5>Representats de la Junta</h5>
<ul>
<li>Presidenta: Virginie Chantal Gourdouze</li>
<li>Sotspresidenta:  Teresa Madrid</li>
<li>Secretària:   Paola Puccierelli</li>
<li>Vocals: Conchi Gibernau, Ivan Prudkin, Cristina Peremateu, Paola Puccierelli, Raquel Castillo, Laura Moscardó, Rubén Mora</li>
</ul>
<h5>Contacte</h5>
<p>671.094.818 · <a href="mailto:afaiecadaques@gmail.com">afaiecadaques@gmail.com</a></p>

<p>L&#8217;AFA és l&#8217;associació de famílies de l&#8217;Institut Escola en col·laboració amb el centre escolar.<br />
Quotes</p>
<ul>
<li>Quota d&#8217;associació: 25€/curs.</li>
<li>Germans/es següents: 15€/curs.</li>
</ul>
<p>Avantatges d&#8217;associar-se</p>
<ul>
<li>Llibres i quaderns: Descompte entre el 15% i el 20%.</li>
<li>Agenda i paquet de 500 fulls DIN A4: Gratuïts.</li>
<li>Bates: Descompte del 10%.</li>
<li>Sortides i colònies escolars: Subvenció de 15€/curs&hellip;  <a href="https://agora.xtec.cat/iecadaques/families-i-institut-escola/afa/" title="Read Associació de Famílies d&#8217;Alumnes | AFA">Llegeix més»</a><br />
