{"id":9831,"date":"2018-02-05T09:57:19","date_gmt":"2018-02-05T08:57:19","guid":{"rendered":"http:\/\/agora.xtec.cat\/iebarnola\/?page_id=9831"},"modified":"2018-02-06T16:02:32","modified_gmt":"2018-02-06T15:02:32","slug":"centres-impulsors-i-xarxa-territorial-2","status":"publish","type":"page","link":"https:\/\/agora.xtec.cat\/iebarnola\/escola-nova-21\/centres-impulsors-i-xarxa-territorial-2\/","title":{"rendered":"Centres impulsors i xarxa territorial"},"content":{"rendered":"<p><strong>CENTRES IMPULSORS EN21<\/strong><br \/>\nEls centres impulsors s\u00f3n centres que fa temps que van comen\u00e7ar el canvi educatiu, enfocant la seva pr\u00e0ctica di\u00e0ria en desenvolupar compet\u00e8ncies per a la vida, i adoptant pr\u00e0ctiques fonamentades en com les persones aprenem. Els centres impulsors s\u00f3n la refer\u00e8ncia principal per als centres de la mostra representativa. Per aix\u00f2 es fan visites en aquestes escoles de refer\u00e8ncia.<\/p>\n<p><strong>XARXA TERRITORIAL BAGES MMA<\/strong><br \/>\nEls 481 centres que formen part d\u2019Escola Nova 21, han estat distribu\u00efts en m\u00e9s de seixanta xarxes territorials. L\u2019escola Barnola forma part de la xarxa Bages MMA, juntament amb 9 escoles de la comarca. L\u2019objectiu d\u2019aquestes xarxes \u00e9s cooperar i compartir el proc\u00e9s per a l\u2019actualitzaci\u00f3 i el canvi educatiu.<\/p>\n<p>En aquest <strong><a href=\"http:\/\/agora.xtec.cat\/iebarnola\/wp-content\/uploads\/usu1586\/2018\/02\/centres-impulsors-i-Xarxa-Territorial-EN21-Web.pdf\">PDF<\/a><\/strong> podeu consultar la relaci\u00f3 dels centres impulsors i de les escoles de la xarxa territorial Bages MMA.<\/p>\n","protected":false},"excerpt":{"rendered":"<p>CENTRES IMPULSORS EN21<br \/>\nEls centres impulsors s\u00f3n centres que fa temps que van comen\u00e7ar el canvi educatiu, enfocant la seva pr\u00e0ctica di\u00e0ria en desenvolupar compet\u00e8ncies per a la vida, i adoptant pr\u00e0ctiques fonamentades en com les persones aprenem. Els centres impulsors s\u00f3n la refer\u00e8ncia principal per&hellip;  <a href=\"https:\/\/agora.xtec.cat\/iebarnola\/escola-nova-21\/centres-impulsors-i-xarxa-territorial-2\/\" title=\"Read Centres impulsors i xarxa territorial\">Llegeix m\u00e9s\u00bb<\/a><\/p>\n","protected":false},"author":1,"featured_media":0,"parent":9734,"menu_order":10,"comment_status":"closed","ping_status":"closed","template":"page-templates\/side-menu.php","meta":{"_bbp_topic_count":0,"_bbp_reply_count":0,"_bbp_total_topic_count":0,"_bbp_total_reply_count":0,"_bbp_voice_count":0,"_bbp_anonymous_reply_count":0,"_bbp_topic_count_hidden":0,"_bbp_reply_count_hidden":0,"_bbp_forum_subforum_count":0,"footnotes":""},"class_list":["post-9831","page","type-page","status-publish","hentry"],"post_mailing_queue_ids":[],"_links":{"self":[{"href":"https:\/\/agora.xtec.cat\/iebarnola\/wp-json\/wp\/v2\/pages\/9831","targetHints":{"allow":["GET"]}}],"collection":[{"href":"https:\/\/agora.xtec.cat\/iebarnola\/wp-json\/wp\/v2\/pages"}],"about":[{"href":"https:\/\/agora.xtec.cat\/iebarnola\/wp-json\/wp\/v2\/types\/page"}],"author":[{"embeddable":true,"href":"https:\/\/agora.xtec.cat\/iebarnola\/wp-json\/wp\/v2\/users\/1"}],"replies":[{"embeddable":true,"href":"https:\/\/agora.xtec.cat\/iebarnola\/wp-json\/wp\/v2\/comments?post=9831"}],"version-history":[{"count":3,"href":"https:\/\/agora.xtec.cat\/iebarnola\/wp-json\/wp\/v2\/pages\/9831\/revisions"}],"predecessor-version":[{"id":9838,"href":"https:\/\/agora.xtec.cat\/iebarnola\/wp-json\/wp\/v2\/pages\/9831\/revisions\/9838"}],"up":[{"embeddable":true,"href":"https:\/\/agora.xtec.cat\/iebarnola\/wp-json\/wp\/v2\/pages\/9734"}],"wp:attachment":[{"href":"https:\/\/agora.xtec.cat\/iebarnola\/wp-json\/wp\/v2\/media?parent=9831"}],"curies":[{"name":"wp","href":"https:\/\/api.w.org\/{rel}","templated":true}]}}