{"id":9734,"date":"2018-01-19T19:30:16","date_gmt":"2018-01-19T18:30:16","guid":{"rendered":"http:\/\/agora.xtec.cat\/iebarnola\/?page_id=9734"},"modified":"2019-09-08T04:09:39","modified_gmt":"2019-09-08T02:09:39","slug":"escola-nova-21","status":"publish","type":"page","link":"https:\/\/agora.xtec.cat\/iebarnola\/escola-nova-21\/","title":{"rendered":"Escola Nova 21"},"content":{"rendered":"<p><img loading=\"lazy\" decoding=\"async\" class=\"aligncenter wp-image-491\" src=\"http:\/\/agora.xtec.cat\/iebarnola\/wp-content\/uploads\/usu1586\/2016\/11\/PhotoGrid_1475010615389.jpg\" alt=\"\" width=\"500\" height=\"178\" srcset=\"https:\/\/agora.xtec.cat\/iebarnola\/wp-content\/uploads\/usu1586\/2016\/11\/PhotoGrid_1475010615389.jpg 800w, https:\/\/agora.xtec.cat\/iebarnola\/wp-content\/uploads\/usu1586\/2016\/11\/PhotoGrid_1475010615389-300x107.jpg 300w, https:\/\/agora.xtec.cat\/iebarnola\/wp-content\/uploads\/usu1586\/2016\/11\/PhotoGrid_1475010615389-768x274.jpg 768w\" sizes=\"auto, (max-width: 500px) 100vw, 500px\" \/><\/p>\n<p>Escola Nova 21 proposa una transformaci\u00f3 del sistema educatiu per tal que s\u2019actualitzi, adoptant plenament un prop\u00f2sit dirigit a desenvolupar compet\u00e8ncies per a la vida en el nostre context hist\u00f2ric i unes pr\u00e0ctiques d\u2019aprenentatge fonamentades en el coneixement existent de com les persones aprenem. L\u2019objectiu final \u00e9s que tot infant, independentment del seu context i condicions, pugui gaudir en qualsevol centre del Servei Educatiu de Catalunya d\u2019experi\u00e8ncies d\u2019aprenentatge empoderadores i rellevants que li permetin desenvolupar el seu projecte de vida amb dignitat, sentit i benestar. Aquesta horitz\u00f3 com\u00fa d\u2019actualitzaci\u00f3 es concreta en el que s\u2019ha anomenat \u201cmarc d\u2019escola avan\u00e7ada\u201d, una refer\u00e8ncia que possibilita molts models i projectes diferents per\u00f2 que tenen en com\u00fa quatre eixos interconnectats i interdependents: un prop\u00f2sit educatiu que doni resposta als reptes actuals, unes pr\u00e0ctiques basades en el coneixement existent, i una avaluaci\u00f3 i organitzaci\u00f3 al servei de l&#8217;aprenentatge. Per aix\u00f2, proposem el &#8220;marc d&#8217;escola avan\u00e7ada&#8221;, que agrupa <strong>quatre eixos que en el seu conjunt descriuen l&#8217;horitz\u00f3 com\u00fa<\/strong> pel centres educatius compromesos amb la transformaci\u00f3 educativa.<\/p>\n<p>Podeu trobar tota la informaci\u00f3 a <a href=\"http:\/\/www.escolanova21.cat\">www.escolanova21.cat<\/a><\/p>\n<p>Entrevista dels alumnes de l&#8217;Octavio Paz a l&#8217;Educard Vallory (President del Centre UNESCO de Catalunya i director d\u2019Escola Nova 21): <a href=\"https:\/\/www.escolanova21.cat\/entrevista-dels-alumnes-loctavio-paz-eduard-vallory-seran-escoles-daqui-10-anys\/\">Entrevista a Eduard Vallory<\/a><\/p>\n","protected":false},"excerpt":{"rendered":"<p>Escola Nova 21 proposa una transformaci\u00f3 del sistema educatiu per tal que s\u2019actualitzi, adoptant plenament un prop\u00f2sit dirigit a desenvolupar compet\u00e8ncies per a la vida en el nostre context hist\u00f2ric i unes pr\u00e0ctiques d\u2019aprenentatge fonamentades en el coneixement existent de com les persones aprenem. L\u2019objectiu&hellip;  <a href=\"https:\/\/agora.xtec.cat\/iebarnola\/escola-nova-21\/\" title=\"Read Escola Nova 21\">Llegeix m\u00e9s\u00bb<\/a><\/p>\n","protected":false},"author":1,"featured_media":0,"parent":0,"menu_order":0,"comment_status":"closed","ping_status":"closed","template":"page-templates\/side-menu.php","meta":{"_bbp_topic_count":0,"_bbp_reply_count":0,"_bbp_total_topic_count":0,"_bbp_total_reply_count":0,"_bbp_voice_count":0,"_bbp_anonymous_reply_count":0,"_bbp_topic_count_hidden":0,"_bbp_reply_count_hidden":0,"_bbp_forum_subforum_count":0,"footnotes":""},"class_list":["post-9734","page","type-page","status-publish","hentry"],"post_mailing_queue_ids":[],"_links":{"self":[{"href":"https:\/\/agora.xtec.cat\/iebarnola\/wp-json\/wp\/v2\/pages\/9734","targetHints":{"allow":["GET"]}}],"collection":[{"href":"https:\/\/agora.xtec.cat\/iebarnola\/wp-json\/wp\/v2\/pages"}],"about":[{"href":"https:\/\/agora.xtec.cat\/iebarnola\/wp-json\/wp\/v2\/types\/page"}],"author":[{"embeddable":true,"href":"https:\/\/agora.xtec.cat\/iebarnola\/wp-json\/wp\/v2\/users\/1"}],"replies":[{"embeddable":true,"href":"https:\/\/agora.xtec.cat\/iebarnola\/wp-json\/wp\/v2\/comments?post=9734"}],"version-history":[{"count":3,"href":"https:\/\/agora.xtec.cat\/iebarnola\/wp-json\/wp\/v2\/pages\/9734\/revisions"}],"predecessor-version":[{"id":10683,"href":"https:\/\/agora.xtec.cat\/iebarnola\/wp-json\/wp\/v2\/pages\/9734\/revisions\/10683"}],"wp:attachment":[{"href":"https:\/\/agora.xtec.cat\/iebarnola\/wp-json\/wp\/v2\/media?parent=9734"}],"curies":[{"name":"wp","href":"https:\/\/api.w.org\/{rel}","templated":true}]}}