{"id":9462,"date":"2017-09-18T12:35:29","date_gmt":"2017-09-18T10:35:29","guid":{"rendered":"http:\/\/agora.xtec.cat\/iebarnola\/?page_id=9462"},"modified":"2025-09-30T06:03:50","modified_gmt":"2025-09-30T04:03:50","slug":"material-escolar","status":"publish","type":"page","link":"https:\/\/agora.xtec.cat\/iebarnola\/curs-2017-18\/material-escolar\/","title":{"rendered":"Equip hum\u00e0"},"content":{"rendered":"<h3>EQUIP DIRECTIU<\/h3>\n<table style=\"border-collapse: collapse; width: 83.6858%; height: 109px;\" border=\"1\">\n<tbody>\n<tr>\n<td style=\"width: 36.2816%;\" colspan=\"2\"><strong>\u00a0<\/strong><\/td>\n<td style=\"width: 31.8592%; text-align: center;\"><strong>Horari d&#8217;atenci\u00f3<br \/>\n<\/strong><\/td>\n<\/tr>\n<tr>\n<td style=\"width: 36.2816%;\">Director<\/td>\n<td style=\"width: 31.8592%;\"><strong>Ricard L\u00f3pez Mu\u00f1oz<\/strong><\/td>\n<td style=\"width: 31.8592%;\">Dll de 9 a 11h i Dv de 15 a 16h\u00a0<\/td>\n<\/tr>\n<tr>\n<td style=\"width: 36.2816%;\">Cap d&#8217;estudis<\/td>\n<td style=\"width: 31.8592%;\"><strong>Marc Arola Codina<\/strong><\/td>\n<td style=\"width: 31.8592%;\">\u00a0<\/td>\n<\/tr>\n<tr>\n<td style=\"width: 36.2816%;\">Coordinador Pedag\u00f2gic<\/td>\n<td style=\"width: 31.8592%;\"><strong>Laia Mesas Antonio<\/strong><\/td>\n<td style=\"width: 31.8592%;\">\u00a0<\/td>\n<\/tr>\n<tr>\n<td style=\"width: 36.2816%;\">Secret\u00e0ria<\/td>\n<td style=\"width: 31.8592%;\"><strong>Eva Codina Jim\u00e9nez<br \/>\n<\/strong><\/td>\n<td style=\"width: 31.8592%;\">\u00a0<\/td>\n<\/tr>\n<\/tbody>\n<\/table>\n<p>&nbsp;<\/p>\n<h3>CLAUSTRE DOCENT<\/h3>\n<table class=\"alignleft\" style=\"height: 822px; width: 84.5923%; border-collapse: collapse; border-color: #000000; border-style: none;\" border=\"1\" cellspacing=\"1\" cellpadding=\"1\">\n<tbody>\n<tr style=\"height: 32px;\">\n<td style=\"width: 21.1141%; height: 32px;\">I3\/I4 &#8211;<\/td>\n<td style=\"width: 37.9558%; height: 32px;\"><strong>Gemma Prieto Viladomat \/ Laura Leon Lucha<br \/>\n<\/strong><\/td>\n<\/tr>\n<tr style=\"height: 32px;\">\n<td style=\"width: 21.1141%; height: 32px;\">I3\/I4 &#8211;<\/td>\n<td style=\"width: 37.9558%; height: 32px;\"><strong>Merc\u00e8 Guiteras Puig<\/strong><\/td>\n<\/tr>\n<tr style=\"height: 32px;\">\n<td style=\"width: 21.1141%; height: 32px;\">I5\/1r &#8211;<\/td>\n<td style=\"width: 37.9558%; height: 32px;\"><strong>Anna Oliveras Sala<\/strong><\/td>\n<\/tr>\n<tr style=\"height: 32px;\">\n<td style=\"width: 21.1141%; height: 32px;\">I5\/1r &#8211;<\/td>\n<td style=\"width: 37.9558%; height: 32px;\"><strong>Laia Casellas Font \/ Aida Purt\u00ed Sall\u00e9s<br \/>\n<\/strong><\/td>\n<\/tr>\n<tr style=\"height: 32px;\">\n<td style=\"width: 21.1141%; height: 32px;\">I5\/1r &#8211;<\/td>\n<td style=\"width: 37.9558%; height: 32px;\"><strong>Maria Rosa Requena Sucarrats<br \/>\n<\/strong><\/td>\n<\/tr>\n<tr style=\"height: 32px;\">\n<td style=\"width: 21.1141%; height: 32px;\">2n\/3r de prim\u00e0ria\u00a0<\/td>\n<td style=\"width: 37.9558%; height: 32px;\"><b>Mireia Checa Trabal \/ Sara Dom\u00ednguez Cano<br \/>\n<\/b><\/td>\n<\/tr>\n<tr style=\"height: 32px;\">\n<td style=\"width: 21.1141%; height: 32px;\">2n\/3r de prim\u00e0ria<\/td>\n<td style=\"width: 37.9558%; height: 32px;\"><strong>Sara Pulido Rodr\u00edguez<\/strong><\/td>\n<\/tr>\n<tr style=\"height: 32px;\">\n<td style=\"width: 21.1141%; height: 32px;\">2n\/3r de prim\u00e0ria<\/td>\n<td style=\"width: 37.9558%; height: 32px;\"><strong>Anna Salvans Casas<br \/>\n<\/strong><\/td>\n<\/tr>\n<tr style=\"height: 32px;\">\n<td style=\"width: 21.1141%; height: 32px;\">4t\/5\u00e8 de prim\u00e0ria<\/td>\n<td style=\"width: 37.9558%; height: 32px;\"><strong>Sandra Sala Cardona<br \/>\n<\/strong><\/td>\n<\/tr>\n<tr style=\"height: 32px;\">\n<td style=\"width: 21.1141%; height: 32px;\">4t\/5\u00e8 de prim\u00e0ria<\/td>\n<td style=\"width: 37.9558%; height: 32px;\"><strong>Julie Arranz Boix<\/strong><\/td>\n<\/tr>\n<tr style=\"height: 32px;\">\n<td style=\"width: 21.1141%; height: 32px;\">4t\/5\u00e8 de prim\u00e0ria<\/td>\n<td style=\"width: 37.9558%; height: 32px;\"><strong>LLu\u00eds Muntadas Bartol\u00f3<\/strong><\/td>\n<\/tr>\n<tr style=\"height: 32px;\">\n<td style=\"width: 21.1141%; height: 32px;\">6\u00e8 prim\u00e0ria<\/td>\n<td style=\"width: 37.9558%; height: 32px;\"><strong>Gl\u00f2ria Vazquez Molina \/ Mar Piella Clar\u00e0<br \/>\n<\/strong><\/td>\n<\/tr>\n<tr style=\"height: 32px;\">\n<td style=\"width: 21.1141%; height: 32px;\">6\u00e8 de prim\u00e0ria<\/td>\n<td style=\"width: 37.9558%; height: 32px;\"><strong>Jordina Serrasolsas Claret<\/strong><\/td>\n<\/tr>\n<tr style=\"height: 32px;\">\n<td style=\"width: 21.1141%; height: 32px;\">Educaci\u00f3 F\u00edsica<\/td>\n<td style=\"width: 37.9558%; height: 32px;\"><strong>Ricard L\u00f3pez Mu\u00f1oz, LLu\u00eds Muntadas Bartol\u00f3<br \/>\n<\/strong><\/td>\n<\/tr>\n<tr style=\"height: 32px;\">\n<td style=\"width: 21.1141%; height: 32px;\">Llengua Anglesa<\/td>\n<td style=\"width: 37.9558%; height: 32px;\"><strong>Eva Tasc\u00f3n Cotillas i Jordina Serrasolsas Claret<br \/>\n<\/strong><\/td>\n<\/tr>\n<tr style=\"height: 32px;\">\n<td style=\"width: 21.1141%; height: 32px;\">Educaci\u00f3 Musical<\/td>\n<td style=\"width: 37.9558%; height: 32px;\"><strong>Sara Pulido i Maria Rosa Requena<br \/>\n<\/strong><\/td>\n<\/tr>\n<tr style=\"height: 32px;\">\n<td style=\"width: 21.1141%; height: 13px;\">Pedagogia terap\u00e8utica<\/td>\n<td style=\"width: 37.9558%; height: 13px;\"><strong>Anna Oliveras Sala, Sandra Sala Cardona, \u00c8lia Hinojosa Cots i Laia Mesas Antonio<br \/>\n<\/strong><\/td>\n<\/tr>\n<tr style=\"height: 32px;\">\n<td style=\"width: 21.1141%; height: 32px;\">Religi\u00f3<\/td>\n<td style=\"width: 37.9558%; height: 32px;\"><strong>Aurora P\u00e9rez La Rosa<\/strong><\/td>\n<\/tr>\n<tr style=\"height: 78px;\">\n<td style=\"width: 21.1141%; height: 12px;\">1r d&#8217;ESO\u00a0<\/td>\n<td style=\"width: 37.9558%; height: 12px;\">\n<p><strong>Anna Membrives P\u00e9rez (Angl\u00e8s i franc\u00e8s) i Marta Riera Sat\u00f3 (Angl\u00e8s)<\/strong><\/p>\n<\/td>\n<\/tr>\n<tr style=\"height: 78px;\">\n<td style=\"width: 21.1141%; height: 49px;\">2n d&#8217;ESO<\/td>\n<td style=\"width: 37.9558%; height: 49px;\">\n<p><strong>Blanca S\u00e0nchez G\u00f2mez (LLengua catalana) i Marina Cirera Gaja (Geografia i hist\u00f2ria)<br \/>\n<\/strong><\/p>\n<\/td>\n<\/tr>\n<tr style=\"height: 56px;\">\n<td style=\"width: 21.1141%; height: 56px;\">3r d&#8217;ESO<\/td>\n<td style=\"width: 37.9558%; height: 56px;\">\n<p><strong>Jes\u00fas Ruiz Sojo (Geografia i hist\u00f2ria) i Josefina Monta\u00f1ola Cortina (Llengua Catalana)<\/strong><strong><br \/>\n<\/strong><\/p>\n<\/td>\n<\/tr>\n<tr style=\"height: 56px;\">\n<td style=\"width: 21.1141%; height: 16px;\">4t d&#8217;ESO<\/td>\n<td style=\"width: 37.9558%; height: 16px;\">\n<p><strong>\u00c8lia Hinojosa Cots (Orientadora) i Eva Codina Jim\u00e9nez (Matem\u00e0tiques)<br \/>\n<\/strong><\/p>\n<\/td>\n<\/tr>\n<tr style=\"height: 63px;\">\n<td style=\"width: 21.1141%; height: 63px;\">\u00a0<\/td>\n<td style=\"width: 37.9558%; height: 63px;\"><strong>Marc Arola Codina (Angl\u00e8s), Laia Mesas Antonio (Orientadora), Laura Vallecillos Pinos (Biologia i geologia) \/ Den\u00eds Sanchez (Biologia i Geologia), Al\u00edcia Mart\u00ednez Valencia (Tecnologia) \/ Paula Pozuelo Terradas (Biologia i geologia)<br \/>\n<\/strong><\/td>\n<\/tr>\n<tr style=\"height: 13px;\">\n<td style=\"width: 21.1141%; height: 13px;\">\n<p>Referent EAP<\/p>\n<p>Referent CREDA<\/p>\n<\/td>\n<td style=\"width: 37.9558%; height: 13px;\">\n<p><strong>Miracle Trull\u00e0s Suny\u00e9<\/strong><\/p>\n<p><strong>Eli Font Posa<\/strong><\/p>\n<\/td>\n<\/tr>\n<\/tbody>\n<\/table>\n<p><strong>\u00a0<\/strong><\/p>\n<h3>\u00a0<\/h3>\n<h3>\u00a0<\/h3>\n<h3>\u00a0<\/h3>\n<h3>\u00a0<\/h3>\n<h3>\u00a0<\/h3>\n<h3>\u00a0<\/h3>\n<h3>\u00a0<\/h3>\n<h3>\u00a0<\/h3>\n<h3>\u00a0<\/h3>\n<h3>\u00a0<\/h3>\n<h3>\u00a0<\/h3>\n<h3>\u00a0<\/h3>\n<h3>\u00a0<\/h3>\n<h3>\u00a0<\/h3>\n<h3>\u00a0<\/h3>\n<h3>\u00a0<\/h3>\n<h3>\u00a0<\/h3>\n<h3>\u00a0<\/h3>\n<h3>\u00a0<\/h3>\n<h3>\u00a0<\/h3>\n<h3>\u00a0<\/h3>\n<h3>\u00a0<\/h3>\n<h3>\u00a0<\/h3>\n<h3>\u00a0<\/h3>\n<h3>\u00a0<\/h3>\n<h3>\u00a0<\/h3>\n<h3>PERSONAL D&#8217;ADMINISTRACI\u00d3 I SERVEIS<\/h3>\n<table style=\"border-collapse: collapse; width: 84.8943%; height: 160px;\" border=\"1\">\n<tbody>\n<tr>\n<td style=\"width: 36.4768%;\">Administrativa<\/td>\n<td style=\"width: 63.5232%;\"><strong>Maribel Beltr\u00e1n L\u00f3pez<\/strong><\/td>\n<\/tr>\n<tr>\n<td style=\"width: 36.4768%;\">Conserge<\/td>\n<td style=\"width: 63.5232%;\"><strong>Roser Mauri Obradors<\/strong><\/td>\n<\/tr>\n<tr>\n<td style=\"width: 36.4768%;\">Vetllador\/a<\/td>\n<td style=\"width: 63.5232%;\"><strong>Martina Codina Altarriba<br \/>\n<\/strong><\/td>\n<\/tr>\n<tr>\n<td style=\"width: 36.4768%;\">Personal de neteja<\/td>\n<td style=\"width: 63.5232%;\"><strong>Hind Tate, Hanane Fateh i Cristina L\u00f3pez<br \/>\n<\/strong><\/td>\n<\/tr>\n<tr>\n<td style=\"width: 36.4768%;\">Coordinador de menjador<\/td>\n<td style=\"width: 63.5232%;\"><strong>Africa Gonz\u00e1lez <br \/>\n<\/strong><\/td>\n<\/tr>\n<tr>\n<td style=\"width: 36.4768%;\">Monitors\/es de menjador<\/td>\n<td style=\"width: 63.5232%;\"><strong>Cristian Jordan, Joel Sol\u00e0, Martina Codina i Yaiza Santasmasas<br \/>\n<\/strong><\/td>\n<\/tr>\n<\/tbody>\n<\/table>\n<p><strong>\u00a0<\/strong><\/p>\n","protected":false},"excerpt":{"rendered":"<p>EQUIP DIRECTIU<\/p>\n<p>\u00a0<br \/>\nHorari d&#8217;atenci\u00f3<\/p>\n<p>Director<br \/>\nRicard L\u00f3pez Mu\u00f1oz<br \/>\nDll de 9 a 11h i Dv de 15 a 16h\u00a0<\/p>\n<p>Cap d&#8217;estudis<br \/>\nMarc Arola Codina<br \/>\n\u00a0<\/p>\n<p>Coordinador Pedag\u00f2gic<br \/>\nLaia Mesas Antonio<br \/>\n\u00a0<\/p>\n<p>Secret\u00e0ria<br \/>\nEva Codina Jim\u00e9nez<\/p>\n<p>\u00a0<\/p>\n<p>&nbsp;<br \/>\nCLAUSTRE DOCENT<\/p>\n<p>I3\/I4 &#8211;<br \/>\nGemma Prieto Viladomat \/ Laura Leon Lucha<\/p>\n<p>I3\/I4 &#8211;<br \/>\nMerc\u00e8 Guiteras Puig<\/p>\n<p>I5\/1r &#8211;<br \/>\nAnna Oliveras Sala<\/p>\n<p>I5\/1r &#8211;<br \/>\nLaia Casellas Font \/ Aida Purt\u00ed Sall\u00e9s<\/p>\n<p>I5\/1r &#8211;<br \/>\nMaria&hellip;  <a href=\"https:\/\/agora.xtec.cat\/iebarnola\/curs-2017-18\/material-escolar\/\" title=\"Read Equip hum\u00e0\">Llegeix m\u00e9s\u00bb<\/a><\/p>\n","protected":false},"author":1,"featured_media":0,"parent":9843,"menu_order":50,"comment_status":"closed","ping_status":"closed","template":"page-templates\/side-menu.php","meta":{"_bbp_topic_count":0,"_bbp_reply_count":0,"_bbp_total_topic_count":0,"_bbp_total_reply_count":0,"_bbp_voice_count":0,"_bbp_anonymous_reply_count":0,"_bbp_topic_count_hidden":0,"_bbp_reply_count_hidden":0,"_bbp_forum_subforum_count":0,"footnotes":""},"class_list":["post-9462","page","type-page","status-publish","hentry"],"post_mailing_queue_ids":[],"_links":{"self":[{"href":"https:\/\/agora.xtec.cat\/iebarnola\/wp-json\/wp\/v2\/pages\/9462","targetHints":{"allow":["GET"]}}],"collection":[{"href":"https:\/\/agora.xtec.cat\/iebarnola\/wp-json\/wp\/v2\/pages"}],"about":[{"href":"https:\/\/agora.xtec.cat\/iebarnola\/wp-json\/wp\/v2\/types\/page"}],"author":[{"embeddable":true,"href":"https:\/\/agora.xtec.cat\/iebarnola\/wp-json\/wp\/v2\/users\/1"}],"replies":[{"embeddable":true,"href":"https:\/\/agora.xtec.cat\/iebarnola\/wp-json\/wp\/v2\/comments?post=9462"}],"version-history":[{"count":6,"href":"https:\/\/agora.xtec.cat\/iebarnola\/wp-json\/wp\/v2\/pages\/9462\/revisions"}],"predecessor-version":[{"id":18475,"href":"https:\/\/agora.xtec.cat\/iebarnola\/wp-json\/wp\/v2\/pages\/9462\/revisions\/18475"}],"up":[{"embeddable":true,"href":"https:\/\/agora.xtec.cat\/iebarnola\/wp-json\/wp\/v2\/pages\/9843"}],"wp:attachment":[{"href":"https:\/\/agora.xtec.cat\/iebarnola\/wp-json\/wp\/v2\/media?parent=9462"}],"curies":[{"name":"wp","href":"https:\/\/api.w.org\/{rel}","templated":true}]}}