{"id":12269,"date":"2019-12-04T06:41:28","date_gmt":"2019-12-04T05:41:28","guid":{"rendered":"https:\/\/agora.xtec.cat\/iebarnola\/?page_id=12269"},"modified":"2019-12-05T09:24:33","modified_gmt":"2019-12-05T08:24:33","slug":"organigrama-de-centre","status":"publish","type":"page","link":"https:\/\/agora.xtec.cat\/iebarnola\/curs-2017-18\/organigrama-de-centre\/","title":{"rendered":"Organigrama de centre"},"content":{"rendered":"<p>\u00c9s una representaci\u00f3 gr\u00e0fica de l&#8217;estructura organitzativa de l&#8217;IE Barnola d&#8217;Aviny\u00f3, per establir un ordre i assolir un correcte i eficient funcionament de la comunitat.<\/p>\n<p><a href=\"https:\/\/agora.xtec.cat\/iebarnola\/wp-content\/uploads\/usu1586\/2019\/12\/OrganigramaIEBimatge.jpg\"><img loading=\"lazy\" decoding=\"async\" class=\"alignnone size-large wp-image-12282\" src=\"https:\/\/agora.xtec.cat\/iebarnola\/wp-content\/uploads\/usu1586\/2019\/12\/OrganigramaIEBimatge-1024x730.jpg\" alt=\"\" width=\"1024\" height=\"730\" srcset=\"https:\/\/agora.xtec.cat\/iebarnola\/wp-content\/uploads\/usu1586\/2019\/12\/OrganigramaIEBimatge-1024x730.jpg 1024w, https:\/\/agora.xtec.cat\/iebarnola\/wp-content\/uploads\/usu1586\/2019\/12\/OrganigramaIEBimatge-300x214.jpg 300w, https:\/\/agora.xtec.cat\/iebarnola\/wp-content\/uploads\/usu1586\/2019\/12\/OrganigramaIEBimatge-768x547.jpg 768w, https:\/\/agora.xtec.cat\/iebarnola\/wp-content\/uploads\/usu1586\/2019\/12\/OrganigramaIEBimatge.jpg 1790w\" sizes=\"auto, (max-width: 1024px) 100vw, 1024px\" \/><\/a><\/p>\n","protected":false},"excerpt":{"rendered":"<p>\u00c9s una representaci\u00f3 gr\u00e0fica de l&#8217;estructura organitzativa de l&#8217;IE Barnola d&#8217;Aviny\u00f3, per establir un ordre i assolir un correcte i eficient funcionament de la comunitat.<br \/>\n<a href=\"https:\/\/agora.xtec.cat\/iebarnola\/wp-content\/uploads\/usu1586\/2019\/12\/OrganigramaIEBimatge.jpg\"><\/a><\/p>\n","protected":false},"author":1,"featured_media":0,"parent":9843,"menu_order":30,"comment_status":"closed","ping_status":"closed","template":"","meta":{"_bbp_topic_count":0,"_bbp_reply_count":0,"_bbp_total_topic_count":0,"_bbp_total_reply_count":0,"_bbp_voice_count":0,"_bbp_anonymous_reply_count":0,"_bbp_topic_count_hidden":0,"_bbp_reply_count_hidden":0,"_bbp_forum_subforum_count":0,"footnotes":""},"class_list":["post-12269","page","type-page","status-publish","hentry"],"post_mailing_queue_ids":[],"_links":{"self":[{"href":"https:\/\/agora.xtec.cat\/iebarnola\/wp-json\/wp\/v2\/pages\/12269","targetHints":{"allow":["GET"]}}],"collection":[{"href":"https:\/\/agora.xtec.cat\/iebarnola\/wp-json\/wp\/v2\/pages"}],"about":[{"href":"https:\/\/agora.xtec.cat\/iebarnola\/wp-json\/wp\/v2\/types\/page"}],"author":[{"embeddable":true,"href":"https:\/\/agora.xtec.cat\/iebarnola\/wp-json\/wp\/v2\/users\/1"}],"replies":[{"embeddable":true,"href":"https:\/\/agora.xtec.cat\/iebarnola\/wp-json\/wp\/v2\/comments?post=12269"}],"version-history":[{"count":3,"href":"https:\/\/agora.xtec.cat\/iebarnola\/wp-json\/wp\/v2\/pages\/12269\/revisions"}],"predecessor-version":[{"id":12283,"href":"https:\/\/agora.xtec.cat\/iebarnola\/wp-json\/wp\/v2\/pages\/12269\/revisions\/12283"}],"up":[{"embeddable":true,"href":"https:\/\/agora.xtec.cat\/iebarnola\/wp-json\/wp\/v2\/pages\/9843"}],"wp:attachment":[{"href":"https:\/\/agora.xtec.cat\/iebarnola\/wp-json\/wp\/v2\/media?parent=12269"}],"curies":[{"name":"wp","href":"https:\/\/api.w.org\/{rel}","templated":true}]}}