{"id":36,"date":"2014-09-18T12:33:11","date_gmt":"2014-09-18T11:33:11","guid":{"rendered":"http:\/\/agora.xtec.cat\/iebalsareny\/\/?page_id=36"},"modified":"2024-01-24T17:00:52","modified_gmt":"2024-01-24T16:00:52","slug":"material-escolar","status":"publish","type":"page","link":"https:\/\/agora.xtec.cat\/iebalsareny\/lescola\/material-escolar\/","title":{"rendered":"Material escolar"},"content":{"rendered":"<p>L&#8217;escola desenvolupa un projecte de socialitzaci\u00f3 de material escolar. La socialitzaci\u00f3 \u00e9s un projecte en el qual s\u2019involucren tots els membres de la comunitat educativa del centre; professors, pares i alumnes i que es fonamenta en la idea b\u00e0sica d\u2019aprofitar els llibres que a final de curs es troben en bon estat. Tamb\u00e9 pensem que l\u2019exist\u00e8ncia de projectes compartits afavoreix la relaci\u00f3 entre els diferents sectors de la comunitat escolar.<\/p>\n<p>Amb la socialitzaci\u00f3 aconseguim rebaixar els costos del material escolar, fomentem valors com el respecte al material i el saber compartir, i conscienciem a l&#8217;alumnat sobre el consum responsable i el sosteniment ecol\u00f2gic.<\/p>\n<p>La quota de <strong>material fungible<\/strong> de l&#8217;escola \u00e9s de <strong>35\u20ac<\/strong>. Cal recordar que a la <strong>quota<\/strong> de material s\u2019hi afegir\u00e0 la de l\u2019<strong>AMPA<\/strong> (<strong>20\u20ac per fam\u00edlia<\/strong>).<\/p>\n<p>&nbsp;<\/p>\n","protected":false},"excerpt":{"rendered":"<p>L&#8217;escola desenvolupa un projecte de socialitzaci\u00f3 de material escolar. La socialitzaci\u00f3 \u00e9s un projecte en el qual s\u2019involucren tots els membres de la comunitat educativa del centre; professors, pares i alumnes i que es fonamenta en la idea b\u00e0sica d\u2019aprofitar els llibres que a final&hellip;  <a href=\"https:\/\/agora.xtec.cat\/iebalsareny\/lescola\/material-escolar\/\" title=\"Read Material escolar\">Llegeix m\u00e9s\u00bb<\/a><\/p>\n","protected":false},"author":1,"featured_media":0,"parent":22,"menu_order":70,"comment_status":"closed","ping_status":"closed","template":"page-templates\/side-menu.php","meta":{"_bbp_topic_count":0,"_bbp_reply_count":0,"_bbp_total_topic_count":0,"_bbp_total_reply_count":0,"_bbp_voice_count":0,"_bbp_anonymous_reply_count":0,"_bbp_topic_count_hidden":0,"_bbp_reply_count_hidden":0,"_bbp_forum_subforum_count":0,"footnotes":""},"class_list":["post-36","page","type-page","status-publish","hentry"],"post_mailing_queue_ids":[],"_links":{"self":[{"href":"https:\/\/agora.xtec.cat\/iebalsareny\/wp-json\/wp\/v2\/pages\/36","targetHints":{"allow":["GET"]}}],"collection":[{"href":"https:\/\/agora.xtec.cat\/iebalsareny\/wp-json\/wp\/v2\/pages"}],"about":[{"href":"https:\/\/agora.xtec.cat\/iebalsareny\/wp-json\/wp\/v2\/types\/page"}],"author":[{"embeddable":true,"href":"https:\/\/agora.xtec.cat\/iebalsareny\/wp-json\/wp\/v2\/users\/1"}],"replies":[{"embeddable":true,"href":"https:\/\/agora.xtec.cat\/iebalsareny\/wp-json\/wp\/v2\/comments?post=36"}],"version-history":[{"count":5,"href":"https:\/\/agora.xtec.cat\/iebalsareny\/wp-json\/wp\/v2\/pages\/36\/revisions"}],"predecessor-version":[{"id":5182,"href":"https:\/\/agora.xtec.cat\/iebalsareny\/wp-json\/wp\/v2\/pages\/36\/revisions\/5182"}],"up":[{"embeddable":true,"href":"https:\/\/agora.xtec.cat\/iebalsareny\/wp-json\/wp\/v2\/pages\/22"}],"wp:attachment":[{"href":"https:\/\/agora.xtec.cat\/iebalsareny\/wp-json\/wp\/v2\/media?parent=36"}],"curies":[{"name":"wp","href":"https:\/\/api.w.org\/{rel}","templated":true}]}}