{"id":4851,"date":"2023-06-20T14:26:36","date_gmt":"2023-06-20T12:26:36","guid":{"rendered":"https:\/\/agora.xtec.cat\/iebaldomersola\/?page_id=4851"},"modified":"2023-06-21T14:46:19","modified_gmt":"2023-06-21T12:46:19","slug":"recursos-per-lestiu","status":"publish","type":"page","link":"https:\/\/agora.xtec.cat\/iebaldomersola\/recursos-per-lestiu\/","title":{"rendered":"Recursos per l&#8217;estiu"},"content":{"rendered":"<p>LLENGUA<\/p>\n<table style=\"border-collapse: collapse; width: 100%;\">\n<tbody>\n<tr>\n<td style=\"width: 50%;\"><a href=\"https:\/\/www.ccma.cat\/tv3\/sx3\/una-ma-de-contes\/videos\/\"><span style=\"font-weight: 400;\">Una m\u00e0 de contes<\/span><\/a><\/td>\n<td style=\"width: 50%;\"><a href=\"http:\/\/www.ceip-diputacio.com\/CI%201r%20i%202n\/CATALA\/lectoescriptura\/llegim1.htm\"><span style=\"font-weight: 400;\">Per llegir<\/span><\/a><\/td>\n<\/tr>\n<tr>\n<td style=\"width: 50%;\"><a href=\"https:\/\/wordwall.net\/es-es\/community\/jocs-catal\u00e0\">Jocs en catal\u00e0<\/a><\/td>\n<td style=\"width: 50%;\"><a href=\"https:\/\/wordwall.net\/es\/resource\/11795114\/audici\u00f3n-y-lenguaje\/quina-s%C3%ADllaba-falta\">Quina sil\u00b7laba falta?<\/a><\/td>\n<\/tr>\n<tr>\n<td style=\"width: 50%;\"><a href=\"https:\/\/wordwall.net\/es\/resource\/27738312\/audici\u00f3n-y-lenguaje\/tria-si-les-paraules-estan-ben-escrites-o\">Est\u00e0n ben escrites les paraules?<\/a><\/td>\n<td style=\"width: 50%;\"><a href=\"https:\/\/wordwall.net\/es\/resource\/28208501\/catal\u00e0\/llegir-2n-tirmestre\">Relaciona la imatge amb les paraules<\/a><\/td>\n<\/tr>\n<tr>\n<td style=\"width: 50%;\"><a href=\"https:\/\/www.mundoprimaria.com\/juegos-educativos\/juegos-lenguaje\/ortografia\"><span style=\"font-weight: 400;\">Ortograf\u00eda castell\u00e0<\/span><\/a><\/td>\n<td style=\"width: 50%;\"><a href=\"https:\/\/www.mundoprimaria.com\/lecturas-para-ninos-primaria\/lecturas-cortas-y-rapidas\"><span style=\"font-weight: 400;\">Comprensi\u00f3 lectora castell\u00e0<\/span><\/a><\/td>\n<\/tr>\n<tr>\n<td style=\"width: 50%;\"><a href=\"http:\/\/www.ceip-diputacio.com\/IDIOMA\/songs\/simpli1.htm\"><span style=\"font-weight: 400;\">Can\u00e7ons en angl\u00e8s<\/span><\/a><\/td>\n<td style=\"width: 50%;\"><a href=\"https:\/\/www.ccma.cat\/tv3\/sx3\/una-ma-de-contes\/videos\/angles\/\"><span style=\"font-weight: 400;\">Una m\u00e0 de contes en angl\u00e8s<\/span><\/a><\/td>\n<\/tr>\n<\/tbody>\n<\/table>\n<p>MATEM\u00c0TIQUES<\/p>\n<table style=\"border-collapse: collapse; width: 100%; height: 160px;\">\n<tbody>\n<tr style=\"height: 32px;\">\n<td style=\"width: 50%; height: 32px;\"><a href=\"https:\/\/www.mundoprimaria.com\/juegos-educativos\/juegos-matematicas\"><span style=\"font-weight: 400;\">Mates<\/span><\/a><\/td>\n<td style=\"width: 50%; height: 32px;\"><a href=\"https:\/\/edu365.cat\/workshop\/joc\/escapecub\/index.html\"><span style=\"font-weight: 400;\">Resoluci\u00f3 de problemes de mates<\/span><\/a><\/td>\n<\/tr>\n<tr style=\"height: 32px;\">\n<td style=\"width: 50%; height: 32px;\"><a href=\"https:\/\/www.vedoque.com\/juegos\/granja-matematicas.html\"><span style=\"font-weight: 400;\">Operacions de mates<\/span><\/a><\/td>\n<td style=\"width: 50%; height: 32px;\"><a href=\"https:\/\/wordwall.net\/es\/resource\/53221493\/audici\u00f3n-y-lenguaje\/sumen-10\">Sumen 10<\/a><\/td>\n<\/tr>\n<tr style=\"height: 32px;\">\n<td style=\"width: 50%; height: 32px;\"><a href=\"https:\/\/wordwall.net\/es\/resource\/18339577\/matem\u00e0tiques\">Sumes d&#8217;una o dues xifres<\/a><\/td>\n<td style=\"width: 50%; height: 32px;\"><a href=\"https:\/\/wordwall.net\/es\/resource\/32848488\/matem\u00e0tiques-ci\">Joc de sumes<\/a><\/td>\n<\/tr>\n<tr style=\"height: 32px;\">\n<td style=\"width: 50%; height: 32px;\"><a href=\"https:\/\/wordwall.net\/es\/resource\/29518482\/matem\u00e0tiques\/sumes-de-10-o-menys\">Sumes de 10 o menys<\/a><\/td>\n<td style=\"width: 50%; height: 32px;\"><\/td>\n<\/tr>\n<tr style=\"height: 32px;\">\n<td style=\"width: 50%; height: 32px;\"><\/td>\n<td style=\"width: 50%; height: 32px;\"><\/td>\n<\/tr>\n<\/tbody>\n<\/table>\n<p>&nbsp;<\/p>\n<p>M\u00daSICA<\/p>\n<table style=\"border-collapse: collapse; width: 100%; height: 88px;\">\n<tbody>\n<tr style=\"height: 56px;\">\n<td style=\"width: 50%; height: 56px;\"><a href=\"https:\/\/agora.xtec.cat\/iebaldomersola\/wp-content\/uploads\/usu721\/2023\/06\/thumbnail_song_maker.jpg\"><img loading=\"lazy\" decoding=\"async\" class=\"alignnone  wp-image-4856\" src=\"https:\/\/agora.xtec.cat\/iebaldomersola\/wp-content\/uploads\/usu721\/2023\/06\/thumbnail_song_maker.jpg\" alt=\"\" width=\"222\" height=\"222\" srcset=\"https:\/\/agora.xtec.cat\/iebaldomersola\/wp-content\/uploads\/usu721\/2023\/06\/thumbnail_song_maker.jpg 600w, https:\/\/agora.xtec.cat\/iebaldomersola\/wp-content\/uploads\/usu721\/2023\/06\/thumbnail_song_maker-300x300.jpg 300w, https:\/\/agora.xtec.cat\/iebaldomersola\/wp-content\/uploads\/usu721\/2023\/06\/thumbnail_song_maker-150x150.jpg 150w\" sizes=\"auto, (max-width: 222px) 100vw, 222px\" \/><\/a><\/p>\n<p><a href=\"https:\/\/musiclab.chromeexperiments.com\/\"><span style=\"font-weight: 400;\">Creaci\u00f3 de m\u00fasica<\/span><\/a><\/td>\n<td style=\"width: 50%; height: 56px;\">&nbsp;<\/p>\n<p><a href=\"https:\/\/agora.xtec.cat\/iebaldomersola\/wp-content\/uploads\/usu721\/2023\/06\/baixa.png\"><img loading=\"lazy\" decoding=\"async\" class=\"alignnone  wp-image-4859\" src=\"https:\/\/agora.xtec.cat\/iebaldomersola\/wp-content\/uploads\/usu721\/2023\/06\/baixa.png\" alt=\"\" width=\"322\" height=\"130\" srcset=\"https:\/\/agora.xtec.cat\/iebaldomersola\/wp-content\/uploads\/usu721\/2023\/06\/baixa.png 353w, https:\/\/agora.xtec.cat\/iebaldomersola\/wp-content\/uploads\/usu721\/2023\/06\/baixa-300x122.png 300w\" sizes=\"auto, (max-width: 322px) 100vw, 322px\" \/><\/a><\/p>\n<p><a href=\"https:\/\/aprendomusica.com\/const2\/04dictadoRitmico\/game.html\"><span style=\"font-weight: 400;\">Dictat de ritme<\/span><\/a><\/td>\n<\/tr>\n<tr style=\"height: 32px;\">\n<td style=\"width: 50%; height: 32px;\"><a href=\"https:\/\/agora.xtec.cat\/iebaldomersola\/wp-content\/uploads\/usu721\/2023\/06\/baixa-1.jpg\"><img loading=\"lazy\" decoding=\"async\" class=\"alignnone size-full wp-image-4857\" src=\"https:\/\/agora.xtec.cat\/iebaldomersola\/wp-content\/uploads\/usu721\/2023\/06\/baixa-1.jpg\" alt=\"\" width=\"293\" height=\"172\" \/><\/a><\/p>\n<p><a href=\"https:\/\/clic.xtec.cat\/projects\/bim_bam\/jclic.js\/index.html\"><span style=\"font-weight: 400;\">El so dels instruments<\/span><\/a><\/td>\n<td style=\"width: 50%; height: 32px;\"><a href=\"https:\/\/agora.xtec.cat\/iebaldomersola\/wp-content\/uploads\/usu721\/2023\/06\/para-que-sirve-la-clave-de-sol-en-el-pentagrama.png\"><img loading=\"lazy\" decoding=\"async\" class=\"alignnone  wp-image-4858\" src=\"https:\/\/agora.xtec.cat\/iebaldomersola\/wp-content\/uploads\/usu721\/2023\/06\/para-que-sirve-la-clave-de-sol-en-el-pentagrama.png\" alt=\"\" width=\"302\" height=\"108\" srcset=\"https:\/\/agora.xtec.cat\/iebaldomersola\/wp-content\/uploads\/usu721\/2023\/06\/para-que-sirve-la-clave-de-sol-en-el-pentagrama.png 838w, https:\/\/agora.xtec.cat\/iebaldomersola\/wp-content\/uploads\/usu721\/2023\/06\/para-que-sirve-la-clave-de-sol-en-el-pentagrama-300x107.png 300w, https:\/\/agora.xtec.cat\/iebaldomersola\/wp-content\/uploads\/usu721\/2023\/06\/para-que-sirve-la-clave-de-sol-en-el-pentagrama-768x275.png 768w\" sizes=\"auto, (max-width: 302px) 100vw, 302px\" \/><\/a><\/p>\n<p><a href=\"https:\/\/www.aprendomusica.com\/const2ca\/03agafanotes\/agafanotes.html\"><span style=\"font-weight: 400;\">Atrapa notes musicals<\/span><\/a><\/td>\n<\/tr>\n<\/tbody>\n<\/table>\n","protected":false},"excerpt":{"rendered":"<p>LLENGUA Una m\u00e0 de contes Per llegir Jocs en catal\u00e0 Quina sil\u00b7laba falta? Est\u00e0n ben escrites les paraules? Relaciona la imatge amb les paraules Ortograf\u00eda castell\u00e0 Comprensi\u00f3 lectora castell\u00e0 Can\u00e7ons en angl\u00e8s Una m\u00e0 de contes en angl\u00e8s MATEM\u00c0TIQUES Mates Resoluci\u00f3 de problemes de mates Operacions de mates Sumen 10 Sumes d&#8217;una o dues xifres [&hellip;]<\/p>\n","protected":false},"author":55,"featured_media":0,"parent":0,"menu_order":0,"comment_status":"closed","ping_status":"closed","template":"","meta":{"_bbp_topic_count":0,"_bbp_reply_count":0,"_bbp_total_topic_count":0,"_bbp_total_reply_count":0,"_bbp_voice_count":0,"_bbp_anonymous_reply_count":0,"_bbp_topic_count_hidden":0,"_bbp_reply_count_hidden":0,"_bbp_forum_subforum_count":0,"site-sidebar-layout":"default","site-content-layout":"","ast-site-content-layout":"","site-content-style":"default","site-sidebar-style":"default","ast-global-header-display":"","ast-banner-title-visibility":"","ast-main-header-display":"","ast-hfb-above-header-display":"","ast-hfb-below-header-display":"","ast-hfb-mobile-header-display":"","site-post-title":"","ast-breadcrumbs-content":"","ast-featured-img":"","footer-sml-layout":"","theme-transparent-header-meta":"","adv-header-id-meta":"","stick-header-meta":"","header-above-stick-meta":"","header-main-stick-meta":"","header-below-stick-meta":"","astra-migrate-meta-layouts":"default","ast-page-background-enabled":"default","ast-page-background-meta":{"desktop":{"background-color":"var(--ast-global-color-4)","background-image":"","background-repeat":"repeat","background-position":"center center","background-size":"auto","background-attachment":"scroll","background-type":"","background-media":"","overlay-type":"","overlay-color":"","overlay-opacity":"","overlay-gradient":""},"tablet":{"background-color":"","background-image":"","background-repeat":"repeat","background-position":"center center","background-size":"auto","background-attachment":"scroll","background-type":"","background-media":"","overlay-type":"","overlay-color":"","overlay-opacity":"","overlay-gradient":""},"mobile":{"background-color":"","background-image":"","background-repeat":"repeat","background-position":"center center","background-size":"auto","background-attachment":"scroll","background-type":"","background-media":"","overlay-type":"","overlay-color":"","overlay-opacity":"","overlay-gradient":""}},"ast-content-background-meta":{"desktop":{"background-color":"var(--ast-global-color-5)","background-image":"","background-repeat":"repeat","background-position":"center center","background-size":"auto","background-attachment":"scroll","background-type":"","background-media":"","overlay-type":"","overlay-color":"","overlay-opacity":"","overlay-gradient":""},"tablet":{"background-color":"var(--ast-global-color-5)","background-image":"","background-repeat":"repeat","background-position":"center center","background-size":"auto","background-attachment":"scroll","background-type":"","background-media":"","overlay-type":"","overlay-color":"","overlay-opacity":"","overlay-gradient":""},"mobile":{"background-color":"var(--ast-global-color-5)","background-image":"","background-repeat":"repeat","background-position":"center center","background-size":"auto","background-attachment":"scroll","background-type":"","background-media":"","overlay-type":"","overlay-color":"","overlay-opacity":"","overlay-gradient":""}},"footnotes":""},"class_list":["post-4851","page","type-page","status-publish","hentry"],"post_mailing_queue_ids":[],"_links":{"self":[{"href":"https:\/\/agora.xtec.cat\/iebaldomersola\/wp-json\/wp\/v2\/pages\/4851","targetHints":{"allow":["GET"]}}],"collection":[{"href":"https:\/\/agora.xtec.cat\/iebaldomersola\/wp-json\/wp\/v2\/pages"}],"about":[{"href":"https:\/\/agora.xtec.cat\/iebaldomersola\/wp-json\/wp\/v2\/types\/page"}],"author":[{"embeddable":true,"href":"https:\/\/agora.xtec.cat\/iebaldomersola\/wp-json\/wp\/v2\/users\/55"}],"replies":[{"embeddable":true,"href":"https:\/\/agora.xtec.cat\/iebaldomersola\/wp-json\/wp\/v2\/comments?post=4851"}],"version-history":[{"count":3,"href":"https:\/\/agora.xtec.cat\/iebaldomersola\/wp-json\/wp\/v2\/pages\/4851\/revisions"}],"predecessor-version":[{"id":4860,"href":"https:\/\/agora.xtec.cat\/iebaldomersola\/wp-json\/wp\/v2\/pages\/4851\/revisions\/4860"}],"wp:attachment":[{"href":"https:\/\/agora.xtec.cat\/iebaldomersola\/wp-json\/wp\/v2\/media?parent=4851"}],"curies":[{"name":"wp","href":"https:\/\/api.w.org\/{rel}","templated":true}]}}