{"id":887,"date":"2020-01-15T10:53:22","date_gmt":"2020-01-15T09:53:22","guid":{"rendered":"https:\/\/agora.xtec.cat\/iearts\/?page_id=887"},"modified":"2021-11-03T09:16:06","modified_gmt":"2021-11-03T08:16:06","slug":"escolessostenibles","status":"publish","type":"page","link":"https:\/\/agora.xtec.cat\/iearts\/projectes-2\/escolessostenibles\/","title":{"rendered":"Escoles+sostenibles"},"content":{"rendered":"<p dir=\"ltr\" style=\"line-height: 2.16; text-align: justify; margin-top: 0pt; margin-bottom: 0pt;\"><span style=\"font-size: 12pt; font-family: Arial; color: #000000; background-color: transparent; font-variant-numeric: normal; font-variant-east-asian: normal; vertical-align: baseline; white-space: pre-wrap;\">Barcelona+Sostenible \u00e9s la xarxa de m\u00e9s de 1.000 organitzacions compromeses amb la sostenibilitat ambiental, social i econ\u00f2mica que construeixen col\u00b7lectivament una ciutat responsable amb les persones i l&#8217;entorn.<\/span><a href=\"https:\/\/www.barcelona.cat\/barcelonasostenible\/ca\/escoles-sostenibles\"> <span style=\"font-size: 12pt; font-family: Arial; color: #0000ff; background-color: transparent; font-variant-numeric: normal; font-variant-east-asian: normal; text-decoration-line: underline; text-decoration-skip-ink: none; vertical-align: baseline; white-space: pre-wrap;\">https:\/\/www.barcelona.cat\/barcelonasostenible\/ca\/escoles-sostenibles.<\/span><\/a><\/p>\n<p dir=\"ltr\" style=\"line-height: 2.16; text-align: justify; margin-top: 0pt; margin-bottom: 0pt;\"><span style=\"font-size: 12pt; font-family: Arial; color: #000000; background-color: transparent; font-variant-numeric: normal; font-variant-east-asian: normal; vertical-align: baseline; white-space: pre-wrap;\">El\u00a0 Programa\u00a0 Escoles + Sostenibles contribueix a la sostenibilitat des de l&#8217;educaci\u00f3 i el reconeixement del paper de les escoles com a\u00a0 agents de canvi a la ciutat.<\/span><\/p>\n<p dir=\"ltr\" style=\"line-height: 2.16; text-align: justify; margin-top: 0pt; margin-bottom: 0pt;\"><span style=\"font-size: 12pt; font-family: Arial; color: #000000; background-color: transparent; font-variant-numeric: normal; font-variant-east-asian: normal; vertical-align: baseline; white-space: pre-wrap;\">L\u2019IE ARTS pertany en aquesta xarxa.<\/span><\/p>\n<p dir=\"ltr\">\n<p dir=\"ltr\" style=\"line-height: 2.16; text-align: justify; margin-top: 0pt; margin-bottom: 0pt;\"><span style=\"font-size: 12pt; font-family: Arial; color: #000000; background-color: transparent; font-variant-numeric: normal; font-variant-east-asian: normal; vertical-align: baseline; white-space: pre-wrap;\">Des de la comissi\u00f3 de sostenibilitat i amb la participaci\u00f3 de tota la Comunitat educativa, de l&#8217;IE ARTS es treballa en els seg\u00fcents \u00e0mbits;<\/span><\/p>\n<ul>\n<li dir=\"ltr\" style=\"line-height: 2.16; text-align: justify;\"><span style=\"font-size: 12pt; font-family: Arial; color: #000000; background-color: transparent; font-variant-numeric: normal; font-variant-east-asian: normal; vertical-align: baseline; white-space: pre-wrap;\">Reciclatge (aules, patis, sala professorat&#8230;): Promoure la reducci\u00f3 de <\/span>residus i la seva recollida selectiva al centre.<\/li>\n<li dir=\"ltr\" style=\"line-height: 2.16; text-align: justify;\"><span style=\"font-size: 12pt; font-family: Arial; color: #000000; background-color: transparent; font-variant-numeric: normal; font-variant-east-asian: normal; vertical-align: baseline; white-space: pre-wrap;\">Projecte sostenibilitat: Projecte interdisciplinar basat en un programa transversal de l&#8217;ODS, Objectius de Desenvolupament Sostenible que guien la implementaci\u00f3 de l&#8217;agenda 2030 de les Nacions Unides per al desenvolupament sostenible.<\/span><\/li>\n<li dir=\"ltr\" style=\"line-height: 2.16; text-align: justify;\"><span style=\"font-size: 12pt; font-family: Arial; color: #000000; background-color: transparent; font-variant-numeric: normal; font-variant-east-asian: normal; vertical-align: baseline; white-space: pre-wrap;\">Alimentaci\u00f3 equilibrada i de proximitat. Programa de fruita a les escoles. Esmorzars i dinars saludables.<\/span><\/li>\n<li dir=\"ltr\" style=\"line-height: 1.38; text-align: justify;\"><span style=\"font-size: 12pt; font-family: Arial; color: #000000; background-color: transparent; font-variant-numeric: normal; font-variant-east-asian: normal; vertical-align: baseline; white-space: pre-wrap;\">Hort: Treballar l&#8217;hort, con\u00e8ixer i participar en el proc\u00e9s de recol\u00b7lecci\u00f3 dels productes. <\/span><\/li>\n<li dir=\"ltr\" style=\"line-height: 2.16; text-align: justify;\"><span style=\"font-size: 12pt; font-family: Arial; color: #000000; background-color: transparent; font-variant-numeric: normal; font-variant-east-asian: normal; vertical-align: baseline; white-space: pre-wrap;\">Edifici sostenible:\u00a0 Vetllar per a que les obres que es realitzin els propers anys a l&#8217;edifici que ens ubicar\u00e0 definitivament tinguin en compte criteris de sostenibilitat: espai exterior suficient, accessos adaptats per mobilitat redu\u00efda&#8230;<\/span><\/li>\n<li dir=\"ltr\" style=\"line-height: 2.16; text-align: justify;\">\u00a0Estaci\u00f3 meteorol\u00f2gica.<\/li>\n<\/ul>\n<p dir=\"ltr\" style=\"line-height: 2.16; text-align: justify; margin-top: 0pt; margin-bottom: 0pt;\"><span style=\"font-size: 12pt; font-family: Arial; color: #000000; background-color: transparent; font-variant-numeric: normal; font-variant-east-asian: normal; vertical-align: baseline; white-space: pre-wrap;\">Tot plegat per promoure la cultura de la sostenibilitat i educar prenent consci\u00e8ncia de la import\u00e0ncia de cuidar casa nostre i cuidar el nostre planeta.<\/span><\/p>\n<p><span id=\"docs-internal-guid-5e75edbb-7fff-e243-ab60-ecaf1c898334\"><\/p>\n<p><\/span><\/p>\n","protected":false},"excerpt":{"rendered":"<p>Barcelona+Sostenible \u00e9s la xarxa de m\u00e9s de 1.000 organitzacions compromeses amb la sostenibilitat ambiental, social i econ\u00f2mica que construeixen col\u00b7lectivament una ciutat responsable amb les persones i l&#8217;entorn.<a href=\"https:\/\/www.barcelona.cat\/barcelonasostenible\/ca\/escoles-sostenibles\"> https:\/\/www.barcelona.cat\/barcelonasostenible\/ca\/escoles-sostenibles.<\/a><br \/>\nEl\u00a0 Programa\u00a0 Escoles + Sostenibles contribueix a la sostenibilitat des de l&#8217;educaci\u00f3 i el reconeixement del&hellip;  <a href=\"https:\/\/agora.xtec.cat\/iearts\/projectes-2\/escolessostenibles\/\" title=\"Read Escoles+sostenibles\">Llegeix m\u00e9s\u00bb<\/a><\/p>\n","protected":false},"author":1,"featured_media":0,"parent":975,"menu_order":10,"comment_status":"closed","ping_status":"closed","template":"page-templates\/side-menu.php","meta":{"_bbp_topic_count":0,"_bbp_reply_count":0,"_bbp_total_topic_count":0,"_bbp_total_reply_count":0,"_bbp_voice_count":0,"_bbp_anonymous_reply_count":0,"_bbp_topic_count_hidden":0,"_bbp_reply_count_hidden":0,"_bbp_forum_subforum_count":0,"footnotes":""},"class_list":["post-887","page","type-page","status-publish","hentry"],"post_mailing_queue_ids":[],"_links":{"self":[{"href":"https:\/\/agora.xtec.cat\/iearts\/wp-json\/wp\/v2\/pages\/887","targetHints":{"allow":["GET"]}}],"collection":[{"href":"https:\/\/agora.xtec.cat\/iearts\/wp-json\/wp\/v2\/pages"}],"about":[{"href":"https:\/\/agora.xtec.cat\/iearts\/wp-json\/wp\/v2\/types\/page"}],"author":[{"embeddable":true,"href":"https:\/\/agora.xtec.cat\/iearts\/wp-json\/wp\/v2\/users\/1"}],"replies":[{"embeddable":true,"href":"https:\/\/agora.xtec.cat\/iearts\/wp-json\/wp\/v2\/comments?post=887"}],"version-history":[{"count":2,"href":"https:\/\/agora.xtec.cat\/iearts\/wp-json\/wp\/v2\/pages\/887\/revisions"}],"predecessor-version":[{"id":3338,"href":"https:\/\/agora.xtec.cat\/iearts\/wp-json\/wp\/v2\/pages\/887\/revisions\/3338"}],"up":[{"embeddable":true,"href":"https:\/\/agora.xtec.cat\/iearts\/wp-json\/wp\/v2\/pages\/975"}],"wp:attachment":[{"href":"https:\/\/agora.xtec.cat\/iearts\/wp-json\/wp\/v2\/media?parent=887"}],"curies":[{"name":"wp","href":"https:\/\/api.w.org\/{rel}","templated":true}]}}