{"id":874,"date":"2020-01-15T10:32:40","date_gmt":"2020-01-15T09:32:40","guid":{"rendered":"https:\/\/agora.xtec.cat\/iearts\/?page_id=874"},"modified":"2020-02-05T10:53:43","modified_gmt":"2020-02-05T09:53:43","slug":"que-fem","status":"publish","type":"page","link":"https:\/\/agora.xtec.cat\/iearts\/projecte-educatiu-2\/que-fem\/","title":{"rendered":"Qu\u00e8 fem?"},"content":{"rendered":"<p style=\"text-align: justify;\"><strong><span style=\"color: #800000;\">Treball per projectes<\/span><\/strong><\/p>\n<p style=\"text-align: justify;\">El treball per projectes \u00e9s la l\u00ednia metodol\u00f2gica del nostre centre. Partim de situacions d&#8217;aprenentatge significatives per als alumnes en racons, ambients i projectes interdisciplinaris.<\/p>\n<p style=\"text-align: justify;\"><strong><span style=\"color: #800000;\">L&#8217;art com a forma d&#8217;entendre el m\u00f3n<\/span><\/strong><\/p>\n<p style=\"text-align: justify;\">El projecte art\u00edstic ens ajuda a entendre el m\u00f3n que ens envolta. L\u2019obra d\u2019art \u00e9s un objecte material, hist\u00f2ric, patrimonial i contenidor d\u2019emocions. Utilitzem l\u2019art per ensenyar als infants i joves a pensar i comunicar-se a trav\u00e9s de les estrat\u00e8gies de pensament visual (visual thinking strategies).<\/p>\n<p style=\"text-align: justify;\"><strong><span style=\"color: #800000;\">Tutories grupals<\/span><\/strong><\/p>\n<p style=\"text-align: justify;\">Acollim i acompanyem els infants i joves amb tutories grupals i individualitzades i amb projectes com ara \u00abParlem-ne\u00bb i \u00abEscolta\u2019m\u00bb.<\/p>\n<p style=\"text-align: justify;\"><strong><span style=\"color: #800000;\">Fam\u00edlies actives<\/span><\/strong><\/p>\n<p style=\"text-align: justify;\">Les fam\u00edlies participen activament en el proc\u00e9s educatiu i en la vida del centre.<a href=\"https:\/\/agora.xtec.cat\/iearts\/wp-content\/uploads\/usu1451\/2020\/02\/foto-tr\u00edptic-que-fem.jpg\"><img loading=\"lazy\" decoding=\"async\" class=\"alignright size-full wp-image-1145\" src=\"https:\/\/agora.xtec.cat\/iearts\/wp-content\/uploads\/usu1451\/2020\/02\/foto-tr\u00edptic-que-fem.jpg\" alt=\"\" width=\"422\" height=\"230\" srcset=\"https:\/\/agora.xtec.cat\/iearts\/wp-content\/uploads\/usu1451\/2020\/02\/foto-tr\u00edptic-que-fem.jpg 422w, https:\/\/agora.xtec.cat\/iearts\/wp-content\/uploads\/usu1451\/2020\/02\/foto-tr\u00edptic-que-fem-300x164.jpg 300w\" sizes=\"auto, (max-width: 422px) 100vw, 422px\" \/><\/a><\/p>\n<p style=\"text-align: justify;\"><strong><span style=\"color: #800000;\">Treball col\u00b7laboratiu<\/span><\/strong><\/p>\n<p style=\"text-align: justify;\">L\u2019alumnat treballa col\u00b7laborativament amb autonomia, tecnologia i sent conscient del seu propi aprenentatge.<\/p>\n<p>&nbsp;<\/p>\n","protected":false},"excerpt":{"rendered":"<p>Treball per projectes<br \/>\nEl treball per projectes \u00e9s la l\u00ednia metodol\u00f2gica del nostre centre. Partim de situacions d&#8217;aprenentatge significatives per als alumnes en racons, ambients i projectes interdisciplinaris.<br \/>\nL&#8217;art com a forma d&#8217;entendre el m\u00f3n<br \/>\nEl projecte art\u00edstic ens ajuda a entendre el m\u00f3n que ens envolta. L\u2019obra&hellip;  <a href=\"https:\/\/agora.xtec.cat\/iearts\/projecte-educatiu-2\/que-fem\/\" title=\"Read Qu\u00e8 fem?\">Llegeix m\u00e9s\u00bb<\/a><\/p>\n","protected":false},"author":1,"featured_media":0,"parent":862,"menu_order":10,"comment_status":"closed","ping_status":"closed","template":"page-templates\/side-menu.php","meta":{"_bbp_topic_count":0,"_bbp_reply_count":0,"_bbp_total_topic_count":0,"_bbp_total_reply_count":0,"_bbp_voice_count":0,"_bbp_anonymous_reply_count":0,"_bbp_topic_count_hidden":0,"_bbp_reply_count_hidden":0,"_bbp_forum_subforum_count":0,"footnotes":""},"class_list":["post-874","page","type-page","status-publish","hentry"],"post_mailing_queue_ids":[],"_links":{"self":[{"href":"https:\/\/agora.xtec.cat\/iearts\/wp-json\/wp\/v2\/pages\/874","targetHints":{"allow":["GET"]}}],"collection":[{"href":"https:\/\/agora.xtec.cat\/iearts\/wp-json\/wp\/v2\/pages"}],"about":[{"href":"https:\/\/agora.xtec.cat\/iearts\/wp-json\/wp\/v2\/types\/page"}],"author":[{"embeddable":true,"href":"https:\/\/agora.xtec.cat\/iearts\/wp-json\/wp\/v2\/users\/1"}],"replies":[{"embeddable":true,"href":"https:\/\/agora.xtec.cat\/iearts\/wp-json\/wp\/v2\/comments?post=874"}],"version-history":[{"count":3,"href":"https:\/\/agora.xtec.cat\/iearts\/wp-json\/wp\/v2\/pages\/874\/revisions"}],"predecessor-version":[{"id":1147,"href":"https:\/\/agora.xtec.cat\/iearts\/wp-json\/wp\/v2\/pages\/874\/revisions\/1147"}],"up":[{"embeddable":true,"href":"https:\/\/agora.xtec.cat\/iearts\/wp-json\/wp\/v2\/pages\/862"}],"wp:attachment":[{"href":"https:\/\/agora.xtec.cat\/iearts\/wp-json\/wp\/v2\/media?parent=874"}],"curies":[{"name":"wp","href":"https:\/\/api.w.org\/{rel}","templated":true}]}}