{"id":69,"date":"2014-09-18T10:15:07","date_gmt":"2014-09-18T09:15:07","guid":{"rendered":"http:\/\/agora.xtec.cat\/iearts\/?page_id=69"},"modified":"2022-02-07T17:46:02","modified_gmt":"2022-02-07T16:46:02","slug":"menjador-escolar","status":"publish","type":"page","link":"https:\/\/agora.xtec.cat\/iearts\/serveis\/menjador-escolar\/","title":{"rendered":"Espai de Migdia"},"content":{"rendered":"<div>\n<p>Des de l&#8217;Institut escola Arts treballem per poder d&#8217;integrar el temps del migdia dins de la l\u00ednia pedag\u00f2gica del centre. \u00c9s per aquest motiu que prenem una atenci\u00f3 espec\u00edfica, amb uns objectius i una intencionalitat clara en aquest espai. Relacionat amb l&#8217;alimentaci\u00f3 dels nostres infants i joves,\u00a0treballem\u00a0per aconseguir productes naturals, frescos i ecol\u00f2gics, adaptant sempre els men\u00fas amb productes de temporada, per tal que el dinar, sigui una experi\u00e8ncia gratificant i gustosa.<br \/>\nRespecte a l&#8217;estona de lleure, creiem que ha de ser considerada com un espai on l&#8217;infant pugui desenvolupar el seu progr\u00e9s personal de manera integral. \u00c9s per aix\u00f2, que hem de vetllar perqu\u00e8 aquesta sigui diversa, coeducadora, participativa, lliure i cooperativa.<br \/>\nEs va apostar per comen\u00e7ar aquest curs 21\/22 amb l&#8217;empresa Valors i la cooperativa Esguard en l&#8217;espai de migdia, ja que estan totalment en la\u00a0l\u00ednia\u00a0que l&#8217;escola vol continuar millorant, aprenent i creixent.<\/p>\n<\/div>\n<table style=\"height: 370px; width: 99.4166%;\">\n<tbody>\n<tr style=\"height: 83px;\">\n<td style=\"width: 496px; height: 416px;\" rowspan=\"2\">\n<p style=\"text-align: center;\"><strong><span style=\"font-size: 300%;\">\u00a0<\/span><\/strong><\/p>\n<p style=\"text-align: center;\"><strong><span style=\"font-size: 300%;\">Men\u00fas mensuals<\/span><\/strong><\/p>\n<p><a href=\"https:\/\/agora.xtec.cat\/iearts\/serveis\/menjador-escolar\/menus\/\" target=\"_blank\" rel=\"noopener noreferrer\"><img loading=\"lazy\" decoding=\"async\" class=\"wp-image-541 aligncenter\" src=\"https:\/\/agora.xtec.cat\/iearts\/wp-content\/uploads\/usu1451\/2019\/10\/Captura-de-pantalla-2019-10-07-a-las-21.06.08-1024x1014.png\" alt=\"\" width=\"187\" height=\"185\" srcset=\"https:\/\/agora.xtec.cat\/iearts\/wp-content\/uploads\/usu1451\/2019\/10\/Captura-de-pantalla-2019-10-07-a-las-21.06.08-1024x1014.png 1024w, https:\/\/agora.xtec.cat\/iearts\/wp-content\/uploads\/usu1451\/2019\/10\/Captura-de-pantalla-2019-10-07-a-las-21.06.08-300x297.png 300w, https:\/\/agora.xtec.cat\/iearts\/wp-content\/uploads\/usu1451\/2019\/10\/Captura-de-pantalla-2019-10-07-a-las-21.06.08-768x761.png 768w, https:\/\/agora.xtec.cat\/iearts\/wp-content\/uploads\/usu1451\/2019\/10\/Captura-de-pantalla-2019-10-07-a-las-21.06.08.png 1067w\" sizes=\"auto, (max-width: 187px) 100vw, 187px\" \/><\/a><\/td>\n<td style=\"width: 510px; height: 208px;\" colspan=\"2\">\n<p style=\"text-align: center;\"><a href=\"https:\/\/agora.xtec.cat\/iearts\/wp-content\/uploads\/usu1451\/2021\/09\/Restauracio\u0301-Valors.pdf\"><span style=\"font-size: 42px;\"><b>Projecte integral migdia VALORS<\/b><\/span><\/a><\/p>\n<p>&nbsp;<\/td>\n<\/tr>\n<tr style=\"height: 137px;\">\n<td style=\"width: 510px; height: 208px;\" colspan=\"2\">\n<h1 style=\"text-align: center;\"><a href=\"https:\/\/agora.xtec.cat\/iearts\/wp-content\/uploads\/usu1451\/2021\/09\/Projecte-educatiu-Esguard.docx.pdf\"><span style=\"font-size: 42px;\"><b>Projecte educatiu l&#8217;estona del migdia ESGUARD<\/b><\/span><\/a><\/h1>\n<\/td>\n<\/tr>\n<\/tbody>\n<\/table>\n<p>&nbsp;<\/p>\n<p>&nbsp;<\/p>\n<p><strong>INFORMACI\u00d3 SOL\u00b7LICITUD D&#8217;AJUT DE MENJADOR CURS 2021-22<\/strong><\/p>\n<p><strong><br \/>\n-TERMINI<\/strong>: <strong>2n per\u00edode obert fins el 28 de febrer<\/strong><\/p>\n<p><strong>-MODALITAT: <\/strong>nom\u00e9s es pot fer telem\u00e0ticament a trav\u00e9s del <a href=\"http:\/\/www.edubcn.cat\">web<\/a> del Consorci d&#8217;Educaci\u00f3 de Barcelona.<\/p>\n<p><strong>-IMPORTANT:<\/strong> Un cop feta la sol\u00b7licitud telem\u00e0tica, heu de portar al centre l&#8217;impr\u00e8s de la sol\u00b7licitud signada (nom\u00e9s matins de 9h a 12:30h).<\/p>\n<p>\u00c9s obligatori indicar l&#8217;IDALU de l&#8217;alumne\/a, Les fam\u00edlies que heu rebut aquest curs ajut de menjador, rebreu un SMS amb el n\u00famero d&#8217;IDALU. Els alumnes de prim\u00e0ria tamb\u00e9 trobareu aquesta dada als informes trimestrals. La resta ens ho podeu demanar per mail o trucant al centre.<\/p>\n<p>Si no podeu fer la sol\u00b7licitud telem\u00e0ticament podeu anar a las seg\u00fcents oficines (amb cita previa):<\/p>\n<ul>\n<li>Consorci d&#8217;Educaci\u00f3 de Barcelona (c\/Roger de Ll\u00faria,3)<\/li>\n<li>OME Ciutat Vella (Placeta del Pi,2)<\/li>\n<li>OME Nou Barris (c\/Nil, 27 baixos)<\/li>\n<li>OME Sant Andreu (c\/Sant Adri\u00e0,20)<\/li>\n<\/ul>\n<p>Per demanar cita pr\u00e8via:<\/p>\n<ul>\n<li>A trav\u00e9s del web del Consorci <u><a href=\"https:\/\/citaprevia.gestorn.com\/ce#nbb\">https:\/\/citaprevia.gestorn.com\/ce#nbb<\/a><\/u><\/li>\n<li>Centraleta del Consorci: 93 551 10 00<\/li>\n<li>012<\/li>\n<\/ul>\n<p>Per a qualsevol dubte o consulta podeu trucar al centre<\/p>\n<p>&nbsp;<\/p>\n","protected":false},"excerpt":{"rendered":"<p>Des de l&#8217;Institut escola Arts treballem per poder d&#8217;integrar el temps del migdia dins de la l\u00ednia pedag\u00f2gica del centre. \u00c9s per aquest motiu que prenem una atenci\u00f3 espec\u00edfica, amb uns objectius i una intencionalitat clara en aquest espai. Relacionat amb l&#8217;alimentaci\u00f3 dels nostres infants&hellip;  <a href=\"https:\/\/agora.xtec.cat\/iearts\/serveis\/menjador-escolar\/\" title=\"Read Espai de Migdia\">Llegeix m\u00e9s\u00bb<\/a><\/p>\n","protected":false},"author":1,"featured_media":0,"parent":63,"menu_order":20,"comment_status":"closed","ping_status":"closed","template":"page-templates\/side-menu.php","meta":{"_bbp_topic_count":0,"_bbp_reply_count":0,"_bbp_total_topic_count":0,"_bbp_total_reply_count":0,"_bbp_voice_count":0,"_bbp_anonymous_reply_count":0,"_bbp_topic_count_hidden":0,"_bbp_reply_count_hidden":0,"_bbp_forum_subforum_count":0,"footnotes":""},"class_list":["post-69","page","type-page","status-publish","hentry"],"post_mailing_queue_ids":[],"_links":{"self":[{"href":"https:\/\/agora.xtec.cat\/iearts\/wp-json\/wp\/v2\/pages\/69","targetHints":{"allow":["GET"]}}],"collection":[{"href":"https:\/\/agora.xtec.cat\/iearts\/wp-json\/wp\/v2\/pages"}],"about":[{"href":"https:\/\/agora.xtec.cat\/iearts\/wp-json\/wp\/v2\/types\/page"}],"author":[{"embeddable":true,"href":"https:\/\/agora.xtec.cat\/iearts\/wp-json\/wp\/v2\/users\/1"}],"replies":[{"embeddable":true,"href":"https:\/\/agora.xtec.cat\/iearts\/wp-json\/wp\/v2\/comments?post=69"}],"version-history":[{"count":4,"href":"https:\/\/agora.xtec.cat\/iearts\/wp-json\/wp\/v2\/pages\/69\/revisions"}],"predecessor-version":[{"id":3728,"href":"https:\/\/agora.xtec.cat\/iearts\/wp-json\/wp\/v2\/pages\/69\/revisions\/3728"}],"up":[{"embeddable":true,"href":"https:\/\/agora.xtec.cat\/iearts\/wp-json\/wp\/v2\/pages\/63"}],"wp:attachment":[{"href":"https:\/\/agora.xtec.cat\/iearts\/wp-json\/wp\/v2\/media?parent=69"}],"curies":[{"name":"wp","href":"https:\/\/api.w.org\/{rel}","templated":true}]}}