{"id":55,"date":"2014-09-17T16:59:49","date_gmt":"2014-09-17T16:59:49","guid":{"rendered":"http:\/\/agora.xtec.cat\/iearts\/?page_id=55"},"modified":"2021-10-13T09:33:23","modified_gmt":"2021-10-13T07:33:23","slug":"horaris","status":"publish","type":"page","link":"https:\/\/agora.xtec.cat\/iearts\/linstitutescola\/horaris\/","title":{"rendered":"Horaris"},"content":{"rendered":"<p><strong>HORARI DEL CENTRE<\/strong><\/p>\n<p><strong>EDUCACI\u00d3 INFANTIL I PRIM\u00c0RIA<\/strong><br \/>\nDe dilluns a divendres 9h. a 12:30h. i de 14:30h a 16h.<br \/>\nEspai de migdia: 12.30 a 14.30<br \/>\nExtraescolars: 16.00 a 17.00h<\/p>\n<p><strong>EDUCACI\u00d3 SECUND\u00c0RIA OBLIGAT\u00d2RIA<\/strong><br \/>\ndilluns i dimarts de 8:30h. a 13:30h. i de 14:30h. a 16:30h.<br \/>\ndimecres, dijous i divendres de\u00a0 8:30h. a 14:30h<\/p>\n","protected":false},"excerpt":{"rendered":"<p>HORARI DEL CENTRE<br \/>\nEDUCACI\u00d3 INFANTIL I PRIM\u00c0RIA<br \/>\nDe dilluns a divendres 9h. a 12:30h. i de 14:30h a 16h.<br \/>\nEspai de migdia: 12.30 a 14.30<br \/>\nExtraescolars: 16.00 a 17.00h<br \/>\nEDUCACI\u00d3 SECUND\u00c0RIA OBLIGAT\u00d2RIA<br \/>\ndilluns i dimarts de 8:30h. a 13:30h. i de 14:30h. a 16:30h.<br \/>\ndimecres, dijous i divendres de\u00a0 8:30h. a 14:30h<\/p>\n","protected":false},"author":1,"featured_media":0,"parent":19,"menu_order":80,"comment_status":"closed","ping_status":"closed","template":"page-templates\/side-menu.php","meta":{"_bbp_topic_count":0,"_bbp_reply_count":0,"_bbp_total_topic_count":0,"_bbp_total_reply_count":0,"_bbp_voice_count":0,"_bbp_anonymous_reply_count":0,"_bbp_topic_count_hidden":0,"_bbp_reply_count_hidden":0,"_bbp_forum_subforum_count":0,"footnotes":""},"class_list":["post-55","page","type-page","status-publish","hentry"],"post_mailing_queue_ids":[],"_links":{"self":[{"href":"https:\/\/agora.xtec.cat\/iearts\/wp-json\/wp\/v2\/pages\/55","targetHints":{"allow":["GET"]}}],"collection":[{"href":"https:\/\/agora.xtec.cat\/iearts\/wp-json\/wp\/v2\/pages"}],"about":[{"href":"https:\/\/agora.xtec.cat\/iearts\/wp-json\/wp\/v2\/types\/page"}],"author":[{"embeddable":true,"href":"https:\/\/agora.xtec.cat\/iearts\/wp-json\/wp\/v2\/users\/1"}],"replies":[{"embeddable":true,"href":"https:\/\/agora.xtec.cat\/iearts\/wp-json\/wp\/v2\/comments?post=55"}],"version-history":[{"count":4,"href":"https:\/\/agora.xtec.cat\/iearts\/wp-json\/wp\/v2\/pages\/55\/revisions"}],"predecessor-version":[{"id":3253,"href":"https:\/\/agora.xtec.cat\/iearts\/wp-json\/wp\/v2\/pages\/55\/revisions\/3253"}],"up":[{"embeddable":true,"href":"https:\/\/agora.xtec.cat\/iearts\/wp-json\/wp\/v2\/pages\/19"}],"wp:attachment":[{"href":"https:\/\/agora.xtec.cat\/iearts\/wp-json\/wp\/v2\/media?parent=55"}],"curies":[{"name":"wp","href":"https:\/\/api.w.org\/{rel}","templated":true}]}}