{"id":934,"date":"2017-02-20T16:51:44","date_gmt":"2017-02-20T15:51:44","guid":{"rendered":"http:\/\/agora.xtec.cat\/ieaoriolmartorell\/?page_id=934"},"modified":"2024-03-05T08:43:59","modified_gmt":"2024-03-05T07:43:59","slug":"departaments-de-dansa","status":"publish","type":"page","link":"https:\/\/agora.xtec.cat\/ieaoriolmartorell\/departaments-de-dansa\/","title":{"rendered":"Departaments de Dansa"},"content":{"rendered":"<p><audio class=\"audio-for-speech\"><\/audio><\/p>\n<div class=\"translate-tooltip-mtz blue sm-root translate hidden_translate\">\n<div class=\"header-wrapper\">\n<div class=\"header-controls\"><\/div>\n<div class=\"header-title\">translator<\/div>\n<div class=\"translate-icons\"><img class=\"from\" \/> <img decoding=\"async\" class=\"translate-arrow\" src=\"chrome-extension:\/\/bebmphofpgkhclocdbgomhnjcpelbenh\/images\/right-arrow.png\" \/><\/p>\n<div class=\"translate_to_dropdown\"><button id=\"dropdownMenuButton1\" class=\"dropbtn dropdown-toggle\" type=\"button\" aria-expanded=\"false\"><\/button><\/p>\n<ul class=\"dropdown-content-wrapper languageSelector blue\">\n<li><a class=\"dropdown-item\" data-lang=\"af\">Afrikaans<\/a><\/li>\n<li><a class=\"dropdown-item\" data-lang=\"sq\">Albanian &#8211; shqipe<\/a><\/li>\n<li><a class=\"dropdown-item\" data-lang=\"ar\">Arabic &#8211; \u200e\u202b\u0627\u0644\u0639\u0631\u0628\u064a\u0629\u202c\u200e<\/a><\/li>\n<li><a class=\"dropdown-item\" data-lang=\"hy\">Armenian &#8211; \u0540\u0561\u0575\u0565\u0580\u0567\u0576<\/a><\/li>\n<li><a class=\"dropdown-item\" data-lang=\"az\">Azerbaijani &#8211; az\u0259rbaycanca<\/a><\/li>\n<li><a class=\"dropdown-item\" data-lang=\"eu\">Basque &#8211; euskara<\/a><\/li>\n<li><a class=\"dropdown-item\" data-lang=\"be\">Belarusian &#8211; \u0431\u0435\u043b\u0430\u0440\u0443\u0441\u043a\u0430\u044f<\/a><\/li>\n<li><a class=\"dropdown-item\" data-lang=\"bn\">Bengali &#8211; \u09ac\u09be\u0982\u09b2\u09be<\/a><\/li>\n<li><a class=\"dropdown-item\" data-lang=\"bg\">Bulgarian &#8211; \u0431\u044a\u043b\u0433\u0430\u0440\u0441\u043a\u0438<\/a><\/li>\n<li><a class=\"dropdown-item\" data-lang=\"ca\">Catalan &#8211; catal\u00e0<\/a><\/li>\n<li><a class=\"dropdown-item\" data-lang=\"zh-CN\">Chinese &#8211; \u4e2d\u6587\uff08\u7b80\u4f53\u4e2d\u6587\uff09<\/a><\/li>\n<li><a class=\"dropdown-item\" data-lang=\"zh-TW\">Chinese &#8211; \u4e2d\u6587 (\u7e41\u9ad4\u4e2d\u6587)<\/a><\/li>\n<li><a class=\"dropdown-item\" data-lang=\"hr\">Croatian &#8211; hrvatski<\/a><\/li>\n<li><a class=\"dropdown-item\" data-lang=\"cs\">Czech &#8211; \u010de\u0161tina<\/a><\/li>\n<li><a class=\"dropdown-item\" data-lang=\"da\">Danish &#8211; dansk<\/a><\/li>\n<li><a class=\"dropdown-item\" data-lang=\"nl\">Dutch &#8211; Nederlands<\/a><\/li>\n<li><a class=\"dropdown-item\" data-lang=\"en\">English<\/a><\/li>\n<li><a class=\"dropdown-item\" data-lang=\"eo\">Esperanto &#8211; esperanto<\/a><\/li>\n<li><a class=\"dropdown-item\" data-lang=\"et\">Estonian &#8211; eesti<\/a><\/li>\n<li><a class=\"dropdown-item\" data-lang=\"tl\">Filipino<\/a><\/li>\n<li><a class=\"dropdown-item\" data-lang=\"fi\">Finnish &#8211; suomi<\/a><\/li>\n<li><a class=\"dropdown-item\" data-lang=\"fr\">French &#8211; fran\u00e7ais<\/a><\/li>\n<li><a class=\"dropdown-item\" data-lang=\"gl\">Galician &#8211; galego<\/a><\/li>\n<li><a class=\"dropdown-item\" data-lang=\"ka\">Georgian &#8211; \u10e5\u10d0\u10e0\u10d7\u10e3\u10da\u10d8<\/a><\/li>\n<li><a class=\"dropdown-item\" data-lang=\"de\">German &#8211; Deutsch<\/a><\/li>\n<li><a class=\"dropdown-item\" data-lang=\"el\">Greek &#8211; \u0395\u03bb\u03bb\u03b7\u03bd\u03b9\u03ba\u03ac<\/a><\/li>\n<li><a class=\"dropdown-item\" data-lang=\"gu\">Gujarati &#8211; \u0a97\u0ac1\u0a9c\u0ab0\u0abe\u0aa4\u0ac0<\/a><\/li>\n<li><a class=\"dropdown-item\" data-lang=\"ht\">Haitian Creole &#8211; krey\u00f2l ayisyen<\/a><\/li>\n<li><a class=\"dropdown-item\" data-lang=\"iw\">Hebrew &#8211; \u200e\u202b\u05e2\u05d1\u05e8\u05d9\u05ea\u202c\u200e<\/a><\/li>\n<li><a class=\"dropdown-item\" data-lang=\"hi\">Hindi &#8211; \u0939\u093f\u0928\u094d\u0926\u0940<\/a><\/li>\n<li><a class=\"dropdown-item\" data-lang=\"hu\">Hungarian &#8211; magyar<\/a><\/li>\n<li><a class=\"dropdown-item\" data-lang=\"is\">Icelandic &#8211; \u00edslenska<\/a><\/li>\n<li><a class=\"dropdown-item\" data-lang=\"id\">Indonesian &#8211; Bahasa Indonesia<\/a><\/li>\n<li><a class=\"dropdown-item\" data-lang=\"ga\">Irish &#8211; Gaeilge<\/a><\/li>\n<li><a class=\"dropdown-item\" data-lang=\"it\">Italian &#8211; italiano<\/a><\/li>\n<li><a class=\"dropdown-item\" data-lang=\"ja\">Japanese &#8211; \u65e5\u672c\u8a9e<\/a><\/li>\n<li><a class=\"dropdown-item\" data-lang=\"kn\">Kannada &#8211; \u0c95\u0ca8\u0ccd\u0ca8\u0ca1<\/a><\/li>\n<li><a class=\"dropdown-item\" data-lang=\"ko\">Korean &#8211; \ud55c\uad6d\uc5b4<\/a><\/li>\n<li><a class=\"dropdown-item\" data-lang=\"la\">Latin &#8211; Lingua Latina<\/a><\/li>\n<li><a class=\"dropdown-item\" data-lang=\"lv\">Latvian &#8211; latvie\u0161u<\/a><\/li>\n<li><a class=\"dropdown-item\" data-lang=\"lt\">Lithuanian &#8211; lietuvi\u0173<\/a><\/li>\n<li><a class=\"dropdown-item\" data-lang=\"mk\">Macedonian &#8211; \u043c\u0430\u043a\u0435\u0434\u043e\u043d\u0441\u043a\u0438<\/a><\/li>\n<li><a class=\"dropdown-item\" data-lang=\"ms\">Malay &#8211; Bahasa Melayu<\/a><\/li>\n<li><a class=\"dropdown-item\" data-lang=\"mt\">Maltese &#8211; Malti<\/a><\/li>\n<li><a class=\"dropdown-item\" data-lang=\"no\">Norwegian &#8211; norsk<\/a><\/li>\n<li><a class=\"dropdown-item\" data-lang=\"fa\">Persian &#8211; \u200e\u202b\u0641\u0627\u0631\u0633\u06cc\u202c\u200e<\/a><\/li>\n<li><a class=\"dropdown-item\" data-lang=\"pl\">Polish &#8211; polski<\/a><\/li>\n<li><a class=\"dropdown-item\" data-lang=\"pt\">Portuguese &#8211; portugu\u00eas<\/a><\/li>\n<li><a class=\"dropdown-item\" data-lang=\"ro\">Romanian &#8211; rom\u00e2n\u0103<\/a><\/li>\n<li><a class=\"dropdown-item\" data-lang=\"ru\">Russian &#8211; \u0440\u0443\u0441\u0441\u043a\u0438\u0439<\/a><\/li>\n<li><a class=\"dropdown-item\" data-lang=\"sr\">Serbian &#8211; \u0421\u0440\u043f\u0441\u043a\u0438<\/a><\/li>\n<li><a class=\"dropdown-item\" data-lang=\"sk\">Slovak &#8211; sloven\u010dina<\/a><\/li>\n<li><a class=\"dropdown-item\" data-lang=\"sl\">Slovenian &#8211; sloven\u0161\u010dina<\/a><\/li>\n<li><a class=\"dropdown-item\" data-lang=\"es\">Spanish &#8211; espa\u00f1ol<\/a><\/li>\n<li><a class=\"dropdown-item\" data-lang=\"sw\">Swahili &#8211; Kiswahili<\/a><\/li>\n<li><a class=\"dropdown-item\" data-lang=\"sv\">Swedish &#8211; svenska<\/a><\/li>\n<li><a class=\"dropdown-item\" data-lang=\"ta\">Tamil &#8211; \u0ba4\u0bae\u0bbf\u0bb4\u0bcd<\/a><\/li>\n<li><a class=\"dropdown-item\" data-lang=\"te\">Telugu &#8211; \u0c24\u0c46\u0c32\u0c41\u0c17\u0c41<\/a><\/li>\n<li><a class=\"dropdown-item\" data-lang=\"th\">Thai &#8211; \u0e44\u0e17\u0e22<\/a><\/li>\n<li><a class=\"dropdown-item\" data-lang=\"tr\">Turkish &#8211; T\u00fcrk\u00e7e<\/a><\/li>\n<li><a class=\"dropdown-item\" data-lang=\"uk\">Ukrainian &#8211; \u0443\u043a\u0440\u0430\u0457\u043d\u0441\u044c\u043a\u0430<\/a><\/li>\n<li><a class=\"dropdown-item\" data-lang=\"ur\">Urdu &#8211; \u200e\u202b\u0627\u0631\u062f\u0648\u202c\u200e<\/a><\/li>\n<li><a class=\"dropdown-item\" data-lang=\"vi\">Vietnamese &#8211; Ti\u1ebfng Vi\u1ec7t<\/a><\/li>\n<li><a class=\"dropdown-item\" data-lang=\"cy\">Welsh &#8211; Cymraeg<\/a><\/li>\n<li><a class=\"dropdown-item\" data-lang=\"yi\">Yiddish &#8211; \u05d9\u05d9\u05d3\u05d9\u05e9<\/a><\/li>\n<\/ul>\n<\/div>\n<\/div>\n<\/div>\n<div class=\"translated-text\">\n<div id=\"translator-words\" class=\"words\"><\/div>\n<div class=\"sentences blue\"><\/div>\n<\/div>\n<div class=\"trans_controls\">\n<div class=\"trans_controls__control-wrapper double_click\">\n<div class=\"trans_controls__inner-circle\"><\/div>\n<p><span class=\"trans_controls__description\"> Double-click <\/span><\/div>\n<div class=\"trans_controls__control-wrapper selection\">\n<div class=\"trans_controls__inner-circle\"><\/div>\n<p><span class=\"trans_controls__description\"> Select to translate <\/span><\/div>\n<\/div>\n<\/div>\n<p>&nbsp;<\/p>\n<p>&nbsp;<\/p>\n<p><span style=\"font-size: 14pt;\"><b>DEPARTAMENT DE DANSA CL\u00c0SSICA<\/b><\/span><\/p>\n<p>Cap de departament: Elena Bernal S\u00e1nchez<\/p>\n<p><strong>NIVELL ELEMENTAL:<\/strong><\/p>\n<p><span style=\"font-weight: 400;\">Mat\u00e8ries: Dansa cl\u00e0ssica<\/span><\/p>\n<p><span style=\"font-weight: 400;\">Professorat :<\/span><\/p>\n<ul>\n<li>Diana Miqueo<\/li>\n<li style=\"font-weight: 400;\">Xesca Casagran<\/li>\n<li style=\"font-weight: 400;\">Vict\u00f2ria Buil<\/li>\n<li>Isabel Millan<\/li>\n<li>Eva Viaroli<\/li>\n<li>Amparo Conesa<\/li>\n<\/ul>\n<p><strong>GRAU PROFESSIONAL:<\/strong><\/p>\n<p><span style=\"font-weight: 400;\">Mat\u00e8ries: Dansa cl\u00e0ssica, t\u00e8cnica de puntes, t\u00e8cnica d&#8217;home, pas a dos, variacions, tallers de dansa de repertori i de creaci\u00f3, pr\u00e0ctica esc\u00e8nica.<\/span><\/p>\n<p>Professorat:<\/p>\n<ul>\n<li>Elena Bernal<\/li>\n<li style=\"font-weight: 400;\">Jer\u00f3nimo Forteza<\/li>\n<li>Anna Planas<\/li>\n<li>Diana Miqueo<\/li>\n<li>Alejandro Altamirano<\/li>\n<li>Eva Viaroli<\/li>\n<li>Laura Ruiz<\/li>\n<li>Amparo Conesa<\/li>\n<li>Xesca Casagran<\/li>\n<\/ul>\n<p><span style=\"font-size: 14pt;\"><b>DEPARTAMENT DE DANSA CONTEMPOR\u00c0NIA<\/b><\/span><\/p>\n<p>Cap de departament: Elena Garcia Pous<\/p>\n<p><strong>NIVELL ELEMENTAL:<\/strong><\/p>\n<p><span style=\"font-weight: 400;\">Mat\u00e8ries: Dansa creativa, Iniciaci\u00f3 a la dansa contempor\u00e0nia<\/span><\/p>\n<p><span style=\"font-weight: 400;\">Professorat:<\/span><\/p>\n<ul>\n<li>Sara L\u00f3pez<\/li>\n<li>Maribel Mart\u00ednez<\/li>\n<li>Joan Palau<\/li>\n<li><span style=\"font-weight: 400;\">Xavi Tur<\/span><\/li>\n<li>Txell Mur<\/li>\n<li>Elena Garcia<\/li>\n<\/ul>\n<p><strong>GRAU PROFESSIONAL:<\/strong><\/p>\n<p><span style=\"font-weight: 400;\">Mat\u00e8ries: Dansa contempor\u00e0nia, improvisaci\u00f3, Contact improvisation,\u00a0 pas a dos, variacions, tallers de repertori i de creaci\u00f3, pr\u00e0ctica esc\u00e8nica.<\/span><\/p>\n<p>Professorat Grau Professional:<\/p>\n<ul>\n<li><span style=\"font-weight: 400;\">Joan Palau<\/span><\/li>\n<li><span style=\"font-weight: 400;\">Maria Roca<\/span><\/li>\n<li>\u00c1frica Navarro<\/li>\n<li>Viviana Escal\u00e9<\/li>\n<li>Maureeen L\u00f3pez Lembo<\/li>\n<li>Maribel Mart\u00ednez<\/li>\n<li>Elena Garcia<\/li>\n<\/ul>\n<p><span style=\"font-size: 14pt;\"><b>DEPARTAMENT DE DANSA ESPANYOLA<\/b><\/span><\/p>\n<p>Cap de departament: Laura Almenta<\/p>\n<p><span style=\"font-weight: 400;\">Mat\u00e8ries Nivell Elemental : dansa estilitzada, escola bolera, dansa tradicional, castanyoles i tallers.<\/span><\/p>\n<p><span style=\"font-weight: 400;\">Professorat Nivell elemental:<\/span><\/p>\n<ul>\n<li style=\"font-weight: 400;\"><span style=\"font-weight: 400;\">N\u00faria Selga<\/span><\/li>\n<li style=\"font-weight: 400;\"><span style=\"font-weight: 400;\">Kattia Vallv\u00e9<\/span><\/li>\n<li style=\"font-weight: 400;\"><span style=\"font-weight: 400;\">Consol Grau<\/span><\/li>\n<li>Laura Almenta<\/li>\n<\/ul>\n<p><b>DEPARTAMENT DE SALUT I COS<\/b><\/p>\n<p><span style=\"font-weight: 400;\">Cap de departament: Aroa C\u00f3rdoba<\/span><\/p>\n<p><span style=\"font-weight: 400;\">Mat\u00e8ries: salut i cos (entrenament corporal), anatomia aplicada, treball f\u00edsic i educaci\u00f3 postural. Tallers de dansa.<\/span><\/p>\n<p><span style=\"font-weight: 400;\">Atenci\u00f3 fisioter\u00e0pia (refor\u00e7os i seguiment de l\u2019alumnat), i consulta m\u00e8dica.<\/span><\/p>\n<p><span style=\"font-weight: 400;\">Professorat: <\/span><\/p>\n<ul>\n<li style=\"font-weight: 400;\"><span style=\"font-weight: 400;\">Aroa C\u00f3rdoba &#8211; fisioterapeuta\u00a0<\/span><\/li>\n<li>Carmen del Pino &#8211; fisioterapeuta<\/li>\n<li>Elena Manera\u00a0 fisioterapeuta<\/li>\n<li style=\"font-weight: 400;\"><span style=\"font-weight: 400;\">Laura Almenta<\/span><\/li>\n<li style=\"font-weight: 400;\"><span style=\"font-weight: 400;\">Txell Mur\u00a0<\/span><\/li>\n<li style=\"font-weight: 400;\"><span style=\"font-weight: 400;\">Katia Vallv\u00e9<\/span><\/li>\n<li style=\"font-weight: 400;\"><span style=\"font-weight: 400;\">N\u00faria Selga\u00a0<\/span><\/li>\n<li style=\"font-weight: 400;\"><span style=\"font-weight: 400;\">Carles Pu\u00e9rtolas &#8211; metge consultor<\/span><\/li>\n<\/ul>\n<p><b>DEPARTAMENT DE M\u00daSICA<\/b><\/p>\n<p><span style=\"font-weight: 400;\">Cap de departament: Pilar San Jos\u00e9<\/span><\/p>\n<p><span style=\"font-weight: 400;\">Mat\u00e8ries Nivell elemental: Llenguatge musical, R\u00edtmica Dalcroze<\/span><\/p>\n<p><span style=\"font-weight: 400;\">Mat\u00e8ries Grau Professional: m\u00fasica, veu, an\u00e0lisi musical.<\/span><\/p>\n<p><span style=\"font-weight: 400;\">Professorat:<\/span><\/p>\n<ul>\n<li style=\"font-weight: 400;\"><span style=\"font-weight: 400;\">Pilar San Jos\u00e9<\/span><\/li>\n<li style=\"font-weight: 400;\"><span style=\"font-weight: 400;\">Gemma Cunill<\/span><\/li>\n<li style=\"font-weight: 400;\"><span style=\"font-weight: 400;\">Anna Francesch<\/span><\/li>\n<li>Cindy Izillo<\/li>\n<\/ul>\n<p><b>DEPARTAMENT DE PIANISTES ACOMPANYANTS<\/b><\/p>\n<p><span style=\"font-weight: 400;\">Coordinador de pianistes acompanyants: Raul Pati\u00f1o<\/span><\/p>\n<ul>\n<li>Juan Jos\u00e9 Ochoa<\/li>\n<li><span style=\"font-weight: 400;\">Melodie Gimard<\/span><\/li>\n<li style=\"font-weight: 400;\"><span style=\"font-weight: 400;\">Cindy Izilllo<\/span><\/li>\n<li><span style=\"font-weight: 400;\">Idoia Rodr\u00edguez<\/span><\/li>\n<li style=\"font-weight: 400;\"><span style=\"font-weight: 400;\">Santi Barro<\/span><\/li>\n<li style=\"font-weight: 400;\"><span style=\"font-weight: 400;\">Anna Francesch<\/span><\/li>\n<li><span style=\"font-weight: 400;\">Arecio Gonz\u00e1lez<\/span><\/li>\n<li>Raul Pati\u00f1o<\/li>\n<li><span style=\"font-weight: 400;\">Toni Costa<\/span><\/li>\n<li><span style=\"font-weight: 400;\">Ana Qu\u00edlez <\/span><\/li>\n<li><span style=\"font-weight: 400;\">Mateu Peramiquel<\/span><\/li>\n<li>Itziar N\u00fa\u00f1ez<\/li>\n<li style=\"font-weight: 400;\"><span style=\"font-weight: 400;\">Emili Blasco<\/span><\/li>\n<\/ul>\n","protected":false},"excerpt":{"rendered":"<p>translator<\/p>\n<ul class=\"dropdown-content-wrapper languageSelector blue\">\n<li><a class=\"dropdown-item\" data-lang=\"af\">Afrikaans<\/a><\/li>\n<li><a class=\"dropdown-item\" data-lang=\"sq\">Albanian &#8211; shqipe<\/a><\/li>\n<li><a class=\"dropdown-item\" data-lang=\"ar\">Arabic &#8211; \u200e\u202b\u0627\u0644\u0639\u0631\u0628\u064a\u0629\u202c\u200e<\/a><\/li>\n<li><a class=\"dropdown-item\" data-lang=\"hy\">Armenian &#8211; \u0540\u0561\u0575\u0565\u0580\u0567\u0576<\/a><\/li>\n<li><a class=\"dropdown-item\" data-lang=\"az\">Azerbaijani &#8211; az\u0259rbaycanca<\/a><\/li>\n<li><a class=\"dropdown-item\" data-lang=\"eu\">Basque &#8211; euskara<\/a><\/li>\n<li><a class=\"dropdown-item\" data-lang=\"be\">Belarusian &#8211; \u0431\u0435\u043b\u0430\u0440\u0443\u0441\u043a\u0430\u044f<\/a><\/li>\n<li><a class=\"dropdown-item\" data-lang=\"bn\">Bengali &#8211; \u09ac\u09be\u0982\u09b2\u09be<\/a><\/li>\n<li><a class=\"dropdown-item\" data-lang=\"bg\">Bulgarian &#8211; \u0431\u044a\u043b\u0433\u0430\u0440\u0441\u043a\u0438<\/a><\/li>\n<li><a class=\"dropdown-item\" data-lang=\"ca\">Catalan &#8211; catal\u00e0<\/a><\/li>\n<li><a class=\"dropdown-item\" data-lang=\"zh-CN\">Chinese&hellip;  <a href=\"https:\/\/agora.xtec.cat\/ieaoriolmartorell\/departaments-de-dansa\/\" title=\"Read Departaments de Dansa\">Llegeix m\u00e9s\u00bb<\/a><br \/>\n","protected":false},"author":1,"featured_media":0,"parent":0,"menu_order":0,"comment_status":"closed","ping_status":"closed","template":"","meta":{"_bbp_topic_count":0,"_bbp_reply_count":0,"_bbp_total_topic_count":0,"_bbp_total_reply_count":0,"_bbp_voice_count":0,"_bbp_anonymous_reply_count":0,"_bbp_topic_count_hidden":0,"_bbp_reply_count_hidden":0,"_bbp_forum_subforum_count":0,"footnotes":""},"class_list":["post-934","page","type-page","status-publish","hentry"],"post_mailing_queue_ids":[],"_links":{"self":[{"href":"https:\/\/agora.xtec.cat\/ieaoriolmartorell\/wp-json\/wp\/v2\/pages\/934","targetHints":{"allow":["GET"]}}],"collection":[{"href":"https:\/\/agora.xtec.cat\/ieaoriolmartorell\/wp-json\/wp\/v2\/pages"}],"about":[{"href":"https:\/\/agora.xtec.cat\/ieaoriolmartorell\/wp-json\/wp\/v2\/types\/page"}],"author":[{"embeddable":true,"href":"https:\/\/agora.xtec.cat\/ieaoriolmartorell\/wp-json\/wp\/v2\/users\/1"}],"replies":[{"embeddable":true,"href":"https:\/\/agora.xtec.cat\/ieaoriolmartorell\/wp-json\/wp\/v2\/comments?post=934"}],"version-history":[{"count":5,"href":"https:\/\/agora.xtec.cat\/ieaoriolmartorell\/wp-json\/wp\/v2\/pages\/934\/revisions"}],"predecessor-version":[{"id":5674,"href":"https:\/\/agora.xtec.cat\/ieaoriolmartorell\/wp-json\/wp\/v2\/pages\/934\/revisions\/5674"}],"wp:attachment":[{"href":"https:\/\/agora.xtec.cat\/ieaoriolmartorell\/wp-json\/wp\/v2\/media?parent=934"}],"curies":[{"name":"wp","href":"https:\/\/api.w.org\/{rel}","templated":true}]}}