{"id":38,"date":"2014-09-18T12:34:08","date_gmt":"2014-09-18T11:34:08","guid":{"rendered":"http:\/\/agora.xtec.cat\/ieangeldetobies\/?page_id=38"},"modified":"2025-02-19T08:46:39","modified_gmt":"2025-02-19T07:46:39","slug":"qui-som","status":"publish","type":"page","link":"https:\/\/agora.xtec.cat\/ieangeldetobies\/la-nostra-escola\/qui-som\/","title":{"rendered":"Presentem-nos!"},"content":{"rendered":"\n<h2 class=\"wp-block-heading\">Qui som?<\/h2>\n\n\n\n<p>L\u2019Institut Escola \u00c0ngel de Tobies, s\u2019inicia com a nou centre l\u20191 de juliol del 2019. El Departament d\u2019Educaci\u00f3 aposta per canvis en l\u2019anterior escola Teresina Martorell del Vendrell, els quals van dirigits a canvis de direcci\u00f3, de gesti\u00f3 i creaci\u00f3 d\u2019un Institut Escola. Es tracta d&#8217;un centre p\u00fablic que ofereix els ensenyaments d&#8217;educaci\u00f3 infantil, prim\u00e0ria i secund\u00e0ria obligat\u00f2ria; \u00e9s a dir, d&#8217;I3 a 4t d&#8217;ESO. Actualment el centre compta amb 2 l\u00ednies d&#8217;I3 a 4t d&#8217;ESO<\/p>\n\n\n\n<figure class=\"wp-block-image size-large is-resized\"><img decoding=\"async\" src=\"https:\/\/agora.xtec.cat\/ieangeldetobies\/wp-content\/uploads\/usu1448\/2020\/06\/DSC_0423.jpg\" alt=\"\" style=\"width:878px;height:auto\"\/><\/figure>\n\n\n\n<h2 class=\"wp-block-heading\">Qu\u00e8 fem?<\/h2>\n\n\n\n<p>Comptem amb:<\/p>\n\n\n\n<figure class=\"wp-block-image alignright is-resized\"><img decoding=\"async\" src=\"https:\/\/cdn.pixabay.com\/photo\/2018\/03\/21\/07\/16\/learning-3245793_960_720.jpg\" alt=\"Learning, Hint, School, Subject, Background, Backdrop\" style=\"width:502px;height:auto\"\/><\/figure>\n\n\n\n<ul class=\"wp-block-list\">\n<li>6\u00aa hora.<\/li>\n\n\n\n<li>Treball en lleng\u00fces estrangeres.<\/li>\n\n\n\n<li>Treball sistem\u00e0tic de les \u00e0rees instrumentals.<\/li>\n\n\n\n<li>Treball manipulatiu i d\u2019experimentaci\u00f3.<\/li>\n\n\n\n<li>Globalitzaci\u00f3 d\u2019aprenentatges en l&#8217;\u00e0rea del coneixement del medi.<\/li>\n\n\n\n<li>Esports d\u2019alta qualitat:\n<ul class=\"wp-block-list\">\n<li>Atletisme.<\/li>\n\n\n\n<li>B\u00e0squet.<\/li>\n<\/ul>\n<\/li>\n\n\n\n<li>Projecte de r\u00e0dio i televisi\u00f3.<\/li>\n\n\n\n<li>Projecte Cordes amunt!<\/li>\n\n\n\n<li>Teatre.<\/li>\n\n\n\n<li>Rob\u00f2tica.<\/li>\n\n\n\n<li>Noves tecnologies en l\u2019aprenentatge.<\/li>\n<\/ul>\n\n\n\n<h2 class=\"wp-block-heading\">Qu\u00e8 volem aconseguir?<\/h2>\n\n\n\n<p>A l&#8217;institut Escola del Vendrell, tenim un \u00fanic objectiu: L&#8217;ALUMNE\/A. Treballem per desenvolupar les seves capacitats i compet\u00e8ncies per tal que esdevingui una persona amb valors que pugui assolir els seus objectius a curt i llarg termini. Li donem veu, participant, proposant i motivant-lo per sentir-se part del projecte.<\/p>\n\n\n\n<figure class=\"wp-block-image\"><img decoding=\"async\" src=\"https:\/\/cdn.pixabay.com\/photo\/2017\/06\/28\/08\/28\/together-2450095_960_720.jpg\" alt=\"Together, Earth, Human, Board, School, Learn\"\/><\/figure>\n\n\n\n<figure class=\"wp-block-embed is-type-video is-provider-youtube wp-block-embed-youtube wp-embed-aspect-16-9 wp-has-aspect-ratio\"><div class=\"wp-block-embed__wrapper\">\n<div class=\"ast-oembed-container \" style=\"height: 100%;\"><iframe loading=\"lazy\" title=\"EL QUI, EL COM I EL PERQU\u00c8 DE L&#039;INSTITUT ESCOLA\" width=\"500\" height=\"281\" src=\"https:\/\/www.youtube.com\/embed\/wMT5PNQ6nEE?feature=oembed\" frameborder=\"0\" allow=\"accelerometer; autoplay; clipboard-write; encrypted-media; gyroscope; picture-in-picture; web-share\" referrerpolicy=\"strict-origin-when-cross-origin\" allowfullscreen><\/iframe><\/div>\n<\/div><\/figure>\n","protected":false},"excerpt":{"rendered":"<p>Qui som? L\u2019Institut Escola \u00c0ngel de Tobies, s\u2019inicia com a nou centre l\u20191 de juliol del 2019. El Departament d\u2019Educaci\u00f3 [&hellip;]<\/p>\n","protected":false},"author":1,"featured_media":0,"parent":22,"menu_order":10,"comment_status":"closed","ping_status":"closed","template":"","meta":{"_bbp_topic_count":0,"_bbp_reply_count":0,"_bbp_total_topic_count":0,"_bbp_total_reply_count":0,"_bbp_voice_count":0,"_bbp_anonymous_reply_count":0,"_bbp_topic_count_hidden":0,"_bbp_reply_count_hidden":0,"_bbp_forum_subforum_count":0,"site-sidebar-layout":"default","site-content-layout":"","ast-site-content-layout":"default","site-content-style":"default","site-sidebar-style":"default","ast-global-header-display":"","ast-banner-title-visibility":"","ast-main-header-display":"","ast-hfb-above-header-display":"","ast-hfb-below-header-display":"","ast-hfb-mobile-header-display":"","site-post-title":"disabled","ast-breadcrumbs-content":"","ast-featured-img":"","footer-sml-layout":"","theme-transparent-header-meta":"","adv-header-id-meta":"","stick-header-meta":"","header-above-stick-meta":"","header-main-stick-meta":"","header-below-stick-meta":"","astra-migrate-meta-layouts":"set","ast-page-background-enabled":"default","ast-page-background-meta":{"desktop":{"background-color":"var(--ast-global-color-4)","background-image":"","background-repeat":"repeat","background-position":"center center","background-size":"auto","background-attachment":"scroll","background-type":"","background-media":"","overlay-type":"","overlay-color":"","overlay-opacity":"","overlay-gradient":""},"tablet":{"background-color":"","background-image":"","background-repeat":"repeat","background-position":"center center","background-size":"auto","background-attachment":"scroll","background-type":"","background-media":"","overlay-type":"","overlay-color":"","overlay-opacity":"","overlay-gradient":""},"mobile":{"background-color":"","background-image":"","background-repeat":"repeat","background-position":"center center","background-size":"auto","background-attachment":"scroll","background-type":"","background-media":"","overlay-type":"","overlay-color":"","overlay-opacity":"","overlay-gradient":""}},"ast-content-background-meta":{"desktop":{"background-color":"var(--ast-global-color-5)","background-image":"","background-repeat":"repeat","background-position":"center center","background-size":"auto","background-attachment":"scroll","background-type":"","background-media":"","overlay-type":"","overlay-color":"","overlay-opacity":"","overlay-gradient":""},"tablet":{"background-color":"var(--ast-global-color-5)","background-image":"","background-repeat":"repeat","background-position":"center center","background-size":"auto","background-attachment":"scroll","background-type":"","background-media":"","overlay-type":"","overlay-color":"","overlay-opacity":"","overlay-gradient":""},"mobile":{"background-color":"var(--ast-global-color-5)","background-image":"","background-repeat":"repeat","background-position":"center center","background-size":"auto","background-attachment":"scroll","background-type":"","background-media":"","overlay-type":"","overlay-color":"","overlay-opacity":"","overlay-gradient":""}},"footnotes":""},"class_list":["post-38","page","type-page","status-publish","hentry"],"post_mailing_queue_ids":[],"_links":{"self":[{"href":"https:\/\/agora.xtec.cat\/ieangeldetobies\/wp-json\/wp\/v2\/pages\/38","targetHints":{"allow":["GET"]}}],"collection":[{"href":"https:\/\/agora.xtec.cat\/ieangeldetobies\/wp-json\/wp\/v2\/pages"}],"about":[{"href":"https:\/\/agora.xtec.cat\/ieangeldetobies\/wp-json\/wp\/v2\/types\/page"}],"author":[{"embeddable":true,"href":"https:\/\/agora.xtec.cat\/ieangeldetobies\/wp-json\/wp\/v2\/users\/1"}],"replies":[{"embeddable":true,"href":"https:\/\/agora.xtec.cat\/ieangeldetobies\/wp-json\/wp\/v2\/comments?post=38"}],"version-history":[{"count":5,"href":"https:\/\/agora.xtec.cat\/ieangeldetobies\/wp-json\/wp\/v2\/pages\/38\/revisions"}],"predecessor-version":[{"id":9852,"href":"https:\/\/agora.xtec.cat\/ieangeldetobies\/wp-json\/wp\/v2\/pages\/38\/revisions\/9852"}],"up":[{"embeddable":true,"href":"https:\/\/agora.xtec.cat\/ieangeldetobies\/wp-json\/wp\/v2\/pages\/22"}],"wp:attachment":[{"href":"https:\/\/agora.xtec.cat\/ieangeldetobies\/wp-json\/wp\/v2\/media?parent=38"}],"curies":[{"name":"wp","href":"https:\/\/api.w.org\/{rel}","templated":true}]}}