{"id":5407,"date":"2025-09-07T18:11:28","date_gmt":"2025-09-07T16:11:28","guid":{"rendered":"https:\/\/agora.xtec.cat\/ieagustibarbera\/?page_id=5407"},"modified":"2025-09-07T18:17:02","modified_gmt":"2025-09-07T16:17:02","slug":"fitjove","status":"publish","type":"page","link":"https:\/\/agora.xtec.cat\/ieagustibarbera\/fitjove\/","title":{"rendered":"FITJOVE"},"content":{"rendered":"<p>FITJOVE \u00e9s un programa de promoci\u00f3 d\u2019exercici f\u00edsic en l\u2019adolesc\u00e8ncia, promogut per l\u2019Ag\u00e8ncia de Salut P\u00fablica de Catalunya (ASPCAT), i el Consell Catal\u00e0 de l\u2019Esport (CCE), de la Generalitat de Catalunya amb la coordinaci\u00f3 t\u00e8cnica de la Fundaci\u00f3 Esportsalus.<\/p>\n<p>Els objectius del programa s\u00f3n:<\/p>\n<ul>\n<li>Intervenir en\u00a0<strong>prevenci\u00f3 del consum de drogues\u00a0<\/strong>entre adolescents de zones de risc mitjan\u00e7ant la\u00a0<strong>promoci\u00f3 d\u2019activitats esportives\u00a0<\/strong>en instal\u00b7lacions de la comunitat.<\/li>\n<li>Crear una\u00a0<strong>oferta atractiva d\u2019exercici f\u00edsic per a adolescents,\u00a0<\/strong>com a opci\u00f3 saludable d\u2019ocupaci\u00f3 del temps d\u2019oci.<\/li>\n<li>Acompanyar els\u00a0 nois i noies en el\u00a0<strong>pas de l\u2019esport escolar a l\u2019esport comunitari\u00a0<\/strong>i\u00a0<strong>fomentar\u00a0 tamb\u00e9 la participaci\u00f3 dels que no practiquen esport escolar<\/strong>.<\/li>\n<\/ul>\n<p>El programa s\u2019adre\u00e7a a <strong>adolescents de 4t d&#8217;ESO (15-16 anys<\/strong>).<\/p>\n<p>Per obtenir m\u00e9s informaci\u00f3 sobre el projecte, feu clic a sobre l\u2019<a href=\"https:\/\/esport.gencat.cat\/ca\/arees_dactuacio\/escolar\/fitjove\/index.html\">enlla\u00e7<\/a>.<\/p>\n","protected":false},"excerpt":{"rendered":"<p>FITJOVE \u00e9s un programa de promoci\u00f3 d\u2019exercici f\u00edsic en l\u2019adolesc\u00e8ncia, promogut per l\u2019Ag\u00e8ncia de Salut P\u00fablica de Catalunya (ASPCAT), i el Consell Catal\u00e0 de l\u2019Esport (CCE), de la Generalitat de Catalunya amb la coordinaci\u00f3 t\u00e8cnica de la Fundaci\u00f3 Esportsalus. Els objectius del programa s\u00f3n: Intervenir en\u00a0prevenci\u00f3 del consum de drogues\u00a0entre adolescents de zones de risc [&hellip;]<\/p>\n","protected":false},"author":49,"featured_media":0,"parent":0,"menu_order":0,"comment_status":"closed","ping_status":"closed","template":"","meta":{"_bbp_topic_count":0,"_bbp_reply_count":0,"_bbp_total_topic_count":0,"_bbp_total_reply_count":0,"_bbp_voice_count":0,"_bbp_anonymous_reply_count":0,"_bbp_topic_count_hidden":0,"_bbp_reply_count_hidden":0,"_bbp_forum_subforum_count":0,"site-sidebar-layout":"default","site-content-layout":"","ast-site-content-layout":"","site-content-style":"default","site-sidebar-style":"default","ast-global-header-display":"","ast-banner-title-visibility":"","ast-main-header-display":"","ast-hfb-above-header-display":"","ast-hfb-below-header-display":"","ast-hfb-mobile-header-display":"","site-post-title":"","ast-breadcrumbs-content":"","ast-featured-img":"","footer-sml-layout":"","theme-transparent-header-meta":"","adv-header-id-meta":"","stick-header-meta":"","header-above-stick-meta":"","header-main-stick-meta":"","header-below-stick-meta":"","astra-migrate-meta-layouts":"default","ast-page-background-enabled":"default","ast-page-background-meta":{"desktop":{"background-color":"var(--ast-global-color-5)","background-image":"","background-repeat":"repeat","background-position":"center center","background-size":"auto","background-attachment":"scroll","background-type":"","background-media":"","overlay-type":"","overlay-color":"","overlay-opacity":"","overlay-gradient":""},"tablet":{"background-color":"","background-image":"","background-repeat":"repeat","background-position":"center center","background-size":"auto","background-attachment":"scroll","background-type":"","background-media":"","overlay-type":"","overlay-color":"","overlay-opacity":"","overlay-gradient":""},"mobile":{"background-color":"","background-image":"","background-repeat":"repeat","background-position":"center center","background-size":"auto","background-attachment":"scroll","background-type":"","background-media":"","overlay-type":"","overlay-color":"","overlay-opacity":"","overlay-gradient":""}},"ast-content-background-meta":{"desktop":{"background-color":"var(--ast-global-color-4)","background-image":"","background-repeat":"repeat","background-position":"center center","background-size":"auto","background-attachment":"scroll","background-type":"","background-media":"","overlay-type":"","overlay-color":"","overlay-opacity":"","overlay-gradient":""},"tablet":{"background-color":"var(--ast-global-color-4)","background-image":"","background-repeat":"repeat","background-position":"center center","background-size":"auto","background-attachment":"scroll","background-type":"","background-media":"","overlay-type":"","overlay-color":"","overlay-opacity":"","overlay-gradient":""},"mobile":{"background-color":"var(--ast-global-color-4)","background-image":"","background-repeat":"repeat","background-position":"center center","background-size":"auto","background-attachment":"scroll","background-type":"","background-media":"","overlay-type":"","overlay-color":"","overlay-opacity":"","overlay-gradient":""}},"footnotes":""},"class_list":["post-5407","page","type-page","status-publish","hentry"],"post_mailing_queue_ids":[],"_links":{"self":[{"href":"https:\/\/agora.xtec.cat\/ieagustibarbera\/wp-json\/wp\/v2\/pages\/5407","targetHints":{"allow":["GET"]}}],"collection":[{"href":"https:\/\/agora.xtec.cat\/ieagustibarbera\/wp-json\/wp\/v2\/pages"}],"about":[{"href":"https:\/\/agora.xtec.cat\/ieagustibarbera\/wp-json\/wp\/v2\/types\/page"}],"author":[{"embeddable":true,"href":"https:\/\/agora.xtec.cat\/ieagustibarbera\/wp-json\/wp\/v2\/users\/49"}],"replies":[{"embeddable":true,"href":"https:\/\/agora.xtec.cat\/ieagustibarbera\/wp-json\/wp\/v2\/comments?post=5407"}],"version-history":[{"count":2,"href":"https:\/\/agora.xtec.cat\/ieagustibarbera\/wp-json\/wp\/v2\/pages\/5407\/revisions"}],"predecessor-version":[{"id":5411,"href":"https:\/\/agora.xtec.cat\/ieagustibarbera\/wp-json\/wp\/v2\/pages\/5407\/revisions\/5411"}],"wp:attachment":[{"href":"https:\/\/agora.xtec.cat\/ieagustibarbera\/wp-json\/wp\/v2\/media?parent=5407"}],"curies":[{"name":"wp","href":"https:\/\/api.w.org\/{rel}","templated":true}]}}