{"id":5339,"date":"2025-08-18T19:59:48","date_gmt":"2025-08-18T17:59:48","guid":{"rendered":"https:\/\/agora.xtec.cat\/ieagustibarbera\/?page_id=5339"},"modified":"2025-08-18T20:01:08","modified_gmt":"2025-08-18T18:01:08","slug":"consell-de-direccio","status":"publish","type":"page","link":"https:\/\/agora.xtec.cat\/ieagustibarbera\/consell-de-direccio\/","title":{"rendered":"Consell de Direcci\u00f3"},"content":{"rendered":"<table>\n<tbody>\n<tr>\n<td colspan=\"2\"><b>CONSELL DE DIRECCI\u00d3<\/b><\/td>\n<\/tr>\n<tr>\n<td><b>Referent Equip Directiu<\/b><\/td>\n<td><span style=\"font-weight: 400;\">Marc Forn\u00f3s<\/span><\/td>\n<\/tr>\n<tr>\n<td><b>Coordinaci\u00f3<\/b><\/td>\n<td><span style=\"font-weight: 400;\">M\u00edriam Calvet<\/span><\/p>\n<p><span style=\"font-weight: 400;\">Sara Tirado<\/span><\/p>\n<p><span style=\"font-weight: 400;\">J\u00e8nnifer Revert\u00e9<\/span><\/p>\n<p><span style=\"font-weight: 400;\">Sabrina Calvet<\/span><\/td>\n<\/tr>\n<tr>\n<td><b>Educaci\u00f3 Infantil<\/b><\/td>\n<td><span style=\"font-weight: 400;\">Tere Margalef<\/span><\/td>\n<\/tr>\n<tr>\n<td><b>Cicle Inicial<\/b><\/td>\n<td><span style=\"font-weight: 400;\">Mariela Chillida<\/span><\/td>\n<\/tr>\n<tr>\n<td><b>Cicle Mitj\u00e0<\/b><\/td>\n<td><span style=\"font-weight: 400;\">Joan Zaragoza<\/span><\/td>\n<\/tr>\n<tr>\n<td><b>Cicle Superior<\/b><\/td>\n<td><span style=\"font-weight: 400;\">M\u00aa Jos\u00e9 Mahiques<\/span><\/td>\n<\/tr>\n<tr>\n<td><b>Primer Cicle d\u2019ESO<\/b><\/td>\n<td><span style=\"font-weight: 400;\">Rosal\u00e9n Chillida<\/span><\/td>\n<\/tr>\n<tr>\n<td><b>Segon Cicle d\u2019ESO<\/b><\/td>\n<td><span style=\"font-weight: 400;\">Joana Ort\u00ed<\/span><\/td>\n<\/tr>\n<\/tbody>\n<\/table>\n","protected":false},"excerpt":{"rendered":"<p>CONSELL DE DIRECCI\u00d3 Referent Equip Directiu Marc Forn\u00f3s Coordinaci\u00f3 M\u00edriam Calvet Sara Tirado J\u00e8nnifer Revert\u00e9 Sabrina Calvet Educaci\u00f3 Infantil Tere Margalef Cicle Inicial Mariela Chillida Cicle Mitj\u00e0 Joan Zaragoza Cicle Superior M\u00aa Jos\u00e9 Mahiques Primer Cicle d\u2019ESO Rosal\u00e9n Chillida Segon Cicle d\u2019ESO Joana Ort\u00ed<\/p>\n","protected":false},"author":49,"featured_media":0,"parent":0,"menu_order":0,"comment_status":"closed","ping_status":"closed","template":"","meta":{"_bbp_topic_count":0,"_bbp_reply_count":0,"_bbp_total_topic_count":0,"_bbp_total_reply_count":0,"_bbp_voice_count":0,"_bbp_anonymous_reply_count":0,"_bbp_topic_count_hidden":0,"_bbp_reply_count_hidden":0,"_bbp_forum_subforum_count":0,"site-sidebar-layout":"default","site-content-layout":"","ast-site-content-layout":"","site-content-style":"default","site-sidebar-style":"default","ast-global-header-display":"","ast-banner-title-visibility":"","ast-main-header-display":"","ast-hfb-above-header-display":"","ast-hfb-below-header-display":"","ast-hfb-mobile-header-display":"","site-post-title":"","ast-breadcrumbs-content":"","ast-featured-img":"","footer-sml-layout":"","theme-transparent-header-meta":"","adv-header-id-meta":"","stick-header-meta":"","header-above-stick-meta":"","header-main-stick-meta":"","header-below-stick-meta":"","astra-migrate-meta-layouts":"default","ast-page-background-enabled":"default","ast-page-background-meta":{"desktop":{"background-color":"var(--ast-global-color-5)","background-image":"","background-repeat":"repeat","background-position":"center center","background-size":"auto","background-attachment":"scroll","background-type":"","background-media":"","overlay-type":"","overlay-color":"","overlay-opacity":"","overlay-gradient":""},"tablet":{"background-color":"","background-image":"","background-repeat":"repeat","background-position":"center center","background-size":"auto","background-attachment":"scroll","background-type":"","background-media":"","overlay-type":"","overlay-color":"","overlay-opacity":"","overlay-gradient":""},"mobile":{"background-color":"","background-image":"","background-repeat":"repeat","background-position":"center center","background-size":"auto","background-attachment":"scroll","background-type":"","background-media":"","overlay-type":"","overlay-color":"","overlay-opacity":"","overlay-gradient":""}},"ast-content-background-meta":{"desktop":{"background-color":"var(--ast-global-color-4)","background-image":"","background-repeat":"repeat","background-position":"center center","background-size":"auto","background-attachment":"scroll","background-type":"","background-media":"","overlay-type":"","overlay-color":"","overlay-opacity":"","overlay-gradient":""},"tablet":{"background-color":"var(--ast-global-color-4)","background-image":"","background-repeat":"repeat","background-position":"center center","background-size":"auto","background-attachment":"scroll","background-type":"","background-media":"","overlay-type":"","overlay-color":"","overlay-opacity":"","overlay-gradient":""},"mobile":{"background-color":"var(--ast-global-color-4)","background-image":"","background-repeat":"repeat","background-position":"center center","background-size":"auto","background-attachment":"scroll","background-type":"","background-media":"","overlay-type":"","overlay-color":"","overlay-opacity":"","overlay-gradient":""}},"footnotes":""},"class_list":["post-5339","page","type-page","status-publish","hentry"],"post_mailing_queue_ids":[],"_links":{"self":[{"href":"https:\/\/agora.xtec.cat\/ieagustibarbera\/wp-json\/wp\/v2\/pages\/5339","targetHints":{"allow":["GET"]}}],"collection":[{"href":"https:\/\/agora.xtec.cat\/ieagustibarbera\/wp-json\/wp\/v2\/pages"}],"about":[{"href":"https:\/\/agora.xtec.cat\/ieagustibarbera\/wp-json\/wp\/v2\/types\/page"}],"author":[{"embeddable":true,"href":"https:\/\/agora.xtec.cat\/ieagustibarbera\/wp-json\/wp\/v2\/users\/49"}],"replies":[{"embeddable":true,"href":"https:\/\/agora.xtec.cat\/ieagustibarbera\/wp-json\/wp\/v2\/comments?post=5339"}],"version-history":[{"count":3,"href":"https:\/\/agora.xtec.cat\/ieagustibarbera\/wp-json\/wp\/v2\/pages\/5339\/revisions"}],"predecessor-version":[{"id":5344,"href":"https:\/\/agora.xtec.cat\/ieagustibarbera\/wp-json\/wp\/v2\/pages\/5339\/revisions\/5344"}],"wp:attachment":[{"href":"https:\/\/agora.xtec.cat\/ieagustibarbera\/wp-json\/wp\/v2\/media?parent=5339"}],"curies":[{"name":"wp","href":"https:\/\/api.w.org\/{rel}","templated":true}]}}