{"id":5317,"date":"2025-08-18T19:51:06","date_gmt":"2025-08-18T17:51:06","guid":{"rendered":"https:\/\/agora.xtec.cat\/ieagustibarbera\/?page_id=5317"},"modified":"2025-09-22T10:13:44","modified_gmt":"2025-09-22T08:13:44","slug":"ambit-per-a-la-inclusio","status":"publish","type":"page","link":"https:\/\/agora.xtec.cat\/ieagustibarbera\/ambit-per-a-la-inclusio\/","title":{"rendered":"\u00c0mbit per a la inclusi\u00f3"},"content":{"rendered":"<table style=\"width: 26.5343%;\">\n<tbody>\n<tr>\n<td style=\"width: 139.112%;\" colspan=\"2\"><b>COORDINACI\u00d3 PEDAG\u00d2GICA PER A LA INCLUSI\u00d3<\/b><\/td>\n<\/tr>\n<tr>\n<td style=\"width: 54.4944%;\"><b>Coordinaci\u00f3<\/b><\/td>\n<td style=\"width: 84.6174%;\"><span style=\"font-weight: 400;\">Roser Romeu<\/span><\/td>\n<\/tr>\n<tr>\n<td style=\"width: 54.4944%;\"><b>Educaci\u00f3 Infantil<\/b><\/td>\n<td style=\"width: 84.6174%;\">Andrea Morales<\/p>\n<p>Laia Uliaque<\/td>\n<\/tr>\n<tr>\n<td style=\"width: 54.4944%;\"><b>Cicle Inicial<\/b><\/td>\n<td style=\"width: 84.6174%;\">Anna Montagut<\/p>\n<p>Carmen Soliva<\/td>\n<\/tr>\n<tr>\n<td style=\"width: 54.4944%;\"><b>Cicle Mitj\u00e0<\/b><\/td>\n<td style=\"width: 84.6174%;\">Rosa M\u00aa Foix<\/td>\n<\/tr>\n<tr>\n<td style=\"width: 54.4944%;\"><b>Cicle Superior<\/b><\/td>\n<td style=\"width: 84.6174%;\">N\u00faria Gisbert<\/td>\n<\/tr>\n<tr>\n<td style=\"width: 54.4944%;\"><b>ESO<\/b><\/td>\n<td style=\"width: 84.6174%;\">Cinta Alvaro<\/p>\n<p>Elea Hern\u00e1ndez<\/p>\n<p>Clara Ferrer<\/td>\n<\/tr>\n<\/tbody>\n<\/table>\n","protected":false},"excerpt":{"rendered":"<p>COORDINACI\u00d3 PEDAG\u00d2GICA PER A LA INCLUSI\u00d3 Coordinaci\u00f3 Roser Romeu Educaci\u00f3 Infantil Andrea Morales Laia Uliaque Cicle Inicial Anna Montagut Carmen Soliva Cicle Mitj\u00e0 Rosa M\u00aa Foix Cicle Superior N\u00faria Gisbert ESO Cinta Alvaro Elea Hern\u00e1ndez Clara Ferrer<\/p>\n","protected":false},"author":49,"featured_media":0,"parent":0,"menu_order":0,"comment_status":"closed","ping_status":"closed","template":"","meta":{"_bbp_topic_count":0,"_bbp_reply_count":0,"_bbp_total_topic_count":0,"_bbp_total_reply_count":0,"_bbp_voice_count":0,"_bbp_anonymous_reply_count":0,"_bbp_topic_count_hidden":0,"_bbp_reply_count_hidden":0,"_bbp_forum_subforum_count":0,"site-sidebar-layout":"default","site-content-layout":"","ast-site-content-layout":"","site-content-style":"default","site-sidebar-style":"default","ast-global-header-display":"","ast-banner-title-visibility":"","ast-main-header-display":"","ast-hfb-above-header-display":"","ast-hfb-below-header-display":"","ast-hfb-mobile-header-display":"","site-post-title":"","ast-breadcrumbs-content":"","ast-featured-img":"","footer-sml-layout":"","theme-transparent-header-meta":"","adv-header-id-meta":"","stick-header-meta":"","header-above-stick-meta":"","header-main-stick-meta":"","header-below-stick-meta":"","astra-migrate-meta-layouts":"default","ast-page-background-enabled":"default","ast-page-background-meta":{"desktop":{"background-color":"var(--ast-global-color-5)","background-image":"","background-repeat":"repeat","background-position":"center center","background-size":"auto","background-attachment":"scroll","background-type":"","background-media":"","overlay-type":"","overlay-color":"","overlay-opacity":"","overlay-gradient":""},"tablet":{"background-color":"","background-image":"","background-repeat":"repeat","background-position":"center center","background-size":"auto","background-attachment":"scroll","background-type":"","background-media":"","overlay-type":"","overlay-color":"","overlay-opacity":"","overlay-gradient":""},"mobile":{"background-color":"","background-image":"","background-repeat":"repeat","background-position":"center center","background-size":"auto","background-attachment":"scroll","background-type":"","background-media":"","overlay-type":"","overlay-color":"","overlay-opacity":"","overlay-gradient":""}},"ast-content-background-meta":{"desktop":{"background-color":"var(--ast-global-color-4)","background-image":"","background-repeat":"repeat","background-position":"center center","background-size":"auto","background-attachment":"scroll","background-type":"","background-media":"","overlay-type":"","overlay-color":"","overlay-opacity":"","overlay-gradient":""},"tablet":{"background-color":"var(--ast-global-color-4)","background-image":"","background-repeat":"repeat","background-position":"center center","background-size":"auto","background-attachment":"scroll","background-type":"","background-media":"","overlay-type":"","overlay-color":"","overlay-opacity":"","overlay-gradient":""},"mobile":{"background-color":"var(--ast-global-color-4)","background-image":"","background-repeat":"repeat","background-position":"center center","background-size":"auto","background-attachment":"scroll","background-type":"","background-media":"","overlay-type":"","overlay-color":"","overlay-opacity":"","overlay-gradient":""}},"footnotes":""},"class_list":["post-5317","page","type-page","status-publish","hentry"],"post_mailing_queue_ids":[],"_links":{"self":[{"href":"https:\/\/agora.xtec.cat\/ieagustibarbera\/wp-json\/wp\/v2\/pages\/5317","targetHints":{"allow":["GET"]}}],"collection":[{"href":"https:\/\/agora.xtec.cat\/ieagustibarbera\/wp-json\/wp\/v2\/pages"}],"about":[{"href":"https:\/\/agora.xtec.cat\/ieagustibarbera\/wp-json\/wp\/v2\/types\/page"}],"author":[{"embeddable":true,"href":"https:\/\/agora.xtec.cat\/ieagustibarbera\/wp-json\/wp\/v2\/users\/49"}],"replies":[{"embeddable":true,"href":"https:\/\/agora.xtec.cat\/ieagustibarbera\/wp-json\/wp\/v2\/comments?post=5317"}],"version-history":[{"count":3,"href":"https:\/\/agora.xtec.cat\/ieagustibarbera\/wp-json\/wp\/v2\/pages\/5317\/revisions"}],"predecessor-version":[{"id":5437,"href":"https:\/\/agora.xtec.cat\/ieagustibarbera\/wp-json\/wp\/v2\/pages\/5317\/revisions\/5437"}],"wp:attachment":[{"href":"https:\/\/agora.xtec.cat\/ieagustibarbera\/wp-json\/wp\/v2\/media?parent=5317"}],"curies":[{"name":"wp","href":"https:\/\/api.w.org\/{rel}","templated":true}]}}