{"id":5315,"date":"2025-08-18T19:51:06","date_gmt":"2025-08-18T17:51:06","guid":{"rendered":"https:\/\/agora.xtec.cat\/ieagustibarbera\/?page_id=5315"},"modified":"2025-09-22T10:10:18","modified_gmt":"2025-09-22T08:10:18","slug":"ambit-de-leducacio-fisica","status":"publish","type":"page","link":"https:\/\/agora.xtec.cat\/ieagustibarbera\/ambit-de-leducacio-fisica\/","title":{"rendered":"\u00c0mbit de l&#8217;Educaci\u00f3 F\u00edsica"},"content":{"rendered":"<table style=\"width: 27.82%;\">\n<tbody>\n<tr>\n<td style=\"width: 132%;\" colspan=\"2\"><b>COORDINACI\u00d3 PEDAG\u00d2GICA D\u2019EDUCACI\u00d3 F\u00cdSICA<\/b><\/td>\n<\/tr>\n<tr>\n<td style=\"width: 49.8667%;\"><b>Coordinaci\u00f3<\/b><\/td>\n<td style=\"width: 82.1333%;\"><span style=\"font-weight: 400;\">Joan Zaragoza<\/span><\/td>\n<\/tr>\n<tr>\n<td style=\"width: 49.8667%;\"><b>Educaci\u00f3 Infantil<\/b><\/td>\n<td style=\"width: 82.1333%;\"><span style=\"font-weight: 400;\">Gisel Valldep\u00e9rez<\/span><\/td>\n<\/tr>\n<tr>\n<td style=\"width: 49.8667%;\"><b>Prim\u00e0ria<\/b><\/td>\n<td style=\"width: 82.1333%;\"><span style=\"font-weight: 400;\">Marc Forn\u00f3s<\/span><\/td>\n<\/tr>\n<tr>\n<td style=\"width: 49.8667%;\"><b>ESO<\/b><\/td>\n<td style=\"width: 82.1333%;\"><span style=\"font-weight: 400;\">Meritxell Pons<\/span><\/td>\n<\/tr>\n<\/tbody>\n<\/table>\n","protected":false},"excerpt":{"rendered":"<p>COORDINACI\u00d3 PEDAG\u00d2GICA D\u2019EDUCACI\u00d3 F\u00cdSICA Coordinaci\u00f3 Joan Zaragoza Educaci\u00f3 Infantil Gisel Valldep\u00e9rez Prim\u00e0ria Marc Forn\u00f3s ESO Meritxell Pons<\/p>\n","protected":false},"author":49,"featured_media":0,"parent":0,"menu_order":0,"comment_status":"closed","ping_status":"closed","template":"","meta":{"_bbp_topic_count":0,"_bbp_reply_count":0,"_bbp_total_topic_count":0,"_bbp_total_reply_count":0,"_bbp_voice_count":0,"_bbp_anonymous_reply_count":0,"_bbp_topic_count_hidden":0,"_bbp_reply_count_hidden":0,"_bbp_forum_subforum_count":0,"site-sidebar-layout":"default","site-content-layout":"","ast-site-content-layout":"","site-content-style":"default","site-sidebar-style":"default","ast-global-header-display":"","ast-banner-title-visibility":"","ast-main-header-display":"","ast-hfb-above-header-display":"","ast-hfb-below-header-display":"","ast-hfb-mobile-header-display":"","site-post-title":"","ast-breadcrumbs-content":"","ast-featured-img":"","footer-sml-layout":"","theme-transparent-header-meta":"","adv-header-id-meta":"","stick-header-meta":"","header-above-stick-meta":"","header-main-stick-meta":"","header-below-stick-meta":"","astra-migrate-meta-layouts":"default","ast-page-background-enabled":"default","ast-page-background-meta":{"desktop":{"background-color":"var(--ast-global-color-5)","background-image":"","background-repeat":"repeat","background-position":"center center","background-size":"auto","background-attachment":"scroll","background-type":"","background-media":"","overlay-type":"","overlay-color":"","overlay-opacity":"","overlay-gradient":""},"tablet":{"background-color":"","background-image":"","background-repeat":"repeat","background-position":"center center","background-size":"auto","background-attachment":"scroll","background-type":"","background-media":"","overlay-type":"","overlay-color":"","overlay-opacity":"","overlay-gradient":""},"mobile":{"background-color":"","background-image":"","background-repeat":"repeat","background-position":"center center","background-size":"auto","background-attachment":"scroll","background-type":"","background-media":"","overlay-type":"","overlay-color":"","overlay-opacity":"","overlay-gradient":""}},"ast-content-background-meta":{"desktop":{"background-color":"var(--ast-global-color-4)","background-image":"","background-repeat":"repeat","background-position":"center center","background-size":"auto","background-attachment":"scroll","background-type":"","background-media":"","overlay-type":"","overlay-color":"","overlay-opacity":"","overlay-gradient":""},"tablet":{"background-color":"var(--ast-global-color-4)","background-image":"","background-repeat":"repeat","background-position":"center center","background-size":"auto","background-attachment":"scroll","background-type":"","background-media":"","overlay-type":"","overlay-color":"","overlay-opacity":"","overlay-gradient":""},"mobile":{"background-color":"var(--ast-global-color-4)","background-image":"","background-repeat":"repeat","background-position":"center center","background-size":"auto","background-attachment":"scroll","background-type":"","background-media":"","overlay-type":"","overlay-color":"","overlay-opacity":"","overlay-gradient":""}},"footnotes":""},"class_list":["post-5315","page","type-page","status-publish","hentry"],"post_mailing_queue_ids":[],"_links":{"self":[{"href":"https:\/\/agora.xtec.cat\/ieagustibarbera\/wp-json\/wp\/v2\/pages\/5315","targetHints":{"allow":["GET"]}}],"collection":[{"href":"https:\/\/agora.xtec.cat\/ieagustibarbera\/wp-json\/wp\/v2\/pages"}],"about":[{"href":"https:\/\/agora.xtec.cat\/ieagustibarbera\/wp-json\/wp\/v2\/types\/page"}],"author":[{"embeddable":true,"href":"https:\/\/agora.xtec.cat\/ieagustibarbera\/wp-json\/wp\/v2\/users\/49"}],"replies":[{"embeddable":true,"href":"https:\/\/agora.xtec.cat\/ieagustibarbera\/wp-json\/wp\/v2\/comments?post=5315"}],"version-history":[{"count":4,"href":"https:\/\/agora.xtec.cat\/ieagustibarbera\/wp-json\/wp\/v2\/pages\/5315\/revisions"}],"predecessor-version":[{"id":5433,"href":"https:\/\/agora.xtec.cat\/ieagustibarbera\/wp-json\/wp\/v2\/pages\/5315\/revisions\/5433"}],"wp:attachment":[{"href":"https:\/\/agora.xtec.cat\/ieagustibarbera\/wp-json\/wp\/v2\/media?parent=5315"}],"curies":[{"name":"wp","href":"https:\/\/api.w.org\/{rel}","templated":true}]}}