{"id":5292,"date":"2025-08-18T19:45:36","date_gmt":"2025-08-18T17:45:36","guid":{"rendered":"https:\/\/agora.xtec.cat\/ieagustibarbera\/?page_id=5292"},"modified":"2025-09-22T13:21:05","modified_gmt":"2025-09-22T11:21:05","slug":"imatge-i-activitats-extraordinaries","status":"publish","type":"page","link":"https:\/\/agora.xtec.cat\/ieagustibarbera\/imatge-i-activitats-extraordinaries\/","title":{"rendered":"Imatge i activitats extraordin\u00e0ries"},"content":{"rendered":"<table style=\"width: 34.5422%;\">\n<tbody>\n<tr>\n<td style=\"width: 162.252%;\" colspan=\"2\"><b>COMISSI\u00d3 D\u2019IMATGE I ACTIVITATS EXTRAORDIN\u00c0RIES<\/b><\/td>\n<\/tr>\n<tr>\n<td style=\"width: 38.9758%;\"><b>Referent Equip Directiu<\/b><\/td>\n<td style=\"width: 123.276%;\"><span style=\"font-weight: 400;\">Marc Forn\u00f3s<\/span><\/td>\n<\/tr>\n<tr>\n<td style=\"width: 38.9758%;\"><b>Coordinaci\u00f3<\/b><\/td>\n<td style=\"width: 123.276%;\"><span style=\"font-weight: 400;\">Roser Carceller<\/span><\/td>\n<\/tr>\n<tr>\n<td style=\"width: 38.9758%;\"><b>Educaci\u00f3 Infantil<\/b><\/td>\n<td style=\"width: 123.276%;\">S\u00edlvia Pitarque<\/p>\n<p>Lara Galo<\/td>\n<\/tr>\n<tr>\n<td style=\"width: 38.9758%;\"><b>Cicle Inicial<\/b><\/td>\n<td style=\"width: 123.276%;\">Lourdes Mart\u00ednez<\/td>\n<\/tr>\n<tr>\n<td style=\"width: 38.9758%;\"><b>Cicle Mitj\u00e0<\/b><\/td>\n<td style=\"width: 123.276%;\">Roser Carceller<\/td>\n<\/tr>\n<tr>\n<td style=\"width: 38.9758%;\"><b>Cicle Superior<\/b><\/td>\n<td style=\"width: 123.276%;\">J\u00e8ssica Bertomeu<\/td>\n<\/tr>\n<tr>\n<td style=\"width: 38.9758%;\"><b>ESO<\/b><\/td>\n<td style=\"width: 123.276%;\">Gema Esparducer<\/p>\n<p>Ra\u00fcl Paris<\/p>\n<p>Ivan Benet<\/td>\n<\/tr>\n<\/tbody>\n<\/table>\n","protected":false},"excerpt":{"rendered":"<p>COMISSI\u00d3 D\u2019IMATGE I ACTIVITATS EXTRAORDIN\u00c0RIES Referent Equip Directiu Marc Forn\u00f3s Coordinaci\u00f3 Roser Carceller Educaci\u00f3 Infantil S\u00edlvia Pitarque Lara Galo Cicle Inicial Lourdes Mart\u00ednez Cicle Mitj\u00e0 Roser Carceller Cicle Superior J\u00e8ssica Bertomeu ESO Gema Esparducer Ra\u00fcl Paris Ivan Benet<\/p>\n","protected":false},"author":49,"featured_media":0,"parent":0,"menu_order":0,"comment_status":"closed","ping_status":"closed","template":"","meta":{"_bbp_topic_count":0,"_bbp_reply_count":0,"_bbp_total_topic_count":0,"_bbp_total_reply_count":0,"_bbp_voice_count":0,"_bbp_anonymous_reply_count":0,"_bbp_topic_count_hidden":0,"_bbp_reply_count_hidden":0,"_bbp_forum_subforum_count":0,"site-sidebar-layout":"default","site-content-layout":"","ast-site-content-layout":"","site-content-style":"default","site-sidebar-style":"default","ast-global-header-display":"","ast-banner-title-visibility":"","ast-main-header-display":"","ast-hfb-above-header-display":"","ast-hfb-below-header-display":"","ast-hfb-mobile-header-display":"","site-post-title":"","ast-breadcrumbs-content":"","ast-featured-img":"","footer-sml-layout":"","theme-transparent-header-meta":"","adv-header-id-meta":"","stick-header-meta":"","header-above-stick-meta":"","header-main-stick-meta":"","header-below-stick-meta":"","astra-migrate-meta-layouts":"default","ast-page-background-enabled":"default","ast-page-background-meta":{"desktop":{"background-color":"var(--ast-global-color-5)","background-image":"","background-repeat":"repeat","background-position":"center center","background-size":"auto","background-attachment":"scroll","background-type":"","background-media":"","overlay-type":"","overlay-color":"","overlay-opacity":"","overlay-gradient":""},"tablet":{"background-color":"","background-image":"","background-repeat":"repeat","background-position":"center center","background-size":"auto","background-attachment":"scroll","background-type":"","background-media":"","overlay-type":"","overlay-color":"","overlay-opacity":"","overlay-gradient":""},"mobile":{"background-color":"","background-image":"","background-repeat":"repeat","background-position":"center center","background-size":"auto","background-attachment":"scroll","background-type":"","background-media":"","overlay-type":"","overlay-color":"","overlay-opacity":"","overlay-gradient":""}},"ast-content-background-meta":{"desktop":{"background-color":"var(--ast-global-color-4)","background-image":"","background-repeat":"repeat","background-position":"center center","background-size":"auto","background-attachment":"scroll","background-type":"","background-media":"","overlay-type":"","overlay-color":"","overlay-opacity":"","overlay-gradient":""},"tablet":{"background-color":"var(--ast-global-color-4)","background-image":"","background-repeat":"repeat","background-position":"center center","background-size":"auto","background-attachment":"scroll","background-type":"","background-media":"","overlay-type":"","overlay-color":"","overlay-opacity":"","overlay-gradient":""},"mobile":{"background-color":"var(--ast-global-color-4)","background-image":"","background-repeat":"repeat","background-position":"center center","background-size":"auto","background-attachment":"scroll","background-type":"","background-media":"","overlay-type":"","overlay-color":"","overlay-opacity":"","overlay-gradient":""}},"footnotes":""},"class_list":["post-5292","page","type-page","status-publish","hentry"],"post_mailing_queue_ids":[],"_links":{"self":[{"href":"https:\/\/agora.xtec.cat\/ieagustibarbera\/wp-json\/wp\/v2\/pages\/5292","targetHints":{"allow":["GET"]}}],"collection":[{"href":"https:\/\/agora.xtec.cat\/ieagustibarbera\/wp-json\/wp\/v2\/pages"}],"about":[{"href":"https:\/\/agora.xtec.cat\/ieagustibarbera\/wp-json\/wp\/v2\/types\/page"}],"author":[{"embeddable":true,"href":"https:\/\/agora.xtec.cat\/ieagustibarbera\/wp-json\/wp\/v2\/users\/49"}],"replies":[{"embeddable":true,"href":"https:\/\/agora.xtec.cat\/ieagustibarbera\/wp-json\/wp\/v2\/comments?post=5292"}],"version-history":[{"count":5,"href":"https:\/\/agora.xtec.cat\/ieagustibarbera\/wp-json\/wp\/v2\/pages\/5292\/revisions"}],"predecessor-version":[{"id":5445,"href":"https:\/\/agora.xtec.cat\/ieagustibarbera\/wp-json\/wp\/v2\/pages\/5292\/revisions\/5445"}],"wp:attachment":[{"href":"https:\/\/agora.xtec.cat\/ieagustibarbera\/wp-json\/wp\/v2\/media?parent=5292"}],"curies":[{"name":"wp","href":"https:\/\/api.w.org\/{rel}","templated":true}]}}