{"id":4029,"date":"2022-03-09T12:33:08","date_gmt":"2022-03-09T11:33:08","guid":{"rendered":"https:\/\/agora.xtec.cat\/ieagustibarbera\/?page_id=4029"},"modified":"2022-04-29T13:40:30","modified_gmt":"2022-04-29T11:40:30","slug":"comunicacio-comunitat-educativa","status":"publish","type":"page","link":"https:\/\/agora.xtec.cat\/ieagustibarbera\/comunicacio-comunitat-educativa\/","title":{"rendered":"COMUNICACI\u00d3 COMUNITAT EDUCATIVA"},"content":{"rendered":"<p>A l&#8217;<strong>Institut Escola Agust\u00ed Barber\u00e0<\/strong> (IEAB) el canal de comunicaci\u00f3 que utilitzen els\/les docents amb les fam\u00edlies \u00e9s el <strong>Telegram<\/strong> i l&#8217;<strong>Agenda <\/strong>a totes les etapes educatives.<\/p>\n<p><a href=\"https:\/\/agora.xtec.cat\/ieagustibarbera\/wp-content\/uploads\/usu625\/2022\/04\/telegram.jpg\"><img loading=\"lazy\" decoding=\"async\" class=\"aligncenter wp-image-4243\" src=\"https:\/\/agora.xtec.cat\/ieagustibarbera\/wp-content\/uploads\/usu625\/2022\/04\/telegram.jpg\" alt=\"\" width=\"87\" height=\"76\" srcset=\"https:\/\/agora.xtec.cat\/ieagustibarbera\/wp-content\/uploads\/usu625\/2022\/04\/telegram.jpg 447w, https:\/\/agora.xtec.cat\/ieagustibarbera\/wp-content\/uploads\/usu625\/2022\/04\/telegram-300x263.jpg 300w\" sizes=\"auto, (max-width: 87px) 100vw, 87px\" \/><\/a><\/p>\n<p style=\"text-align: left;\"><strong>Telegram \u00e9s una aplicaci\u00f3 de missatgeria instant\u00e0nia<\/strong> disponible per com Windows, MacOS, Linux i els sistemes operatius d&#8217;<em>smartphones<\/em> com Android i iOS.<\/p>\n<p>Un altre mitj\u00e0 de comunicaci\u00f3 \u00e9s el <strong>WhatsApp<\/strong> del centre, des d&#8217;on s&#8217;envien les informacions m\u00e9s rellevants i comunicats de direcci\u00f3 a les fam\u00edlies.<\/p>\n<p style=\"text-align: center;\"><a href=\"https:\/\/agora.xtec.cat\/ieagustibarbera\/wp-content\/uploads\/usu625\/2022\/04\/qqqqqq.jpg\"><img loading=\"lazy\" decoding=\"async\" class=\"aligncenter  wp-image-4245\" src=\"https:\/\/agora.xtec.cat\/ieagustibarbera\/wp-content\/uploads\/usu625\/2022\/04\/qqqqqq.jpg\" alt=\"\" width=\"79\" height=\"78\" srcset=\"https:\/\/agora.xtec.cat\/ieagustibarbera\/wp-content\/uploads\/usu625\/2022\/04\/qqqqqq.jpg 403w, https:\/\/agora.xtec.cat\/ieagustibarbera\/wp-content\/uploads\/usu625\/2022\/04\/qqqqqq-300x297.jpg 300w, https:\/\/agora.xtec.cat\/ieagustibarbera\/wp-content\/uploads\/usu625\/2022\/04\/qqqqqq-150x150.jpg 150w\" sizes=\"auto, (max-width: 79px) 100vw, 79px\" \/><\/a><\/p>\n<p>Pel que fa als\/les docents es comuniquen amb l&#8217;alumnat a trav\u00e9s de diferents canals, en funci\u00f3 de l&#8217;etapa en qu\u00e8 es troben:<\/p>\n<ul>\n<li>Etapa infantil: <strong>ClassDojo<\/strong>.<\/li>\n<li>Etapa prim\u00e0ria i secund\u00e0ria: <strong>Classroom<\/strong>.<\/li>\n<\/ul>\n<p>Tot l&#8217;alumnat del centre t\u00e9 el seu propi correu amb domini de centre, xxxxxxx@agustibarbera.cat<\/p>\n<p><a href=\"https:\/\/agora.xtec.cat\/ieagustibarbera\/wp-content\/uploads\/usu625\/2022\/04\/ffffff.jpg\"><img loading=\"lazy\" decoding=\"async\" class=\"aligncenter size-full wp-image-4242\" src=\"https:\/\/agora.xtec.cat\/ieagustibarbera\/wp-content\/uploads\/usu625\/2022\/04\/ffffff.jpg\" alt=\"\" width=\"509\" height=\"204\" srcset=\"https:\/\/agora.xtec.cat\/ieagustibarbera\/wp-content\/uploads\/usu625\/2022\/04\/ffffff.jpg 509w, https:\/\/agora.xtec.cat\/ieagustibarbera\/wp-content\/uploads\/usu625\/2022\/04\/ffffff-300x120.jpg 300w\" sizes=\"auto, (max-width: 509px) 100vw, 509px\" \/><\/a><\/p>\n<p>&nbsp;<\/p>\n","protected":false},"excerpt":{"rendered":"<p>A l&#8217;Institut Escola Agust\u00ed Barber\u00e0 (IEAB) el canal de comunicaci\u00f3 que utilitzen els\/les docents amb les fam\u00edlies \u00e9s el Telegram i l&#8217;Agenda a totes les etapes educatives. Telegram \u00e9s una aplicaci\u00f3 de missatgeria instant\u00e0nia disponible per com Windows, MacOS, Linux i els sistemes operatius d&#8217;smartphones com Android i iOS. Un altre mitj\u00e0 de comunicaci\u00f3 \u00e9s [&hellip;]<\/p>\n","protected":false},"author":49,"featured_media":0,"parent":0,"menu_order":0,"comment_status":"closed","ping_status":"closed","template":"","meta":{"_bbp_topic_count":0,"_bbp_reply_count":0,"_bbp_total_topic_count":0,"_bbp_total_reply_count":0,"_bbp_voice_count":0,"_bbp_anonymous_reply_count":0,"_bbp_topic_count_hidden":0,"_bbp_reply_count_hidden":0,"_bbp_forum_subforum_count":0,"site-sidebar-layout":"default","site-content-layout":"","ast-site-content-layout":"","site-content-style":"default","site-sidebar-style":"default","ast-global-header-display":"","ast-banner-title-visibility":"","ast-main-header-display":"","ast-hfb-above-header-display":"","ast-hfb-below-header-display":"","ast-hfb-mobile-header-display":"","site-post-title":"","ast-breadcrumbs-content":"","ast-featured-img":"","footer-sml-layout":"","theme-transparent-header-meta":"","adv-header-id-meta":"","stick-header-meta":"","header-above-stick-meta":"","header-main-stick-meta":"","header-below-stick-meta":"","astra-migrate-meta-layouts":"default","ast-page-background-enabled":"default","ast-page-background-meta":{"desktop":{"background-color":"var(--ast-global-color-5)","background-image":"","background-repeat":"repeat","background-position":"center center","background-size":"auto","background-attachment":"scroll","background-type":"","background-media":"","overlay-type":"","overlay-color":"","overlay-opacity":"","overlay-gradient":""},"tablet":{"background-color":"","background-image":"","background-repeat":"repeat","background-position":"center center","background-size":"auto","background-attachment":"scroll","background-type":"","background-media":"","overlay-type":"","overlay-color":"","overlay-opacity":"","overlay-gradient":""},"mobile":{"background-color":"","background-image":"","background-repeat":"repeat","background-position":"center center","background-size":"auto","background-attachment":"scroll","background-type":"","background-media":"","overlay-type":"","overlay-color":"","overlay-opacity":"","overlay-gradient":""}},"ast-content-background-meta":{"desktop":{"background-color":"var(--ast-global-color-4)","background-image":"","background-repeat":"repeat","background-position":"center center","background-size":"auto","background-attachment":"scroll","background-type":"","background-media":"","overlay-type":"","overlay-color":"","overlay-opacity":"","overlay-gradient":""},"tablet":{"background-color":"var(--ast-global-color-4)","background-image":"","background-repeat":"repeat","background-position":"center center","background-size":"auto","background-attachment":"scroll","background-type":"","background-media":"","overlay-type":"","overlay-color":"","overlay-opacity":"","overlay-gradient":""},"mobile":{"background-color":"var(--ast-global-color-4)","background-image":"","background-repeat":"repeat","background-position":"center center","background-size":"auto","background-attachment":"scroll","background-type":"","background-media":"","overlay-type":"","overlay-color":"","overlay-opacity":"","overlay-gradient":""}},"footnotes":""},"class_list":["post-4029","page","type-page","status-publish","hentry"],"post_mailing_queue_ids":[],"_links":{"self":[{"href":"https:\/\/agora.xtec.cat\/ieagustibarbera\/wp-json\/wp\/v2\/pages\/4029","targetHints":{"allow":["GET"]}}],"collection":[{"href":"https:\/\/agora.xtec.cat\/ieagustibarbera\/wp-json\/wp\/v2\/pages"}],"about":[{"href":"https:\/\/agora.xtec.cat\/ieagustibarbera\/wp-json\/wp\/v2\/types\/page"}],"author":[{"embeddable":true,"href":"https:\/\/agora.xtec.cat\/ieagustibarbera\/wp-json\/wp\/v2\/users\/49"}],"replies":[{"embeddable":true,"href":"https:\/\/agora.xtec.cat\/ieagustibarbera\/wp-json\/wp\/v2\/comments?post=4029"}],"version-history":[{"count":4,"href":"https:\/\/agora.xtec.cat\/ieagustibarbera\/wp-json\/wp\/v2\/pages\/4029\/revisions"}],"predecessor-version":[{"id":4246,"href":"https:\/\/agora.xtec.cat\/ieagustibarbera\/wp-json\/wp\/v2\/pages\/4029\/revisions\/4246"}],"wp:attachment":[{"href":"https:\/\/agora.xtec.cat\/ieagustibarbera\/wp-json\/wp\/v2\/media?parent=4029"}],"curies":[{"name":"wp","href":"https:\/\/api.w.org\/{rel}","templated":true}]}}