{"id":4023,"date":"2022-03-09T12:32:28","date_gmt":"2022-03-09T11:32:28","guid":{"rendered":"https:\/\/agora.xtec.cat\/ieagustibarbera\/?page_id=4023"},"modified":"2022-06-29T11:04:08","modified_gmt":"2022-06-29T09:04:08","slug":"planificacio-activitats","status":"publish","type":"page","link":"https:\/\/agora.xtec.cat\/ieagustibarbera\/planificacio-activitats\/","title":{"rendered":"PLANIFICACI\u00d3 ACTIVITATS"},"content":{"rendered":"<p>Per tal d&#8217;assolir els objectius de la nostra EDC hem dissenyat les seg\u00fcents fitxes d&#8217;actuaci\u00f3:<\/p>\n<h4>OBJECTIU 1<\/h4>\n<p><iframe loading=\"lazy\" src=\"https:\/\/docs.google.com\/spreadsheets\/d\/e\/2PACX-1vSqVGVw80h0_-p-eJoF5vPmMLrpSk71R2bo9xxR8Oh2jyrmRZom4ngQmPl8ExCmCFeSQ0jHIwoNAaLa\/pubhtml?widget=true&amp;headers=false\" width=\"1200\" height=\"810\"><\/iframe><\/p>\n<h4>OBJECTIU 2<\/h4>\n<p><iframe loading=\"lazy\" src=\"https:\/\/docs.google.com\/spreadsheets\/d\/e\/2PACX-1vTBhGieLgnxBuP5oR-CuG88ehYXCu7emnINLeuSzaR7nbzVjjUFK3xIe-vQzBti1pQwqmjwohHoj7AE\/pubhtml?widget=true&amp;headers=false\" width=\"1200\" height=\"810\"><\/iframe><\/p>\n<h4>OBJECTIU 3<\/h4>\n<p><iframe loading=\"lazy\" src=\"https:\/\/docs.google.com\/spreadsheets\/d\/e\/2PACX-1vSZfR3PdeA6N1VC84DeOKRXMK82FHBIMo4Ug94MicGKLry4L6pRUOCkFfBRsDOh-nNfJ56UlJ3kdYak\/pubhtml?widget=true&amp;headers=false\" width=\"1200\" height=\"810\"><\/iframe><\/p>\n<h4>OBJECTIU 4<\/h4>\n<p><iframe loading=\"lazy\" src=\"https:\/\/docs.google.com\/spreadsheets\/d\/e\/2PACX-1vS7gAk7pmlc_PfuExjlL8_ekssT6SSwavi3J9DQ5C63MlwIglfEhDCRDCFdL46kdJ2RPqH1zEHeoFwK\/pubhtml?widget=true&amp;headers=false\" width=\"1200\" height=\"810\"><\/iframe><\/p>\n<p>&nbsp;<\/p>\n<h4>OBJECTIU 5<\/h4>\n<p><iframe loading=\"lazy\" src=\"https:\/\/docs.google.com\/spreadsheets\/d\/e\/2PACX-1vS2VU81QK_8XdlMm9bWg9vbqSdA8jSu-GNVWOY_Q8DrTf-CCad0UCUgikXEarNX8ldLOwyUbBm6RghH\/pubhtml?widget=true&amp;headers=false\" width=\"1200\" height=\"810\"><\/iframe><\/p>\n","protected":false},"excerpt":{"rendered":"<p>Per tal d&#8217;assolir els objectius de la nostra EDC hem dissenyat les seg\u00fcents fitxes d&#8217;actuaci\u00f3: OBJECTIU 1 OBJECTIU 2 OBJECTIU 3 OBJECTIU 4 &nbsp; OBJECTIU 5<\/p>\n","protected":false},"author":49,"featured_media":0,"parent":0,"menu_order":0,"comment_status":"closed","ping_status":"closed","template":"","meta":{"_bbp_topic_count":0,"_bbp_reply_count":0,"_bbp_total_topic_count":0,"_bbp_total_reply_count":0,"_bbp_voice_count":0,"_bbp_anonymous_reply_count":0,"_bbp_topic_count_hidden":0,"_bbp_reply_count_hidden":0,"_bbp_forum_subforum_count":0,"site-sidebar-layout":"default","site-content-layout":"","ast-site-content-layout":"","site-content-style":"default","site-sidebar-style":"default","ast-global-header-display":"","ast-banner-title-visibility":"","ast-main-header-display":"","ast-hfb-above-header-display":"","ast-hfb-below-header-display":"","ast-hfb-mobile-header-display":"","site-post-title":"","ast-breadcrumbs-content":"","ast-featured-img":"","footer-sml-layout":"","theme-transparent-header-meta":"","adv-header-id-meta":"","stick-header-meta":"","header-above-stick-meta":"","header-main-stick-meta":"","header-below-stick-meta":"","astra-migrate-meta-layouts":"default","ast-page-background-enabled":"default","ast-page-background-meta":{"desktop":{"background-color":"var(--ast-global-color-5)","background-image":"","background-repeat":"repeat","background-position":"center center","background-size":"auto","background-attachment":"scroll","background-type":"","background-media":"","overlay-type":"","overlay-color":"","overlay-opacity":"","overlay-gradient":""},"tablet":{"background-color":"","background-image":"","background-repeat":"repeat","background-position":"center center","background-size":"auto","background-attachment":"scroll","background-type":"","background-media":"","overlay-type":"","overlay-color":"","overlay-opacity":"","overlay-gradient":""},"mobile":{"background-color":"","background-image":"","background-repeat":"repeat","background-position":"center center","background-size":"auto","background-attachment":"scroll","background-type":"","background-media":"","overlay-type":"","overlay-color":"","overlay-opacity":"","overlay-gradient":""}},"ast-content-background-meta":{"desktop":{"background-color":"var(--ast-global-color-4)","background-image":"","background-repeat":"repeat","background-position":"center center","background-size":"auto","background-attachment":"scroll","background-type":"","background-media":"","overlay-type":"","overlay-color":"","overlay-opacity":"","overlay-gradient":""},"tablet":{"background-color":"var(--ast-global-color-4)","background-image":"","background-repeat":"repeat","background-position":"center center","background-size":"auto","background-attachment":"scroll","background-type":"","background-media":"","overlay-type":"","overlay-color":"","overlay-opacity":"","overlay-gradient":""},"mobile":{"background-color":"var(--ast-global-color-4)","background-image":"","background-repeat":"repeat","background-position":"center center","background-size":"auto","background-attachment":"scroll","background-type":"","background-media":"","overlay-type":"","overlay-color":"","overlay-opacity":"","overlay-gradient":""}},"footnotes":""},"class_list":["post-4023","page","type-page","status-publish","hentry"],"post_mailing_queue_ids":[],"_links":{"self":[{"href":"https:\/\/agora.xtec.cat\/ieagustibarbera\/wp-json\/wp\/v2\/pages\/4023","targetHints":{"allow":["GET"]}}],"collection":[{"href":"https:\/\/agora.xtec.cat\/ieagustibarbera\/wp-json\/wp\/v2\/pages"}],"about":[{"href":"https:\/\/agora.xtec.cat\/ieagustibarbera\/wp-json\/wp\/v2\/types\/page"}],"author":[{"embeddable":true,"href":"https:\/\/agora.xtec.cat\/ieagustibarbera\/wp-json\/wp\/v2\/users\/49"}],"replies":[{"embeddable":true,"href":"https:\/\/agora.xtec.cat\/ieagustibarbera\/wp-json\/wp\/v2\/comments?post=4023"}],"version-history":[{"count":4,"href":"https:\/\/agora.xtec.cat\/ieagustibarbera\/wp-json\/wp\/v2\/pages\/4023\/revisions"}],"predecessor-version":[{"id":4455,"href":"https:\/\/agora.xtec.cat\/ieagustibarbera\/wp-json\/wp\/v2\/pages\/4023\/revisions\/4455"}],"wp:attachment":[{"href":"https:\/\/agora.xtec.cat\/ieagustibarbera\/wp-json\/wp\/v2\/media?parent=4023"}],"curies":[{"name":"wp","href":"https:\/\/api.w.org\/{rel}","templated":true}]}}