{"id":4019,"date":"2022-03-09T12:31:59","date_gmt":"2022-03-09T11:31:59","guid":{"rendered":"https:\/\/agora.xtec.cat\/ieagustibarbera\/?page_id=4019"},"modified":"2022-04-04T13:54:43","modified_gmt":"2022-04-04T11:54:43","slug":"diagnosi","status":"publish","type":"page","link":"https:\/\/agora.xtec.cat\/ieagustibarbera\/diagnosi\/","title":{"rendered":"DIAGNOSI"},"content":{"rendered":"<p class=\"CDt4Ke zfr3Q\" dir=\"ltr\">Per realitzar la diagnosi digital del centre utilitzem l&#8217;eina d&#8217;avaluaci\u00f3: SELFIE.<\/p>\n<p class=\"CDt4Ke zfr3Q\" dir=\"ltr\">Aquesta eina <span class=\" aw5Odc\"><a class=\"XqQF9c\" href=\"https:\/\/www.google.com\/url?q=https%3A%2F%2Fschools-go-digital.jrc.ec.europa.eu%2Fcoordinator%2Flogin%3Flang%3Des&amp;sa=D&amp;sntz=1&amp;usg=AOvVaw2ZRoiBWqJkujqjsC7CkIU9\" target=\"_blank\" rel=\"noopener\">SELFIE<\/a><\/span> ha estat creada per la Comissi\u00f3 Europea d&#8217;Educaci\u00f3 que permet a partir d&#8217;un q\u00fcestionari valoratiu amb preguntes diferenciades per a l&#8217;equip directiu, professorat i alumnat avaluar l&#8217;evoluci\u00f3 de la integraci\u00f3 de la tecnologia de l&#8217;Institut Escola. Cada final d&#8217;any es repeteix el proc\u00e9s d&#8217;avaluaci\u00f3 per mesurar l&#8217;evoluci\u00f3 de la integraci\u00f3 de les TIC al centre i la seva maduresa digital. A continuaci\u00f3, es pot visualitzar la participaci\u00f3 a l&#8217;etapa de prim\u00e0ria i a l&#8217;etapa de secund\u00e0ria, respectivament.<\/p>\n<p dir=\"ltr\"><a href=\"https:\/\/agora.xtec.cat\/ieagustibarbera\/wp-content\/uploads\/usu625\/2022\/03\/1Primaria.jpg\"><img loading=\"lazy\" decoding=\"async\" class=\"aligncenter size-large wp-image-4115\" src=\"https:\/\/agora.xtec.cat\/ieagustibarbera\/wp-content\/uploads\/usu625\/2022\/03\/1Primaria-1024x136.jpg\" alt=\"\" width=\"1024\" height=\"136\" srcset=\"https:\/\/agora.xtec.cat\/ieagustibarbera\/wp-content\/uploads\/usu625\/2022\/03\/1Primaria-1024x136.jpg 1024w, https:\/\/agora.xtec.cat\/ieagustibarbera\/wp-content\/uploads\/usu625\/2022\/03\/1Primaria-300x40.jpg 300w, https:\/\/agora.xtec.cat\/ieagustibarbera\/wp-content\/uploads\/usu625\/2022\/03\/1Primaria-768x102.jpg 768w, https:\/\/agora.xtec.cat\/ieagustibarbera\/wp-content\/uploads\/usu625\/2022\/03\/1Primaria.jpg 1334w\" sizes=\"auto, (max-width: 1024px) 100vw, 1024px\" \/><\/a> <a href=\"https:\/\/agora.xtec.cat\/ieagustibarbera\/wp-content\/uploads\/usu625\/2022\/03\/2Secundaria.jpg\"><img loading=\"lazy\" decoding=\"async\" class=\"aligncenter size-large wp-image-4116\" src=\"https:\/\/agora.xtec.cat\/ieagustibarbera\/wp-content\/uploads\/usu625\/2022\/03\/2Secundaria-1024x132.jpg\" alt=\"\" width=\"1024\" height=\"132\" srcset=\"https:\/\/agora.xtec.cat\/ieagustibarbera\/wp-content\/uploads\/usu625\/2022\/03\/2Secundaria-1024x132.jpg 1024w, https:\/\/agora.xtec.cat\/ieagustibarbera\/wp-content\/uploads\/usu625\/2022\/03\/2Secundaria-300x39.jpg 300w, https:\/\/agora.xtec.cat\/ieagustibarbera\/wp-content\/uploads\/usu625\/2022\/03\/2Secundaria-768x99.jpg 768w, https:\/\/agora.xtec.cat\/ieagustibarbera\/wp-content\/uploads\/usu625\/2022\/03\/2Secundaria.jpg 1328w\" sizes=\"auto, (max-width: 1024px) 100vw, 1024px\" \/><\/a><\/p>\n<p dir=\"ltr\">Tamb\u00e9 s&#8217;ha realitzat un q\u00fcestionari a les fam\u00edlies per tal de poder mesurar el coneixement i l&#8217;\u00fas de la tecnologia que aquestes disposen.<\/p>\n<h3 dir=\"ltr\" style=\"text-align: center;\"><strong><a href=\"https:\/\/forms.gle\/SFA6abTaRuYDg3To8\">Enlla\u00e7<\/a>\u00a0<\/strong><\/h3>\n<p>&nbsp;<\/p>\n<p dir=\"ltr\">A partir de l&#8217;an\u00e0lisi de les dades d&#8217;aquesta eina, es van detectar els seg\u00fcents punts forts (fortaleses) i els punts a millorar dels aspectes seg\u00fcents:<\/p>\n<p dir=\"ltr\"><a href=\"https:\/\/agora.xtec.cat\/ieagustibarbera\/wp-content\/uploads\/usu625\/2022\/04\/ttttttttttt.jpg\"><img loading=\"lazy\" decoding=\"async\" class=\"aligncenter size-large wp-image-4195\" src=\"https:\/\/agora.xtec.cat\/ieagustibarbera\/wp-content\/uploads\/usu625\/2022\/04\/ttttttttttt-724x1024.jpg\" alt=\"\" width=\"724\" height=\"1024\" srcset=\"https:\/\/agora.xtec.cat\/ieagustibarbera\/wp-content\/uploads\/usu625\/2022\/04\/ttttttttttt-724x1024.jpg 724w, https:\/\/agora.xtec.cat\/ieagustibarbera\/wp-content\/uploads\/usu625\/2022\/04\/ttttttttttt-212x300.jpg 212w, https:\/\/agora.xtec.cat\/ieagustibarbera\/wp-content\/uploads\/usu625\/2022\/04\/ttttttttttt-768x1086.jpg 768w, https:\/\/agora.xtec.cat\/ieagustibarbera\/wp-content\/uploads\/usu625\/2022\/04\/ttttttttttt-1086x1536.jpg 1086w, https:\/\/agora.xtec.cat\/ieagustibarbera\/wp-content\/uploads\/usu625\/2022\/04\/ttttttttttt-1448x2048.jpg 1448w, https:\/\/agora.xtec.cat\/ieagustibarbera\/wp-content\/uploads\/usu625\/2022\/04\/ttttttttttt.jpg 1587w\" sizes=\"auto, (max-width: 724px) 100vw, 724px\" \/><\/a><\/p>\n","protected":false},"excerpt":{"rendered":"<p>Per realitzar la diagnosi digital del centre utilitzem l&#8217;eina d&#8217;avaluaci\u00f3: SELFIE. Aquesta eina SELFIE ha estat creada per la Comissi\u00f3 Europea d&#8217;Educaci\u00f3 que permet a partir d&#8217;un q\u00fcestionari valoratiu amb preguntes diferenciades per a l&#8217;equip directiu, professorat i alumnat avaluar l&#8217;evoluci\u00f3 de la integraci\u00f3 de la tecnologia de l&#8217;Institut Escola. Cada final d&#8217;any es repeteix [&hellip;]<\/p>\n","protected":false},"author":49,"featured_media":0,"parent":0,"menu_order":0,"comment_status":"closed","ping_status":"closed","template":"","meta":{"_bbp_topic_count":0,"_bbp_reply_count":0,"_bbp_total_topic_count":0,"_bbp_total_reply_count":0,"_bbp_voice_count":0,"_bbp_anonymous_reply_count":0,"_bbp_topic_count_hidden":0,"_bbp_reply_count_hidden":0,"_bbp_forum_subforum_count":0,"site-sidebar-layout":"default","site-content-layout":"","ast-site-content-layout":"","site-content-style":"default","site-sidebar-style":"default","ast-global-header-display":"","ast-banner-title-visibility":"","ast-main-header-display":"","ast-hfb-above-header-display":"","ast-hfb-below-header-display":"","ast-hfb-mobile-header-display":"","site-post-title":"","ast-breadcrumbs-content":"","ast-featured-img":"","footer-sml-layout":"","theme-transparent-header-meta":"","adv-header-id-meta":"","stick-header-meta":"","header-above-stick-meta":"","header-main-stick-meta":"","header-below-stick-meta":"","astra-migrate-meta-layouts":"default","ast-page-background-enabled":"default","ast-page-background-meta":{"desktop":{"background-color":"var(--ast-global-color-5)","background-image":"","background-repeat":"repeat","background-position":"center center","background-size":"auto","background-attachment":"scroll","background-type":"","background-media":"","overlay-type":"","overlay-color":"","overlay-opacity":"","overlay-gradient":""},"tablet":{"background-color":"","background-image":"","background-repeat":"repeat","background-position":"center center","background-size":"auto","background-attachment":"scroll","background-type":"","background-media":"","overlay-type":"","overlay-color":"","overlay-opacity":"","overlay-gradient":""},"mobile":{"background-color":"","background-image":"","background-repeat":"repeat","background-position":"center center","background-size":"auto","background-attachment":"scroll","background-type":"","background-media":"","overlay-type":"","overlay-color":"","overlay-opacity":"","overlay-gradient":""}},"ast-content-background-meta":{"desktop":{"background-color":"var(--ast-global-color-4)","background-image":"","background-repeat":"repeat","background-position":"center center","background-size":"auto","background-attachment":"scroll","background-type":"","background-media":"","overlay-type":"","overlay-color":"","overlay-opacity":"","overlay-gradient":""},"tablet":{"background-color":"var(--ast-global-color-4)","background-image":"","background-repeat":"repeat","background-position":"center center","background-size":"auto","background-attachment":"scroll","background-type":"","background-media":"","overlay-type":"","overlay-color":"","overlay-opacity":"","overlay-gradient":""},"mobile":{"background-color":"var(--ast-global-color-4)","background-image":"","background-repeat":"repeat","background-position":"center center","background-size":"auto","background-attachment":"scroll","background-type":"","background-media":"","overlay-type":"","overlay-color":"","overlay-opacity":"","overlay-gradient":""}},"footnotes":""},"class_list":["post-4019","page","type-page","status-publish","hentry"],"post_mailing_queue_ids":[],"_links":{"self":[{"href":"https:\/\/agora.xtec.cat\/ieagustibarbera\/wp-json\/wp\/v2\/pages\/4019","targetHints":{"allow":["GET"]}}],"collection":[{"href":"https:\/\/agora.xtec.cat\/ieagustibarbera\/wp-json\/wp\/v2\/pages"}],"about":[{"href":"https:\/\/agora.xtec.cat\/ieagustibarbera\/wp-json\/wp\/v2\/types\/page"}],"author":[{"embeddable":true,"href":"https:\/\/agora.xtec.cat\/ieagustibarbera\/wp-json\/wp\/v2\/users\/49"}],"replies":[{"embeddable":true,"href":"https:\/\/agora.xtec.cat\/ieagustibarbera\/wp-json\/wp\/v2\/comments?post=4019"}],"version-history":[{"count":4,"href":"https:\/\/agora.xtec.cat\/ieagustibarbera\/wp-json\/wp\/v2\/pages\/4019\/revisions"}],"predecessor-version":[{"id":4197,"href":"https:\/\/agora.xtec.cat\/ieagustibarbera\/wp-json\/wp\/v2\/pages\/4019\/revisions\/4197"}],"wp:attachment":[{"href":"https:\/\/agora.xtec.cat\/ieagustibarbera\/wp-json\/wp\/v2\/media?parent=4019"}],"curies":[{"name":"wp","href":"https:\/\/api.w.org\/{rel}","templated":true}]}}