{"id":26,"date":"2014-09-18T12:24:32","date_gmt":"2014-09-18T11:24:32","guid":{"rendered":"http:\/\/agora.xtec.cat\/ieagustibarbera\/\/?page_id=26"},"modified":"2025-08-18T18:30:41","modified_gmt":"2025-08-18T16:30:41","slug":"historia","status":"publish","type":"page","link":"https:\/\/agora.xtec.cat\/ieagustibarbera\/lescola\/historia\/","title":{"rendered":"Hist\u00f2ria"},"content":{"rendered":"<p>&nbsp;<\/p>\n<p><a href=\"http:\/\/agora.xtec.cat\/ieagustibarbera\/\/wp-content\/uploads\/usu625\/2014\/09\/fotocole1.jpg\"><img loading=\"lazy\" decoding=\"async\" class=\"size-full wp-image-211 alignright\" src=\"http:\/\/agora.xtec.cat\/ieagustibarbera\/\/wp-content\/uploads\/usu625\/2014\/09\/fotocole1.jpg\" alt=\"fotocole1\" width=\"300\" height=\"150\" \/><\/a><strong><br \/>\n<\/strong><\/p>\n<p><strong>\u00a0 \u00a0 \u00a0\u00a0<\/strong><\/p>\n<p><strong>\u00a0 \u00a0 \u00a0N&#8217;Agust\u00ed Barber\u00e0\u00a0<\/strong>(1880? &#8211; 1953) fou un mestre nascut a Alfara de Carles (Baix Ebre)\u00a0 que durant molts anys exerc\u00ed de mestre en Amposta essent molt apreciat pels seus alumnes.<\/p>\n<p><strong>\u00a0 \u00a0 \u00a0L&#8217;Escola. &#8220;Mestre Agust\u00ed Barber\u00e0&#8221;<\/strong>\u00a0neix del desglossament del\u00a0<strong>Col\u00b7legi P\u00fablic &#8220;Miquel Granell&#8221;<\/strong>, durant el curs escolar 77-78, a causa de les successives ampliacions d&#8217;unitats escolars en aquest \u00faltim centre i la manca d&#8217;espai f\u00edsic i de locals adients.<br \/>\nA l&#8217;inici de l&#8217;esmentat curs es fa una distribuci\u00f3 del professorat i de l&#8217;alumnat tenint en compte el proper desglossament, el qual tindr\u00e0 lloc el 16 de febrer de 1978, si b\u00e9 no va funcionar com a Centre totalment independent fins el seg\u00fcent curs 78-79.<\/p>\n<p>En aquell moment la composici\u00f3 del Centre era: 16 unitats d&#8217;E. G. B.,1 unitat de Pre-escolar i 1 unitat de Direcci\u00f3 amb funci\u00f3 docent. Van quedar integrats en el Centre els serveis de Transport i Menjador Escolar que fins aleshores havien estat funcionant en el C. P. &#8220;Miquel Granell&#8221;.<\/p>\n<p>La inauguraci\u00f3 oficial es va efectuar el 4 de febrer de 1979, presidida per <strong>l&#8217;Honorable Senyor Josep Tarradelles,\u00a0<\/strong>aleshores\u00a0 President de la Generalitat de Catalunya, i amb l&#8217;assist\u00e8ncia de diverses autoritats, pares, alumnes i Claustre de Professors.<\/p>\n<p>A finals de l&#8217;abril de 1985 es construeix l&#8217;edifici destinat a Educaci\u00f3 Infantil dins el recinte del Centre.<\/p>\n<p>.<\/p>\n<p><a href=\"http:\/\/agora.xtec.cat\/ieagustibarbera\/\/wp-content\/uploads\/usu625\/2014\/09\/edifinf.jpg\"><img loading=\"lazy\" decoding=\"async\" class=\"alignnone size-full wp-image-210\" src=\"http:\/\/agora.xtec.cat\/ieagustibarbera\/\/wp-content\/uploads\/usu625\/2014\/09\/edifinf.jpg\" alt=\"edifinf\" width=\"236\" height=\"148\" \/><\/a><\/p>\n<p>El curs 2019-20 vam passar a ser Institut Escola, canviant el nom pel de<strong> &#8220;IE Agust\u00ed Barber\u00e0&#8221;<\/strong>, i iniciant-se aix\u00ed un nou projecte educatiu dels 3 als 16 anys.<\/p>\n<p>Al setembre del 2021 s&#8217;acaba de construir un edifici nou d&#8217;ampliaci\u00f3 per poder situar l&#8217;alumnat d&#8217;ESO.<\/p>\n","protected":false},"excerpt":{"rendered":"<p>&nbsp; \u00a0 \u00a0 \u00a0\u00a0 \u00a0 \u00a0 \u00a0N&#8217;Agust\u00ed Barber\u00e0\u00a0(1880? &#8211; 1953) fou un mestre nascut a Alfara de Carles (Baix Ebre)\u00a0 que durant molts anys exerc\u00ed de mestre en Amposta essent molt apreciat pels seus alumnes. \u00a0 \u00a0 \u00a0L&#8217;Escola. &#8220;Mestre Agust\u00ed Barber\u00e0&#8221;\u00a0neix del desglossament del\u00a0Col\u00b7legi P\u00fablic &#8220;Miquel Granell&#8221;, durant el curs escolar 77-78, a causa de [&hellip;]<\/p>\n","protected":false},"author":1,"featured_media":0,"parent":22,"menu_order":20,"comment_status":"closed","ping_status":"closed","template":"page-templates\/side-menu.php","meta":{"_bbp_topic_count":0,"_bbp_reply_count":0,"_bbp_total_topic_count":0,"_bbp_total_reply_count":0,"_bbp_voice_count":0,"_bbp_anonymous_reply_count":0,"_bbp_topic_count_hidden":0,"_bbp_reply_count_hidden":0,"_bbp_forum_subforum_count":0,"site-sidebar-layout":"default","site-content-layout":"","ast-site-content-layout":"","site-content-style":"default","site-sidebar-style":"default","ast-global-header-display":"","ast-banner-title-visibility":"","ast-main-header-display":"","ast-hfb-above-header-display":"","ast-hfb-below-header-display":"","ast-hfb-mobile-header-display":"","site-post-title":"","ast-breadcrumbs-content":"","ast-featured-img":"","footer-sml-layout":"","theme-transparent-header-meta":"","adv-header-id-meta":"","stick-header-meta":"","header-above-stick-meta":"","header-main-stick-meta":"","header-below-stick-meta":"","astra-migrate-meta-layouts":"default","ast-page-background-enabled":"default","ast-page-background-meta":{"desktop":{"background-color":"var(--ast-global-color-5)","background-image":"","background-repeat":"repeat","background-position":"center center","background-size":"auto","background-attachment":"scroll","background-type":"","background-media":"","overlay-type":"","overlay-color":"","overlay-opacity":"","overlay-gradient":""},"tablet":{"background-color":"","background-image":"","background-repeat":"repeat","background-position":"center center","background-size":"auto","background-attachment":"scroll","background-type":"","background-media":"","overlay-type":"","overlay-color":"","overlay-opacity":"","overlay-gradient":""},"mobile":{"background-color":"","background-image":"","background-repeat":"repeat","background-position":"center center","background-size":"auto","background-attachment":"scroll","background-type":"","background-media":"","overlay-type":"","overlay-color":"","overlay-opacity":"","overlay-gradient":""}},"ast-content-background-meta":{"desktop":{"background-color":"var(--ast-global-color-4)","background-image":"","background-repeat":"repeat","background-position":"center center","background-size":"auto","background-attachment":"scroll","background-type":"","background-media":"","overlay-type":"","overlay-color":"","overlay-opacity":"","overlay-gradient":""},"tablet":{"background-color":"var(--ast-global-color-4)","background-image":"","background-repeat":"repeat","background-position":"center center","background-size":"auto","background-attachment":"scroll","background-type":"","background-media":"","overlay-type":"","overlay-color":"","overlay-opacity":"","overlay-gradient":""},"mobile":{"background-color":"var(--ast-global-color-4)","background-image":"","background-repeat":"repeat","background-position":"center center","background-size":"auto","background-attachment":"scroll","background-type":"","background-media":"","overlay-type":"","overlay-color":"","overlay-opacity":"","overlay-gradient":""}},"footnotes":""},"class_list":["post-26","page","type-page","status-publish","hentry"],"post_mailing_queue_ids":[],"_links":{"self":[{"href":"https:\/\/agora.xtec.cat\/ieagustibarbera\/wp-json\/wp\/v2\/pages\/26","targetHints":{"allow":["GET"]}}],"collection":[{"href":"https:\/\/agora.xtec.cat\/ieagustibarbera\/wp-json\/wp\/v2\/pages"}],"about":[{"href":"https:\/\/agora.xtec.cat\/ieagustibarbera\/wp-json\/wp\/v2\/types\/page"}],"author":[{"embeddable":true,"href":"https:\/\/agora.xtec.cat\/ieagustibarbera\/wp-json\/wp\/v2\/users\/1"}],"replies":[{"embeddable":true,"href":"https:\/\/agora.xtec.cat\/ieagustibarbera\/wp-json\/wp\/v2\/comments?post=26"}],"version-history":[{"count":4,"href":"https:\/\/agora.xtec.cat\/ieagustibarbera\/wp-json\/wp\/v2\/pages\/26\/revisions"}],"predecessor-version":[{"id":5239,"href":"https:\/\/agora.xtec.cat\/ieagustibarbera\/wp-json\/wp\/v2\/pages\/26\/revisions\/5239"}],"up":[{"embeddable":true,"href":"https:\/\/agora.xtec.cat\/ieagustibarbera\/wp-json\/wp\/v2\/pages\/22"}],"wp:attachment":[{"href":"https:\/\/agora.xtec.cat\/ieagustibarbera\/wp-json\/wp\/v2\/media?parent=26"}],"curies":[{"name":"wp","href":"https:\/\/api.w.org\/{rel}","templated":true}]}}