{"id":2940,"date":"2025-02-05T20:22:46","date_gmt":"2025-02-05T19:22:46","guid":{"rendered":"https:\/\/agora.xtec.cat\/ie3dabril\/?page_id=2940"},"modified":"2026-01-14T14:12:30","modified_gmt":"2026-01-14T13:12:30","slug":"drama-time-comunitat-de-grans","status":"publish","type":"page","link":"https:\/\/agora.xtec.cat\/ie3dabril\/drama-time-comunitat-de-grans\/","title":{"rendered":"Drama Time Comunitat de Grans"},"content":{"rendered":"<p><span style=\"color: #222222;\"><span style=\"font-family: Calibri, sans-serif;\"><span style=\"font-size: medium;\">Des de l\u2019optativa\u00a0<i>Drama Time<\/i>, us presentem l\u2019obra de teatre del primer trimestre.<\/span><\/span><\/span><\/p>\n<p><span style=\"color: #222222;\"><span style=\"font-family: Calibri, sans-serif;\"><span style=\"font-size: medium;\">L\u2019alumnat de 5\u00e8 i 6\u00e8 de prim\u00e0ria i de 1r d\u2019ESO, de la comunitat de grans, ha treballat en la representaci\u00f3 de l\u2019obra\u00a0<\/span><\/span><\/span><em><span style=\"color: #222222;\"><span style=\"font-family: Calibri, sans-serif;\"><span style=\"font-size: medium;\">Hansela and Gretel<\/span><\/span><\/span><\/em><span style=\"color: #222222;\"><span style=\"font-family: Calibri, sans-serif;\"><span style=\"font-size: medium;\">, una adaptaci\u00f3 del conte cl\u00e0ssic que combina misteri, imaginaci\u00f3 i aprenentatge.<\/span><\/span><\/span><\/p>\n<p><span style=\"color: #222222;\"><span style=\"font-family: Calibri, sans-serif;\"><span style=\"font-size: medium;\">Al llarg del projecte, l\u2019alumnat ha gaudit del proc\u00e9s creatiu i del treball compartit, tot desenvolupant la llengua anglesa a trav\u00e9s del teatre, l\u2019expressi\u00f3 corporal i el treball en equip. Us convidem a veure l\u2019obra i a descobrir-ne el resultat. Esperem que us agradi!<\/span><\/span><\/span><\/p>\n<p><iframe loading=\"lazy\" title=\"YouTube video player\" src=\"\/\/www.youtube.com\/embed\/QyrRHSJgeik?si=ksxr8d__50JdzCcD\" width=\"1120\" height=\"630\" frameborder=\"0\" allowfullscreen=\"allowfullscreen\"><\/iframe><\/p>\n<p>&nbsp;<\/p>\n<p>Aqu\u00ed tenim l&#8217;obra de teatre de l&#8217;optativa d&#8217;angl\u00e8s del 3r trimestre.<\/p>\n<p>L\u2019alumnat de <strong>5\u00e8, 6\u00e8 de prim\u00e0ria i 1r d\u2019ESO<\/strong>, de la\u00a0<strong>comunitat de grans<\/strong>, ens presenta una divertida versi\u00f3 del cl\u00e0ssic conte\u00a0<strong>\u201cThe 3 Little Pigs\u201d<\/strong>, on podreu veure com aquests personatges tan coneguts cobren vida a trav\u00e9s de l\u2019expressi\u00f3 oral, el gest i el treball en equip.<\/p>\n<p>Us convidem a veure l&#8217;obra i gaudir del resultat d\u2019aquest projecte, que ha combinat l\u2019aprenentatge de la llengua anglesa amb l\u2019art esc\u00e8nic, el treball cooperatiu i, sobretot, la il\u00b7lusi\u00f3 de pujar a l\u2019escenari.<\/p>\n<p><iframe loading=\"lazy\" title=\"YouTube video player\" src=\"\/\/www.youtube.com\/embed\/vffDvmrx8M4?si=S0TYnS4A0rOyrAFA\" width=\"1120\" height=\"630\" frameborder=\"0\" allowfullscreen=\"allowfullscreen\"><\/iframe><\/p>\n<p>&nbsp;<\/p>\n<p><span style=\"color: #222222;\"><span style=\"font-family: Calibri, sans-serif;\"><span style=\"font-size: medium;\">Aquest segon trimestre, els xiquets i xiquetes de la comunitat de grans de l&#8217;escola han preparat una obra molt especial plena de creativitat, esfor\u00e7 i molta il\u00b7lusi\u00f3.<\/span><\/span><\/span><\/p>\n<p><span style=\"color: #222222;\"><span style=\"font-family: Calibri, sans-serif;\"><span style=\"font-size: medium;\">L&#8217;alumnat de la comunitat de grans ens presenta <\/span><\/span><\/span><em><span style=\"color: #222222;\"><span style=\"font-family: Calibri, sans-serif;\"><span style=\"font-size: medium;\">&#8220;Cinderella&#8221;<\/span><\/span><\/span><\/em><span style=\"color: #222222;\"><span style=\"font-family: Calibri, sans-serif;\"><span style=\"font-size: medium;\">, una adaptaci\u00f3 encantadora del cl\u00e0ssic conte de la Ventafocs, plena de m\u00e0gia i humor.<\/span><\/span><\/span><\/p>\n<p><span style=\"color: #222222;\"><span style=\"font-family: Calibri, sans-serif;\"><span style=\"font-size: medium;\">Per poder gaudir d&#8217;aquesta producci\u00f3 tan especial, on l&#8217;art i el talent dels nostres petits grans artistes brillen amb llum pr\u00f2pia, feu clic en la imatge :<\/span><\/span><\/span><\/p>\n<p dir=\"ltr\"><a href=\"https:\/\/drive.google.com\/file\/d\/1g0m5QNLrMHuEy0b2L9pbFK13LFI89OMc\/view?usp=sharing\" target=\"_blank\" rel=\"noopener\"><img loading=\"lazy\" decoding=\"async\" class=\"alignleft wp-image-3047 size-full\" src=\"https:\/\/agora.xtec.cat\/ie3dabril\/wp-content\/uploads\/usu1564\/2025\/05\/Cinderella.jpg\" alt=\"\" width=\"1713\" height=\"936\" srcset=\"https:\/\/agora.xtec.cat\/ie3dabril\/wp-content\/uploads\/usu1564\/2025\/05\/Cinderella.jpg 1713w, https:\/\/agora.xtec.cat\/ie3dabril\/wp-content\/uploads\/usu1564\/2025\/05\/Cinderella-300x164.jpg 300w, https:\/\/agora.xtec.cat\/ie3dabril\/wp-content\/uploads\/usu1564\/2025\/05\/Cinderella-1024x560.jpg 1024w, https:\/\/agora.xtec.cat\/ie3dabril\/wp-content\/uploads\/usu1564\/2025\/05\/Cinderella-768x420.jpg 768w, https:\/\/agora.xtec.cat\/ie3dabril\/wp-content\/uploads\/usu1564\/2025\/05\/Cinderella-1536x839.jpg 1536w\" sizes=\"auto, (max-width: 1713px) 100vw, 1713px\" \/><\/a><\/p>\n<p dir=\"ltr\">Us presentem les obres de teatre &#8220;Alice in Wonderland &#8221; i &#8220;A day at the airport&#8221; que hem preparat mitjans i grans amb molta il.lusi\u00f3 i esfor\u00e7 a l&#8217;optativa d&#8217;angl\u00e8s :<\/p>\n<p dir=\"ltr\"><iframe loading=\"lazy\" title=\"YouTube video player\" src=\"\/\/www.youtube.com\/embed\/QRNGTkUvLhA?si=izC6ylc4Fzs8JO7g\" width=\"1120\" height=\"630\" frameborder=\"0\" allowfullscreen=\"allowfullscreen\"><\/iframe><\/p>\n<p dir=\"ltr\"><iframe loading=\"lazy\" title=\"YouTube video player\" src=\"\/\/www.youtube.com\/embed\/OyN52Swc2B0?si=hnvSPMiDU5w6725v\" width=\"1120\" height=\"630\" frameborder=\"0\" allowfullscreen=\"allowfullscreen\"><\/iframe><\/p>\n<p dir=\"ltr\">\n","protected":false},"excerpt":{"rendered":"<p>Des de l\u2019optativa\u00a0Drama Time, us presentem l\u2019obra de teatre del primer trimestre. L\u2019alumnat de 5\u00e8 i 6\u00e8 de prim\u00e0ria i de 1r d\u2019ESO, de la comunitat de grans, ha treballat en la representaci\u00f3 de l\u2019obra\u00a0Hansela and Gretel, una adaptaci\u00f3 del conte cl\u00e0ssic que combina misteri, imaginaci\u00f3 i aprenentatge. Al llarg del projecte, l\u2019alumnat ha gaudit [&hellip;]<\/p>\n","protected":false},"author":3,"featured_media":0,"parent":0,"menu_order":0,"comment_status":"closed","ping_status":"closed","template":"","meta":{"_bbp_topic_count":0,"_bbp_reply_count":0,"_bbp_total_topic_count":0,"_bbp_total_reply_count":0,"_bbp_voice_count":0,"_bbp_anonymous_reply_count":0,"_bbp_topic_count_hidden":0,"_bbp_reply_count_hidden":0,"_bbp_forum_subforum_count":0,"site-sidebar-layout":"default","site-content-layout":"","ast-site-content-layout":"","site-content-style":"default","site-sidebar-style":"default","ast-global-header-display":"","ast-banner-title-visibility":"","ast-main-header-display":"","ast-hfb-above-header-display":"","ast-hfb-below-header-display":"","ast-hfb-mobile-header-display":"","site-post-title":"","ast-breadcrumbs-content":"","ast-featured-img":"","footer-sml-layout":"","theme-transparent-header-meta":"","adv-header-id-meta":"","stick-header-meta":"","header-above-stick-meta":"","header-main-stick-meta":"","header-below-stick-meta":"","astra-migrate-meta-layouts":"default","ast-page-background-enabled":"default","ast-page-background-meta":{"desktop":{"background-color":"var(--ast-global-color-4)","background-image":"","background-repeat":"repeat","background-position":"center center","background-size":"auto","background-attachment":"scroll","background-type":"","background-media":"","overlay-type":"","overlay-color":"","overlay-opacity":"","overlay-gradient":""},"tablet":{"background-color":"","background-image":"","background-repeat":"repeat","background-position":"center center","background-size":"auto","background-attachment":"scroll","background-type":"","background-media":"","overlay-type":"","overlay-color":"","overlay-opacity":"","overlay-gradient":""},"mobile":{"background-color":"","background-image":"","background-repeat":"repeat","background-position":"center center","background-size":"auto","background-attachment":"scroll","background-type":"","background-media":"","overlay-type":"","overlay-color":"","overlay-opacity":"","overlay-gradient":""}},"ast-content-background-meta":{"desktop":{"background-color":"var(--ast-global-color-5)","background-image":"","background-repeat":"repeat","background-position":"center center","background-size":"auto","background-attachment":"scroll","background-type":"","background-media":"","overlay-type":"","overlay-color":"","overlay-opacity":"","overlay-gradient":""},"tablet":{"background-color":"var(--ast-global-color-5)","background-image":"","background-repeat":"repeat","background-position":"center center","background-size":"auto","background-attachment":"scroll","background-type":"","background-media":"","overlay-type":"","overlay-color":"","overlay-opacity":"","overlay-gradient":""},"mobile":{"background-color":"var(--ast-global-color-5)","background-image":"","background-repeat":"repeat","background-position":"center center","background-size":"auto","background-attachment":"scroll","background-type":"","background-media":"","overlay-type":"","overlay-color":"","overlay-opacity":"","overlay-gradient":""}},"footnotes":""},"class_list":["post-2940","page","type-page","status-publish","hentry"],"post_mailing_queue_ids":[],"_links":{"self":[{"href":"https:\/\/agora.xtec.cat\/ie3dabril\/wp-json\/wp\/v2\/pages\/2940","targetHints":{"allow":["GET"]}}],"collection":[{"href":"https:\/\/agora.xtec.cat\/ie3dabril\/wp-json\/wp\/v2\/pages"}],"about":[{"href":"https:\/\/agora.xtec.cat\/ie3dabril\/wp-json\/wp\/v2\/types\/page"}],"author":[{"embeddable":true,"href":"https:\/\/agora.xtec.cat\/ie3dabril\/wp-json\/wp\/v2\/users\/3"}],"replies":[{"embeddable":true,"href":"https:\/\/agora.xtec.cat\/ie3dabril\/wp-json\/wp\/v2\/comments?post=2940"}],"version-history":[{"count":6,"href":"https:\/\/agora.xtec.cat\/ie3dabril\/wp-json\/wp\/v2\/pages\/2940\/revisions"}],"predecessor-version":[{"id":3104,"href":"https:\/\/agora.xtec.cat\/ie3dabril\/wp-json\/wp\/v2\/pages\/2940\/revisions\/3104"}],"wp:attachment":[{"href":"https:\/\/agora.xtec.cat\/ie3dabril\/wp-json\/wp\/v2\/media?parent=2940"}],"curies":[{"name":"wp","href":"https:\/\/api.w.org\/{rel}","templated":true}]}}