{"id":962,"date":"2022-01-24T19:38:28","date_gmt":"2022-01-24T18:38:28","guid":{"rendered":"https:\/\/agora.xtec.cat\/ie-josepmxandri\/?page_id=962"},"modified":"2022-01-31T12:11:49","modified_gmt":"2022-01-31T11:11:49","slug":"filosofia-de-centre","status":"publish","type":"page","link":"https:\/\/agora.xtec.cat\/ie-josepmxandri\/filosofia-de-centre\/","title":{"rendered":"Filosofia de centre"},"content":{"rendered":"<p>L&#8217;Equip de mestres i professors de l&#8217;Institut Escola Josep Maria Xandri us explica a trav\u00e9s d&#8217;aquest v\u00eddeo el per qu\u00e8, el qu\u00e8, el com i el quan de la filosofia de centre.<\/p>\n<p><a href=\"https:\/\/youtu.be\/rb1FB_5IGlI\"><img loading=\"lazy\" decoding=\"async\" class=\"alignnone wp-image-967 \" src=\"https:\/\/agora.xtec.cat\/ie-josepmxandri\/wp-content\/uploads\/usu1857\/2022\/01\/info-filosofia-escola-1024x565.jpg\" alt=\"\" width=\"564\" height=\"311\" srcset=\"https:\/\/agora.xtec.cat\/ie-josepmxandri\/wp-content\/uploads\/usu1857\/2022\/01\/info-filosofia-escola-1024x565.jpg 1024w, https:\/\/agora.xtec.cat\/ie-josepmxandri\/wp-content\/uploads\/usu1857\/2022\/01\/info-filosofia-escola-300x166.jpg 300w, https:\/\/agora.xtec.cat\/ie-josepmxandri\/wp-content\/uploads\/usu1857\/2022\/01\/info-filosofia-escola-768x424.jpg 768w, https:\/\/agora.xtec.cat\/ie-josepmxandri\/wp-content\/uploads\/usu1857\/2022\/01\/info-filosofia-escola-1536x848.jpg 1536w, https:\/\/agora.xtec.cat\/ie-josepmxandri\/wp-content\/uploads\/usu1857\/2022\/01\/info-filosofia-escola.jpg 1709w\" sizes=\"auto, (max-width: 564px) 100vw, 564px\" \/><\/a><\/p>\n<p>&nbsp;<\/p>\n","protected":false},"excerpt":{"rendered":"<p>L&#8217;Equip de mestres i professors de l&#8217;Institut Escola Josep Maria Xandri us explica a trav\u00e9s d&#8217;aquest v\u00eddeo el per qu\u00e8, el qu\u00e8, el com i el quan de la filosofia de centre.<br \/>\n<a href=\"https:\/\/youtu.be\/rb1FB_5IGlI\"><\/a><br \/>\n&nbsp;<\/p>\n","protected":false},"author":4,"featured_media":0,"parent":0,"menu_order":0,"comment_status":"closed","ping_status":"closed","template":"","meta":{"_bbp_topic_count":0,"_bbp_reply_count":0,"_bbp_total_topic_count":0,"_bbp_total_reply_count":0,"_bbp_voice_count":0,"_bbp_anonymous_reply_count":0,"_bbp_topic_count_hidden":0,"_bbp_reply_count_hidden":0,"_bbp_forum_subforum_count":0,"footnotes":""},"class_list":["post-962","page","type-page","status-publish","hentry"],"post_mailing_queue_ids":[],"_links":{"self":[{"href":"https:\/\/agora.xtec.cat\/ie-josepmxandri\/wp-json\/wp\/v2\/pages\/962","targetHints":{"allow":["GET"]}}],"collection":[{"href":"https:\/\/agora.xtec.cat\/ie-josepmxandri\/wp-json\/wp\/v2\/pages"}],"about":[{"href":"https:\/\/agora.xtec.cat\/ie-josepmxandri\/wp-json\/wp\/v2\/types\/page"}],"author":[{"embeddable":true,"href":"https:\/\/agora.xtec.cat\/ie-josepmxandri\/wp-json\/wp\/v2\/users\/4"}],"replies":[{"embeddable":true,"href":"https:\/\/agora.xtec.cat\/ie-josepmxandri\/wp-json\/wp\/v2\/comments?post=962"}],"version-history":[{"count":3,"href":"https:\/\/agora.xtec.cat\/ie-josepmxandri\/wp-json\/wp\/v2\/pages\/962\/revisions"}],"predecessor-version":[{"id":969,"href":"https:\/\/agora.xtec.cat\/ie-josepmxandri\/wp-json\/wp\/v2\/pages\/962\/revisions\/969"}],"wp:attachment":[{"href":"https:\/\/agora.xtec.cat\/ie-josepmxandri\/wp-json\/wp\/v2\/media?parent=962"}],"curies":[{"name":"wp","href":"https:\/\/api.w.org\/{rel}","templated":true}]}}