{"id":1288,"date":"2025-07-12T20:52:08","date_gmt":"2025-07-12T18:52:08","guid":{"rendered":"https:\/\/agora.xtec.cat\/ie-josepmxandri\/?page_id=1288"},"modified":"2025-07-12T20:57:42","modified_gmt":"2025-07-12T18:57:42","slug":"matematicament","status":"publish","type":"page","link":"https:\/\/agora.xtec.cat\/ie-josepmxandri\/matematicament\/","title":{"rendered":"Matem\u00e0ticaMENT"},"content":{"rendered":"<p>Us deixem aqu\u00ed el nostre blog amb v\u00eddeos de com treballem les matem\u00e0tiques al nostre Institut Escola.<\/p>\n<p><a href=\"https:\/\/sites.google.com\/xtec.cat\/matematiquesalxandri\/p%C3%A0gina-principal?authuser=1\">Matem\u00e0tiques al Xandri<\/a><\/p>\n<p>El bloc t\u00e9 tres p\u00e0gines, la principal on podeu trobar un v\u00eddeo que explica el per qu\u00e8 treballem aix\u00ed, i a dalt a la dreta hi ha dues pestanyes m\u00e9s, una amb una presentaci\u00f3 de la fonamentaci\u00f3 te\u00f2rica i l&#8217;altra pestanya amb v\u00eddeos de com podem portar a terme les operacions matem\u00e0tiques de suma, resta, multiplicaci\u00f3 i divisi\u00f3 passant primer per la comprensi\u00f3.<\/p>\n<p>&nbsp;<\/p>\n","protected":false},"excerpt":{"rendered":"<p>Us deixem aqu\u00ed el nostre blog amb v\u00eddeos de com treballem les matem\u00e0tiques al nostre Institut Escola.<br \/>\n<a href=\"https:\/\/sites.google.com\/xtec.cat\/matematiquesalxandri\/p%C3%A0gina-principal?authuser=1\">Matem\u00e0tiques al Xandri<\/a><br \/>\nEl bloc t\u00e9 tres p\u00e0gines, la principal on podeu trobar un v\u00eddeo que explica el per qu\u00e8 treballem aix\u00ed, i a dalt a la dreta hi&hellip;  <a href=\"https:\/\/agora.xtec.cat\/ie-josepmxandri\/matematicament\/\" title=\"Read Matem\u00e0ticaMENT\">Llegeix m\u00e9s\u00bb<\/a><\/p>\n","protected":false},"author":4,"featured_media":0,"parent":0,"menu_order":0,"comment_status":"closed","ping_status":"closed","template":"","meta":{"_bbp_topic_count":0,"_bbp_reply_count":0,"_bbp_total_topic_count":0,"_bbp_total_reply_count":0,"_bbp_voice_count":0,"_bbp_anonymous_reply_count":0,"_bbp_topic_count_hidden":0,"_bbp_reply_count_hidden":0,"_bbp_forum_subforum_count":0,"footnotes":""},"class_list":["post-1288","page","type-page","status-publish","hentry"],"post_mailing_queue_ids":[],"_links":{"self":[{"href":"https:\/\/agora.xtec.cat\/ie-josepmxandri\/wp-json\/wp\/v2\/pages\/1288","targetHints":{"allow":["GET"]}}],"collection":[{"href":"https:\/\/agora.xtec.cat\/ie-josepmxandri\/wp-json\/wp\/v2\/pages"}],"about":[{"href":"https:\/\/agora.xtec.cat\/ie-josepmxandri\/wp-json\/wp\/v2\/types\/page"}],"author":[{"embeddable":true,"href":"https:\/\/agora.xtec.cat\/ie-josepmxandri\/wp-json\/wp\/v2\/users\/4"}],"replies":[{"embeddable":true,"href":"https:\/\/agora.xtec.cat\/ie-josepmxandri\/wp-json\/wp\/v2\/comments?post=1288"}],"version-history":[{"count":3,"href":"https:\/\/agora.xtec.cat\/ie-josepmxandri\/wp-json\/wp\/v2\/pages\/1288\/revisions"}],"predecessor-version":[{"id":1292,"href":"https:\/\/agora.xtec.cat\/ie-josepmxandri\/wp-json\/wp\/v2\/pages\/1288\/revisions\/1292"}],"wp:attachment":[{"href":"https:\/\/agora.xtec.cat\/ie-josepmxandri\/wp-json\/wp\/v2\/media?parent=1288"}],"curies":[{"name":"wp","href":"https:\/\/api.w.org\/{rel}","templated":true}]}}