{"id":5506,"date":"2020-11-04T15:37:41","date_gmt":"2020-11-04T14:37:41","guid":{"rendered":"http:\/\/agora.xtec.cat\/ie-joanmiro\/?page_id=5506"},"modified":"2020-11-06T09:30:49","modified_gmt":"2020-11-06T08:30:49","slug":"ambit-curricular","status":"publish","type":"page","link":"https:\/\/agora.xtec.cat\/ie-joanmiro\/ambit-curricular\/","title":{"rendered":"\u00c0mbit Curricular"},"content":{"rendered":"<table>\n<tbody>\n<tr>\n<td><a href=\"https:\/\/agora.xtec.cat\/ie-joanmiro\/?page_id=5508&amp;preview=true\">Continguts \u00c0mbit Ling\u00fc\u00edstic<\/a><\/td>\n<\/tr>\n<tr>\n<td><a href=\"https:\/\/agora.xtec.cat\/ie-joanmiro\/wp-content\/uploads\/usu1319\/2020\/11\/MATEM\u00c0TIQUES.-Continguts-Prim\u00e0ria.pdf\">Continguts \u00c0mbit Matem\u00e0tic<\/a><\/td>\n<\/tr>\n<tr>\n<td><a href=\"https:\/\/agora.xtec.cat\/ie-joanmiro\/?page_id=5516&amp;preview=true\">Continguts \u00c0mbit Coneixement del Medi Natural i Social<\/a><\/td>\n<\/tr>\n<tr>\n<td><a href=\"http:\/\/agora.xtec.cat\/ie-joanmiro\/ambit-artistic-3\/\">Continguts \u00c0mbit Art\u00edstic<\/a><\/td>\n<\/tr>\n<tr>\n<td><a href=\"https:\/\/agora.xtec.cat\/ie-joanmiro\/wp-content\/uploads\/usu1319\/2020\/11\/EDUCACI\u00d3-F\u00cdSICA-Continguts-Prim\u00e0ria.pdf\">Continguts \u00c0mbit Educaci\u00f3 F\u00edsica<\/a><\/td>\n<\/tr>\n<tr>\n<td><a href=\"https:\/\/agora.xtec.cat\/ie-joanmiro\/wp-content\/uploads\/usu1319\/2020\/11\/E.VALORS-Socials-i-c\u00edvics.-Continguts-Prim\u00e0ria.pdf\">Continguts \u00c0mbit Educaci\u00f3 en valors<\/a><\/td>\n<\/tr>\n<tr>\n<td>Continguts \u00c0mbit d&#8217;Aprendre a aprendre<\/td>\n<\/tr>\n<tr>\n<td>Continguts \u00c0mbit Digital<\/td>\n<\/tr>\n<tr>\n<td>Continguts \u00c0mbit d&#8217;Autonomia i iniciativa personal i emprenedoria<\/td>\n<\/tr>\n<\/tbody>\n<\/table>\n","protected":false},"excerpt":{"rendered":"<p><a href=\"https:\/\/agora.xtec.cat\/ie-joanmiro\/?page_id=5508&amp;preview=true\">Continguts \u00c0mbit Ling\u00fc\u00edstic<\/a><\/p>\n<p><a href=\"https:\/\/agora.xtec.cat\/ie-joanmiro\/wp-content\/uploads\/usu1319\/2020\/11\/MATEM\u00c0TIQUES.-Continguts-Prim\u00e0ria.pdf\">Continguts \u00c0mbit Matem\u00e0tic<\/a><\/p>\n<p><a href=\"https:\/\/agora.xtec.cat\/ie-joanmiro\/?page_id=5516&amp;preview=true\">Continguts \u00c0mbit Coneixement del Medi Natural i Social<\/a><\/p>\n<p><a href=\"http:\/\/agora.xtec.cat\/ie-joanmiro\/ambit-artistic-3\/\">Continguts \u00c0mbit Art\u00edstic<\/a><\/p>\n<p><a href=\"https:\/\/agora.xtec.cat\/ie-joanmiro\/wp-content\/uploads\/usu1319\/2020\/11\/EDUCACI\u00d3-F\u00cdSICA-Continguts-Prim\u00e0ria.pdf\">Continguts \u00c0mbit Educaci\u00f3 F\u00edsica<\/a><\/p>\n<p><a href=\"https:\/\/agora.xtec.cat\/ie-joanmiro\/wp-content\/uploads\/usu1319\/2020\/11\/E.VALORS-Socials-i-c\u00edvics.-Continguts-Prim\u00e0ria.pdf\">Continguts \u00c0mbit Educaci\u00f3 en valors<\/a><\/p>\n<p>Continguts \u00c0mbit d&#8217;Aprendre a aprendre<\/p>\n<p>Continguts \u00c0mbit Digital<\/p>\n<p>Continguts \u00c0mbit d&#8217;Autonomia i iniciativa personal i emprenedoria<\/p>\n","protected":false},"author":1,"featured_media":0,"parent":0,"menu_order":0,"comment_status":"closed","ping_status":"closed","template":"","meta":{"_bbp_topic_count":0,"_bbp_reply_count":0,"_bbp_total_topic_count":0,"_bbp_total_reply_count":0,"_bbp_voice_count":0,"_bbp_anonymous_reply_count":0,"_bbp_topic_count_hidden":0,"_bbp_reply_count_hidden":0,"_bbp_forum_subforum_count":0,"footnotes":""},"class_list":["post-5506","page","type-page","status-publish","hentry"],"post_mailing_queue_ids":[],"_links":{"self":[{"href":"https:\/\/agora.xtec.cat\/ie-joanmiro\/wp-json\/wp\/v2\/pages\/5506","targetHints":{"allow":["GET"]}}],"collection":[{"href":"https:\/\/agora.xtec.cat\/ie-joanmiro\/wp-json\/wp\/v2\/pages"}],"about":[{"href":"https:\/\/agora.xtec.cat\/ie-joanmiro\/wp-json\/wp\/v2\/types\/page"}],"author":[{"embeddable":true,"href":"https:\/\/agora.xtec.cat\/ie-joanmiro\/wp-json\/wp\/v2\/users\/1"}],"replies":[{"embeddable":true,"href":"https:\/\/agora.xtec.cat\/ie-joanmiro\/wp-json\/wp\/v2\/comments?post=5506"}],"version-history":[{"count":3,"href":"https:\/\/agora.xtec.cat\/ie-joanmiro\/wp-json\/wp\/v2\/pages\/5506\/revisions"}],"predecessor-version":[{"id":5541,"href":"https:\/\/agora.xtec.cat\/ie-joanmiro\/wp-json\/wp\/v2\/pages\/5506\/revisions\/5541"}],"wp:attachment":[{"href":"https:\/\/agora.xtec.cat\/ie-joanmiro\/wp-json\/wp\/v2\/media?parent=5506"}],"curies":[{"name":"wp","href":"https:\/\/api.w.org\/{rel}","templated":true}]}}