{"id":1079,"date":"2016-06-27T10:27:00","date_gmt":"2016-06-27T09:27:00","guid":{"rendered":"http:\/\/agora.xtec.cat\/ceip-elpigros\/?page_id=1079"},"modified":"2021-11-23T10:00:21","modified_gmt":"2021-11-23T09:00:21","slug":"instal%c2%b7lacionsescola","status":"publish","type":"page","link":"https:\/\/agora.xtec.cat\/ie-elpigros-santcebria\/lescola\/instal%c2%b7lacionsescola\/","title":{"rendered":"Instal\u00b7lacions"},"content":{"rendered":"<h3>El Pi Gros&#8230;<\/h3>\n<p>&#8230;\u00e9s una centre amb un servei p\u00fablic i obert a tothom, amb pluralitat ideol\u00f2gica, apostant per un institut escola intercultural, tolerant i solid\u00e0ria on valorem el respecte, la responsabilitat i<br \/>\nl\u2019autonomia.<\/p>\n<p>&nbsp;<\/p>\n<p>&nbsp;<\/p>\n<p><a href=\"http:\/\/agora.xtec.cat\/ceip-elpigros\/wp-content\/uploads\/usu931\/2016\/06\/PiGros1.png\" rel=\"attachment wp-att-1080\"><img loading=\"lazy\" decoding=\"async\" class=\"aligncenter wp-image-1080 size-medium\" src=\"http:\/\/agora.xtec.cat\/ceip-elpigros\/wp-content\/uploads\/usu931\/2016\/06\/PiGros1-300x225.png\" alt=\"PiGros1\" width=\"300\" height=\"225\" srcset=\"https:\/\/agora.xtec.cat\/ie-elpigros-santcebria\/wp-content\/uploads\/usu931\/2016\/06\/PiGros1-300x225.png 300w, https:\/\/agora.xtec.cat\/ie-elpigros-santcebria\/wp-content\/uploads\/usu931\/2016\/06\/PiGros1-200x150.png 200w, https:\/\/agora.xtec.cat\/ie-elpigros-santcebria\/wp-content\/uploads\/usu931\/2016\/06\/PiGros1.png 446w\" sizes=\"auto, (max-width: 300px) 100vw, 300px\" \/><\/a><\/p>\n<p>Oferim una atenci\u00f3 individualitzada, ja que el centre compta amb r\u00e0tios baixes a les aules aix\u00f2 ens permet obtenir uns bons resultats, tant en l\u2019avaluaci\u00f3 interna del centre com l\u2019avaluaci\u00f3 externa duta a terme pel Departament.<\/p>\n<p><a href=\"http:\/\/agora.xtec.cat\/ceip-elpigros\/wp-content\/uploads\/usu931\/2016\/06\/PiGros2.jpg\" rel=\"attachment wp-att-1081\"><img loading=\"lazy\" decoding=\"async\" class=\"wp-image-1081 size-medium aligncenter\" src=\"http:\/\/agora.xtec.cat\/ceip-elpigros\/wp-content\/uploads\/usu931\/2016\/06\/PiGros2-300x225.jpg\" alt=\"PiGros2\" width=\"300\" height=\"225\" srcset=\"https:\/\/agora.xtec.cat\/ie-elpigros-santcebria\/wp-content\/uploads\/usu931\/2016\/06\/PiGros2-300x225.jpg 300w, https:\/\/agora.xtec.cat\/ie-elpigros-santcebria\/wp-content\/uploads\/usu931\/2016\/06\/PiGros2-200x150.jpg 200w, https:\/\/agora.xtec.cat\/ie-elpigros-santcebria\/wp-content\/uploads\/usu931\/2016\/06\/PiGros2.jpg 567w\" sizes=\"auto, (max-width: 300px) 100vw, 300px\" \/><\/a><\/p>\n<p>Desenvolupem un m\u00e8tode de treball i estudi responsable, potenciant l\u2019esperit de col\u00b7laboraci\u00f3 i de cr\u00edtica (participaci\u00f3 en el projecte de Filosofia 3\/12).<\/p>\n<h3>Com treballem?<\/h3>\n<p>Es duu a terme una metodologia de treball competencial amb un aprenentatge a trav\u00e9s de l\u2019experimentaci\u00f3 i el joc motivant a l\u2019infant a explorar i descobrir. Treballem a trav\u00e9s dels racons de joc i de racons de treball. A Prim\u00e0ria es duu a terme tamb\u00e9 un treball competencial i per projectes a les diferents \u00e0rees curriculars que permeten l\u2019assoliment de les compet\u00e8ncies marcades pel Departament d\u2019Ensenyament.<\/p>\n<p><a href=\"http:\/\/agora.xtec.cat\/ceip-elpigros\/wp-content\/uploads\/usu931\/2016\/06\/PiGros3.jpg\" rel=\"attachment wp-att-1082\"><img loading=\"lazy\" decoding=\"async\" class=\"wp-image-1082 size-medium aligncenter\" src=\"http:\/\/agora.xtec.cat\/ceip-elpigros\/wp-content\/uploads\/usu931\/2016\/06\/PiGros3-300x212.jpg\" alt=\"PiGros3\" width=\"300\" height=\"212\" srcset=\"https:\/\/agora.xtec.cat\/ie-elpigros-santcebria\/wp-content\/uploads\/usu931\/2016\/06\/PiGros3-300x212.jpg 300w, https:\/\/agora.xtec.cat\/ie-elpigros-santcebria\/wp-content\/uploads\/usu931\/2016\/06\/PiGros3-768x543.jpg 768w, https:\/\/agora.xtec.cat\/ie-elpigros-santcebria\/wp-content\/uploads\/usu931\/2016\/06\/PiGros3.jpg 951w\" sizes=\"auto, (max-width: 300px) 100vw, 300px\" \/><\/a><\/p>\n<p>Afavorim la participaci\u00f3 de les fam\u00edlies en el dia a dia del centre, creant situacions d\u2019ensenyament on la fam\u00edlia t\u00e9 un paper important.<\/p>\n<p>El centre va ser mereixedor d\u2019un dels premis Baldiri i Reixac 2015, atorgats a projectes ling\u00fc\u00edstics amb La Serp del Pi Gros.<\/p>\n<p><a href=\"http:\/\/agora.xtec.cat\/ceip-elpigros\/wp-content\/uploads\/usu931\/2016\/06\/PiGros4.jpg\" rel=\"attachment wp-att-1083\"><img loading=\"lazy\" decoding=\"async\" class=\"wp-image-1083 size-medium aligncenter\" src=\"http:\/\/agora.xtec.cat\/ceip-elpigros\/wp-content\/uploads\/usu931\/2016\/06\/PiGros4-300x191.jpg\" alt=\"PiGros4\" width=\"300\" height=\"191\" srcset=\"https:\/\/agora.xtec.cat\/ie-elpigros-santcebria\/wp-content\/uploads\/usu931\/2016\/06\/PiGros4-300x191.jpg 300w, https:\/\/agora.xtec.cat\/ie-elpigros-santcebria\/wp-content\/uploads\/usu931\/2016\/06\/PiGros4-768x489.jpg 768w, https:\/\/agora.xtec.cat\/ie-elpigros-santcebria\/wp-content\/uploads\/usu931\/2016\/06\/PiGros4.jpg 827w\" sizes=\"auto, (max-width: 300px) 100vw, 300px\" \/><\/a><\/p>\n<p>Introdu\u00efm des d\u2019educaci\u00f3 infantil el llenguatge musical, el treball amb ordinadors, l\u2019experimentaci\u00f3, i l\u2019angl\u00e8s des de P4 i al cicle superior la meitat de l\u2019assignatura de medi s\u2019imparteix en aquesta llengua.<\/p>\n<p><a href=\"http:\/\/agora.xtec.cat\/ceip-elpigros\/wp-content\/uploads\/usu931\/2016\/06\/PiGros5.png\" rel=\"attachment wp-att-1084\"><img loading=\"lazy\" decoding=\"async\" class=\"aligncenter size-medium wp-image-1084\" src=\"http:\/\/agora.xtec.cat\/ceip-elpigros\/wp-content\/uploads\/usu931\/2016\/06\/PiGros5-300x212.png\" alt=\"PiGros5\" width=\"300\" height=\"212\" srcset=\"https:\/\/agora.xtec.cat\/ie-elpigros-santcebria\/wp-content\/uploads\/usu931\/2016\/06\/PiGros5-300x212.png 300w, https:\/\/agora.xtec.cat\/ie-elpigros-santcebria\/wp-content\/uploads\/usu931\/2016\/06\/PiGros5-768x543.png 768w, https:\/\/agora.xtec.cat\/ie-elpigros-santcebria\/wp-content\/uploads\/usu931\/2016\/06\/PiGros5.png 1010w\" sizes=\"auto, (max-width: 300px) 100vw, 300px\" \/><\/a><\/p>\n<h3>A l\u2019institut escola&#8230;<\/h3>\n<p>&#8230;afavorim \u00a0l\u2019arrelament a l\u2019entorn a trav\u00e9s de la participaci\u00f3 activa en festes i tradicions: Festa dels avis, Castanyada, Festa de Nadal, Carnestoltes, teatre, fira de Sant Jordi o la festa de fi de curs.<\/p>\n<p><a href=\"http:\/\/agora.xtec.cat\/ceip-elpigros\/wp-content\/uploads\/usu931\/2016\/06\/PiGros6.jpg\" rel=\"attachment wp-att-1085\"><img loading=\"lazy\" decoding=\"async\" class=\"aligncenter size-medium wp-image-1085\" src=\"http:\/\/agora.xtec.cat\/ceip-elpigros\/wp-content\/uploads\/usu931\/2016\/06\/PiGros6-300x212.jpg\" alt=\"PiGros6\" width=\"300\" height=\"212\" srcset=\"https:\/\/agora.xtec.cat\/ie-elpigros-santcebria\/wp-content\/uploads\/usu931\/2016\/06\/PiGros6-300x212.jpg 300w, https:\/\/agora.xtec.cat\/ie-elpigros-santcebria\/wp-content\/uploads\/usu931\/2016\/06\/PiGros6-768x543.jpg 768w, https:\/\/agora.xtec.cat\/ie-elpigros-santcebria\/wp-content\/uploads\/usu931\/2016\/06\/PiGros6.jpg 1017w\" sizes=\"auto, (max-width: 300px) 100vw, 300px\" \/><\/a><\/p>\n<p>Potenciem la relaci\u00f3 interpersonal aix\u00ed com el contacte amb l\u2019entorn natural proper a partir de les col\u00f2nies i sortides diverses.<\/p>\n<p><a href=\"http:\/\/agora.xtec.cat\/ceip-elpigros\/wp-content\/uploads\/usu931\/2016\/06\/PiGros7.png\" rel=\"attachment wp-att-1086\"><img loading=\"lazy\" decoding=\"async\" class=\"aligncenter size-medium wp-image-1086\" src=\"http:\/\/agora.xtec.cat\/ceip-elpigros\/wp-content\/uploads\/usu931\/2016\/06\/PiGros7-300x225.png\" alt=\"PiGros7\" width=\"300\" height=\"225\" srcset=\"https:\/\/agora.xtec.cat\/ie-elpigros-santcebria\/wp-content\/uploads\/usu931\/2016\/06\/PiGros7-300x225.png 300w, https:\/\/agora.xtec.cat\/ie-elpigros-santcebria\/wp-content\/uploads\/usu931\/2016\/06\/PiGros7-768x576.png 768w, https:\/\/agora.xtec.cat\/ie-elpigros-santcebria\/wp-content\/uploads\/usu931\/2016\/06\/PiGros7-200x150.png 200w, https:\/\/agora.xtec.cat\/ie-elpigros-santcebria\/wp-content\/uploads\/usu931\/2016\/06\/PiGros7.png 797w\" sizes=\"auto, (max-width: 300px) 100vw, 300px\" \/><\/a><\/p>\n<h3>Equipaments<\/h3>\n<p>Disposem de sala de psicomotricitat, biblioteca, aula d\u2019inform\u00e0tica, gimn\u00e0s amb vestidors, aula de m\u00fasica, aula d&#8217;experimentaci\u00f3, un laboratori\/taller, sala de racons de joc simb\u00f2lic, projectors a totes les aules, pissarres digitals a cicle superior, zones d\u2019esbarjo independents per a infantil, prim\u00e0ria i secund\u00e0ria, menjador amb cuina pr\u00f2pia i sala dormitori per la migdiada dels m\u00e9s petits.<\/p>\n<p><a href=\"http:\/\/agora.xtec.cat\/ceip-elpigros\/wp-content\/uploads\/usu931\/2016\/06\/PiGros8.png\" rel=\"attachment wp-att-1087\"><img loading=\"lazy\" decoding=\"async\" class=\"aligncenter size-medium wp-image-1087\" src=\"http:\/\/agora.xtec.cat\/ceip-elpigros\/wp-content\/uploads\/usu931\/2016\/06\/PiGros8-300x212.png\" alt=\"PiGros8\" width=\"300\" height=\"212\" srcset=\"https:\/\/agora.xtec.cat\/ie-elpigros-santcebria\/wp-content\/uploads\/usu931\/2016\/06\/PiGros8-300x212.png 300w, https:\/\/agora.xtec.cat\/ie-elpigros-santcebria\/wp-content\/uploads\/usu931\/2016\/06\/PiGros8-768x543.png 768w, https:\/\/agora.xtec.cat\/ie-elpigros-santcebria\/wp-content\/uploads\/usu931\/2016\/06\/PiGros8.png 922w\" sizes=\"auto, (max-width: 300px) 100vw, 300px\" \/><\/a><\/p>\n","protected":false},"excerpt":{"rendered":"<p>El Pi Gros&#8230; &#8230;\u00e9s una centre amb un servei p\u00fablic i obert a tothom, amb pluralitat ideol\u00f2gica, apostant per un institut escola intercultural, tolerant i solid\u00e0ria on valorem el respecte, la responsabilitat i l\u2019autonomia. &nbsp; &nbsp; Oferim una atenci\u00f3 individualitzada, ja que el centre compta amb r\u00e0tios baixes a les aules aix\u00f2 ens permet obtenir [&hellip;]<\/p>\n","protected":false},"author":1,"featured_media":0,"parent":22,"menu_order":2,"comment_status":"closed","ping_status":"closed","template":"","meta":{"_bbp_topic_count":0,"_bbp_reply_count":0,"_bbp_total_topic_count":0,"_bbp_total_reply_count":0,"_bbp_voice_count":0,"_bbp_anonymous_reply_count":0,"_bbp_topic_count_hidden":0,"_bbp_reply_count_hidden":0,"_bbp_forum_subforum_count":0,"site-sidebar-layout":"default","site-content-layout":"","ast-site-content-layout":"","site-content-style":"default","site-sidebar-style":"default","ast-global-header-display":"","ast-banner-title-visibility":"","ast-main-header-display":"","ast-hfb-above-header-display":"","ast-hfb-below-header-display":"","ast-hfb-mobile-header-display":"","site-post-title":"","ast-breadcrumbs-content":"","ast-featured-img":"","footer-sml-layout":"","theme-transparent-header-meta":"","adv-header-id-meta":"","stick-header-meta":"","header-above-stick-meta":"","header-main-stick-meta":"","header-below-stick-meta":"","astra-migrate-meta-layouts":"default","ast-page-background-enabled":"default","ast-page-background-meta":{"desktop":{"background-color":"var(--ast-global-color-4)","background-image":"","background-repeat":"repeat","background-position":"center center","background-size":"auto","background-attachment":"scroll","background-type":"","background-media":"","overlay-type":"","overlay-color":"","overlay-opacity":"","overlay-gradient":""},"tablet":{"background-color":"","background-image":"","background-repeat":"repeat","background-position":"center center","background-size":"auto","background-attachment":"scroll","background-type":"","background-media":"","overlay-type":"","overlay-color":"","overlay-opacity":"","overlay-gradient":""},"mobile":{"background-color":"","background-image":"","background-repeat":"repeat","background-position":"center center","background-size":"auto","background-attachment":"scroll","background-type":"","background-media":"","overlay-type":"","overlay-color":"","overlay-opacity":"","overlay-gradient":""}},"ast-content-background-meta":{"desktop":{"background-color":"var(--ast-global-color-5)","background-image":"","background-repeat":"repeat","background-position":"center center","background-size":"auto","background-attachment":"scroll","background-type":"","background-media":"","overlay-type":"","overlay-color":"","overlay-opacity":"","overlay-gradient":""},"tablet":{"background-color":"var(--ast-global-color-5)","background-image":"","background-repeat":"repeat","background-position":"center center","background-size":"auto","background-attachment":"scroll","background-type":"","background-media":"","overlay-type":"","overlay-color":"","overlay-opacity":"","overlay-gradient":""},"mobile":{"background-color":"var(--ast-global-color-5)","background-image":"","background-repeat":"repeat","background-position":"center center","background-size":"auto","background-attachment":"scroll","background-type":"","background-media":"","overlay-type":"","overlay-color":"","overlay-opacity":"","overlay-gradient":""}},"footnotes":""},"class_list":["post-1079","page","type-page","status-publish","hentry"],"post_mailing_queue_ids":[],"_links":{"self":[{"href":"https:\/\/agora.xtec.cat\/ie-elpigros-santcebria\/wp-json\/wp\/v2\/pages\/1079","targetHints":{"allow":["GET"]}}],"collection":[{"href":"https:\/\/agora.xtec.cat\/ie-elpigros-santcebria\/wp-json\/wp\/v2\/pages"}],"about":[{"href":"https:\/\/agora.xtec.cat\/ie-elpigros-santcebria\/wp-json\/wp\/v2\/types\/page"}],"author":[{"embeddable":true,"href":"https:\/\/agora.xtec.cat\/ie-elpigros-santcebria\/wp-json\/wp\/v2\/users\/1"}],"replies":[{"embeddable":true,"href":"https:\/\/agora.xtec.cat\/ie-elpigros-santcebria\/wp-json\/wp\/v2\/comments?post=1079"}],"version-history":[{"count":2,"href":"https:\/\/agora.xtec.cat\/ie-elpigros-santcebria\/wp-json\/wp\/v2\/pages\/1079\/revisions"}],"predecessor-version":[{"id":2508,"href":"https:\/\/agora.xtec.cat\/ie-elpigros-santcebria\/wp-json\/wp\/v2\/pages\/1079\/revisions\/2508"}],"up":[{"embeddable":true,"href":"https:\/\/agora.xtec.cat\/ie-elpigros-santcebria\/wp-json\/wp\/v2\/pages\/22"}],"wp:attachment":[{"href":"https:\/\/agora.xtec.cat\/ie-elpigros-santcebria\/wp-json\/wp\/v2\/media?parent=1079"}],"curies":[{"name":"wp","href":"https:\/\/api.w.org\/{rel}","templated":true}]}}