{"id":8140,"date":"2023-03-08T18:21:44","date_gmt":"2023-03-08T17:21:44","guid":{"rendered":"https:\/\/agora.xtec.cat\/ie-elcabreres\/?page_id=8140"},"modified":"2024-03-02T13:24:46","modified_gmt":"2024-03-02T12:24:46","slug":"programes-dinnovacio","status":"publish","type":"page","link":"https:\/\/agora.xtec.cat\/ie-elcabreres\/projectes\/programes-dinnovacio\/","title":{"rendered":"Programes d&#8217;innovaci\u00f3"},"content":{"rendered":"<p>Aquests s\u00f3n els programes d&#8217;innovaci\u00f3 del Departament d&#8217;Educaci\u00f3 als que participem:<\/p>\n<h3>&#8211; Veu i Bot<\/h3>\n<p>Aquest <a href=\"https:\/\/affac.cat\/affac\/veu-i-bot\/\">projecte impulsat per la Uni\u00f3 Europea i dirigit per la aFFaC<\/a> t\u00e9 com a objectiu atendre les necessitats i propostes dels nens, nenes i adolescents en l\u2019\u00e0mbit educatiu. Fomentant el seu dret a la participaci\u00f3 prestant especial atenci\u00f3 a la igualtat de g\u00e8nere i als grups m\u00e9s vulnerables.<\/p>\n<p>Hem estat un dels 8 centres escollits dins del pla pilot i al llarg de dos cursos ens han ofert assessorament, formaci\u00f3 i sessions d&#8217;intervenci\u00f3 tant amb els docents com els infants.<\/p>\n<hr \/>\n<h3>&#8211; Apadrinem un monument<\/h3>\n<p>L\u2019objectiu \u00e9s fomentar el coneixement, el respecte\u00a0i la preservaci\u00f3 dels elements patrimonials que tenim al poble:<\/p>\n<p><a href=\"https:\/\/agora.xtec.cat\/ie-elcabreres\/projectes\/patrimoni\/\" target=\"_blank\" rel=\"noopener\">M\u00e9s informaci\u00f3 del projecte<\/a><\/p>\n<hr \/>\n<h3>&#8211; FAIG<\/h3>\n<p>Som un dels 150 centres d&#8217;arreu de Catalunya escollits per participar en aquest programa intensiu per a la transformaci\u00f3 educativa basat en tres eixos:<\/p>\n<ul>\n<li>Aprofundir i consolidar l\u2019Aprenentatge per Projectes com a l\u00ednia pedag\u00f2gica de centre<\/li>\n<li>Vincular els projectes de treball amb els desafiaments socials de les persones i el planeta, perqu\u00e8 esdevinguin Projectes d\u2019Aprenentatge amb Sentit per a l\u2019alumnat.<\/li>\n<li>Integrar el \u201cmaker\u201d i les possibilitats creatives de la fabricaci\u00f3 digital en els Projectes d\u2019Aprenentatge amb Sentit, possibilitant que l\u2019alumnat doni respostes innovadores a les necessitats i reptes de l\u2019entorn.<\/li>\n<\/ul>\n<p>Aquest programa dota al centre de formaci\u00f3 espec\u00edfica pel professorat i de l&#8217;equipament d&#8217;una aula &#8220;maker&#8221;.<\/p>\n<p>Podeu veure m\u00e9s informaci\u00f3 <a href=\"https:\/\/serveiseducatius.xtec.cat\/cesire\/faig-fent-per-aprendre-imaginant-globalment\/\">a la seva web<\/a>.<\/p>\n<hr \/>\n<h3>&#8211; Suport Vital B\u00e0sic<\/h3>\n<p>El Consell Catal\u00e0 de Ressuscitaci\u00f3 (CCR) i el Departament d\u2019Educaci\u00f3 impulsen la <a href=\"https:\/\/ccr.cat\/centres-educatius\/informacio-sobre-el-programa-suport-vital-en-centres-educatius\/\">formaci\u00f3 en suport vital als centres educatius<\/a> mitjan\u00e7ant una formaci\u00f3 que s\u2019inicia a infantil i acaba a 4t d\u2019ESO. Aquesta formaci\u00f3 permet a l\u2019alumnat acabar la formaci\u00f3 obligat\u00f2ria a Catalunya tenint consci\u00e8ncia plena del nou concepte de salut i sabent actuar davant una mort sobtada d\u2019una forma totalment interioritzada i amb qualitat.<\/p>\n<p>El professorat del centre que imparteix la formaci\u00f3 a l\u2019alumnat en suport vital ha rebut una formaci\u00f3 espec\u00edfica per obtenir la capacitaci\u00f3 corresponent tant en Suport Vital B\u00e0sic com en les eines per fer-ho arribar a l&#8217;alumnat.<\/p>\n<hr \/>\n<p>&nbsp;<\/p>\n","protected":false},"excerpt":{"rendered":"<p>Aquests s\u00f3n els programes d&#8217;innovaci\u00f3 del Departament d&#8217;Educaci\u00f3 als que participem: &#8211; Veu i Bot Aquest projecte impulsat per la Uni\u00f3 Europea i dirigit per la aFFaC t\u00e9 com a objectiu atendre les necessitats i propostes dels nens, nenes i adolescents en l\u2019\u00e0mbit educatiu. Fomentant el seu dret a la participaci\u00f3 prestant especial atenci\u00f3 a [&hellip;]<\/p>\n","protected":false},"author":6,"featured_media":0,"parent":566,"menu_order":2,"comment_status":"closed","ping_status":"closed","template":"page-templates\/side-menu.php","meta":{"_bbp_topic_count":0,"_bbp_reply_count":0,"_bbp_total_topic_count":0,"_bbp_total_reply_count":0,"_bbp_voice_count":0,"_bbp_anonymous_reply_count":0,"_bbp_topic_count_hidden":0,"_bbp_reply_count_hidden":0,"_bbp_forum_subforum_count":0,"site-sidebar-layout":"default","site-content-layout":"","ast-site-content-layout":"","site-content-style":"default","site-sidebar-style":"default","ast-global-header-display":"","ast-banner-title-visibility":"","ast-main-header-display":"","ast-hfb-above-header-display":"","ast-hfb-below-header-display":"","ast-hfb-mobile-header-display":"","site-post-title":"","ast-breadcrumbs-content":"","ast-featured-img":"","footer-sml-layout":"","theme-transparent-header-meta":"","adv-header-id-meta":"","stick-header-meta":"","header-above-stick-meta":"","header-main-stick-meta":"","header-below-stick-meta":"","astra-migrate-meta-layouts":"default","ast-page-background-enabled":"default","ast-page-background-meta":{"desktop":{"background-color":"var(--ast-global-color-4)","background-image":"","background-repeat":"repeat","background-position":"center center","background-size":"auto","background-attachment":"scroll","background-type":"","background-media":"","overlay-type":"","overlay-color":"","overlay-opacity":"","overlay-gradient":""},"tablet":{"background-color":"","background-image":"","background-repeat":"repeat","background-position":"center center","background-size":"auto","background-attachment":"scroll","background-type":"","background-media":"","overlay-type":"","overlay-color":"","overlay-opacity":"","overlay-gradient":""},"mobile":{"background-color":"","background-image":"","background-repeat":"repeat","background-position":"center center","background-size":"auto","background-attachment":"scroll","background-type":"","background-media":"","overlay-type":"","overlay-color":"","overlay-opacity":"","overlay-gradient":""}},"ast-content-background-meta":{"desktop":{"background-color":"var(--ast-global-color-5)","background-image":"","background-repeat":"repeat","background-position":"center center","background-size":"auto","background-attachment":"scroll","background-type":"","background-media":"","overlay-type":"","overlay-color":"","overlay-opacity":"","overlay-gradient":""},"tablet":{"background-color":"var(--ast-global-color-5)","background-image":"","background-repeat":"repeat","background-position":"center center","background-size":"auto","background-attachment":"scroll","background-type":"","background-media":"","overlay-type":"","overlay-color":"","overlay-opacity":"","overlay-gradient":""},"mobile":{"background-color":"var(--ast-global-color-5)","background-image":"","background-repeat":"repeat","background-position":"center center","background-size":"auto","background-attachment":"scroll","background-type":"","background-media":"","overlay-type":"","overlay-color":"","overlay-opacity":"","overlay-gradient":""}},"footnotes":""},"class_list":["post-8140","page","type-page","status-publish","hentry"],"post_mailing_queue_ids":[],"_links":{"self":[{"href":"https:\/\/agora.xtec.cat\/ie-elcabreres\/wp-json\/wp\/v2\/pages\/8140","targetHints":{"allow":["GET"]}}],"collection":[{"href":"https:\/\/agora.xtec.cat\/ie-elcabreres\/wp-json\/wp\/v2\/pages"}],"about":[{"href":"https:\/\/agora.xtec.cat\/ie-elcabreres\/wp-json\/wp\/v2\/types\/page"}],"author":[{"embeddable":true,"href":"https:\/\/agora.xtec.cat\/ie-elcabreres\/wp-json\/wp\/v2\/users\/6"}],"replies":[{"embeddable":true,"href":"https:\/\/agora.xtec.cat\/ie-elcabreres\/wp-json\/wp\/v2\/comments?post=8140"}],"version-history":[{"count":7,"href":"https:\/\/agora.xtec.cat\/ie-elcabreres\/wp-json\/wp\/v2\/pages\/8140\/revisions"}],"predecessor-version":[{"id":10040,"href":"https:\/\/agora.xtec.cat\/ie-elcabreres\/wp-json\/wp\/v2\/pages\/8140\/revisions\/10040"}],"up":[{"embeddable":true,"href":"https:\/\/agora.xtec.cat\/ie-elcabreres\/wp-json\/wp\/v2\/pages\/566"}],"wp:attachment":[{"href":"https:\/\/agora.xtec.cat\/ie-elcabreres\/wp-json\/wp\/v2\/media?parent=8140"}],"curies":[{"name":"wp","href":"https:\/\/api.w.org\/{rel}","templated":true}]}}

Programes d&#8217;innovació

<p>Aquests són els programes d&#8217;innovació del Departament d&#8217;Educació als que participem:</p>
<h3>&#8211; Veu i Bot</h3>
<p>Aquest <a href="https://affac.cat/affac/veu-i-bot/">projecte impulsat per la Unió Europea i dirigit per la aFFaC</a> té com a objectiu atendre les necessitats i propostes dels nens, nenes i adolescents en l’àmbit educatiu. Fomentant el seu dret a la participació prestant especial atenció a la igualtat de gènere i als grups més vulnerables.</p>
<p>Hem estat un dels 8 centres escollits dins del pla pilot i al llarg de dos cursos ens han ofert assessorament, formació i sessions d&#8217;intervenció tant amb els docents com els infants.</p>
<hr />
<h3>&#8211; Apadrinem un monument</h3>
<p>L’objectiu és fomentar el coneixement, el respecte i la preservació dels elements patrimonials que tenim al poble:</p>
<p><a href="https://agora.xtec.cat/ie-elcabreres/projectes/patrimoni/" target="_blank" rel="noopener">Més informació del projecte</a></p>
<hr />
<h3>&#8211; FAIG</h3>
<p>Som un dels 150 centres d&#8217;arreu de Catalunya escollits per participar en aquest programa intensiu per a la transformació educativa basat en tres eixos:</p>
<ul>
<li>Aprofundir i consolidar l’Aprenentatge per Projectes com a línia pedagògica de centre</li>
<li>Vincular els projectes de treball amb els desafiaments socials de les persones i el planeta, perquè esdevinguin Projectes d’Aprenentatge amb Sentit per a l’alumnat.</li>
<li>Integrar el “maker” i les possibilitats creatives de la fabricació digital en els Projectes d’Aprenentatge amb Sentit, possibilitant que l’alumnat doni respostes innovadores a les necessitats i reptes de l’entorn.</li>
</ul>
<p>Aquest programa dota al centre de formació específica pel professorat i de l&#8217;equipament d&#8217;una aula &#8220;maker&#8221;.</p>
<p>Podeu veure més informació <a href="https://serveiseducatius.xtec.cat/cesire/faig-fent-per-aprendre-imaginant-globalment/">a la seva web</a>.</p>
<hr />
<h3>&#8211; Suport Vital Bàsic</h3>
<p>El Consell Català de Ressuscitació (CCR) i el Departament d’Educació impulsen la <a href="https://ccr.cat/centres-educatius/informacio-sobre-el-programa-suport-vital-en-centres-educatius/">formació en suport vital als centres educatius</a> mitjançant una formació que s’inicia a infantil i acaba a 4t d’ESO. Aquesta formació permet a l’alumnat acabar la formació obligatòria a Catalunya tenint consciència plena del nou concepte de salut i sabent actuar davant una mort sobtada d’una forma totalment interioritzada i amb qualitat.</p>
<p>El professorat del centre que imparteix la formació a l’alumnat en suport vital ha rebut una formació específica per obtenir la capacitació corresponent tant en Suport Vital Bàsic com en les eines per fer-ho arribar a l&#8217;alumnat.</p>
<hr />
<p>&nbsp;</p>

<p>Aquests són els programes d&#8217;innovació del Departament d&#8217;Educació als que participem: &#8211; Veu i Bot Aquest projecte impulsat per la Unió Europea i dirigit per la aFFaC té com a objectiu atendre les necessitats i propostes dels nens, nenes i adolescents en l’àmbit educatiu. Fomentant el seu dret a la participació prestant especial atenció a [&hellip;]</p>
