{"id":8134,"date":"2023-03-08T18:01:43","date_gmt":"2023-03-08T17:01:43","guid":{"rendered":"https:\/\/agora.xtec.cat\/ie-elcabreres\/?page_id=8134"},"modified":"2024-03-02T13:25:31","modified_gmt":"2024-03-02T12:25:31","slug":"treball-per-projectes","status":"publish","type":"page","link":"https:\/\/agora.xtec.cat\/ie-elcabreres\/projectes\/treball-per-projectes\/","title":{"rendered":"Enfocament globalitzat:"},"content":{"rendered":"<p><strong>TREBALL PER PROJECTES DE CICLE:<\/strong><\/p>\n<p>Al centre el treball per projectes \u00e9s una metodologia globalitzadora utilitzada en totes les etapes educatives.<\/p>\n<p>A l&#8217;educaci\u00f3 infantil s&#8217;inicia el treball per projectes partint dels interessos dels propis alumnes i tamb\u00e9 del centre.<\/p>\n<p>A l&#8217;educaci\u00f3 prim\u00e0ria a<span style=\"font-weight: 400;\">l llarg del curs, a m\u00e9s dels projectes de centre, es realitzen tres projectes intercicles, que tenen com a eix principal continguts de l\u2019\u00e0rea de coneixement del medi.<\/span><\/p>\n<p><span style=\"font-weight: 400;\">Amb aquesta metodologia es vol potenciar el treball cooperatiu, refor\u00e7ar l&#8217;autonomia i l\u2019autoregulaci\u00f3 dels alumnes.<\/span><\/p>\n<p><span style=\"font-weight: 400;\">Treball competencial i significatiu en el que incorporem l\u2019\u00fas de les TAC com a eina de treball.\u00a0<\/span><\/p>\n<p><a href=\"https:\/\/agora.xtec.cat\/ie-elcabreres\/wp-content\/uploads\/usu2186\/2023\/03\/projectes.jpg\"><img loading=\"lazy\" decoding=\"async\" class=\"alignnone size-full wp-image-8135\" src=\"https:\/\/agora.xtec.cat\/ie-elcabreres\/wp-content\/uploads\/usu2186\/2023\/03\/projectes.jpg\" alt=\"\" width=\"985\" height=\"330\" srcset=\"https:\/\/agora.xtec.cat\/ie-elcabreres\/wp-content\/uploads\/usu2186\/2023\/03\/projectes.jpg 985w, https:\/\/agora.xtec.cat\/ie-elcabreres\/wp-content\/uploads\/usu2186\/2023\/03\/projectes-300x101.jpg 300w, https:\/\/agora.xtec.cat\/ie-elcabreres\/wp-content\/uploads\/usu2186\/2023\/03\/projectes-768x257.jpg 768w\" sizes=\"auto, (max-width: 985px) 100vw, 985px\" \/><\/a><\/p>\n<p><strong>TREBALL PER PROJECTES D&#8217;\u00c0MBIT:<\/strong><\/p>\n<p>&nbsp;<\/p>\n<p><strong>PROJECTE LLIURE:<\/strong><\/p>\n","protected":false},"excerpt":{"rendered":"<p>TREBALL PER PROJECTES DE CICLE: Al centre el treball per projectes \u00e9s una metodologia globalitzadora utilitzada en totes les etapes educatives. A l&#8217;educaci\u00f3 infantil s&#8217;inicia el treball per projectes partint dels interessos dels propis alumnes i tamb\u00e9 del centre. A l&#8217;educaci\u00f3 prim\u00e0ria al llarg del curs, a m\u00e9s dels projectes de centre, es realitzen tres [&hellip;]<\/p>\n","protected":false},"author":6,"featured_media":0,"parent":566,"menu_order":9,"comment_status":"closed","ping_status":"closed","template":"page-templates\/side-menu.php","meta":{"_bbp_topic_count":0,"_bbp_reply_count":0,"_bbp_total_topic_count":0,"_bbp_total_reply_count":0,"_bbp_voice_count":0,"_bbp_anonymous_reply_count":0,"_bbp_topic_count_hidden":0,"_bbp_reply_count_hidden":0,"_bbp_forum_subforum_count":0,"site-sidebar-layout":"default","site-content-layout":"","ast-site-content-layout":"","site-content-style":"default","site-sidebar-style":"default","ast-global-header-display":"","ast-banner-title-visibility":"","ast-main-header-display":"","ast-hfb-above-header-display":"","ast-hfb-below-header-display":"","ast-hfb-mobile-header-display":"","site-post-title":"","ast-breadcrumbs-content":"","ast-featured-img":"","footer-sml-layout":"","theme-transparent-header-meta":"","adv-header-id-meta":"","stick-header-meta":"","header-above-stick-meta":"","header-main-stick-meta":"","header-below-stick-meta":"","astra-migrate-meta-layouts":"default","ast-page-background-enabled":"default","ast-page-background-meta":{"desktop":{"background-color":"var(--ast-global-color-4)","background-image":"","background-repeat":"repeat","background-position":"center center","background-size":"auto","background-attachment":"scroll","background-type":"","background-media":"","overlay-type":"","overlay-color":"","overlay-opacity":"","overlay-gradient":""},"tablet":{"background-color":"","background-image":"","background-repeat":"repeat","background-position":"center center","background-size":"auto","background-attachment":"scroll","background-type":"","background-media":"","overlay-type":"","overlay-color":"","overlay-opacity":"","overlay-gradient":""},"mobile":{"background-color":"","background-image":"","background-repeat":"repeat","background-position":"center center","background-size":"auto","background-attachment":"scroll","background-type":"","background-media":"","overlay-type":"","overlay-color":"","overlay-opacity":"","overlay-gradient":""}},"ast-content-background-meta":{"desktop":{"background-color":"var(--ast-global-color-5)","background-image":"","background-repeat":"repeat","background-position":"center center","background-size":"auto","background-attachment":"scroll","background-type":"","background-media":"","overlay-type":"","overlay-color":"","overlay-opacity":"","overlay-gradient":""},"tablet":{"background-color":"var(--ast-global-color-5)","background-image":"","background-repeat":"repeat","background-position":"center center","background-size":"auto","background-attachment":"scroll","background-type":"","background-media":"","overlay-type":"","overlay-color":"","overlay-opacity":"","overlay-gradient":""},"mobile":{"background-color":"var(--ast-global-color-5)","background-image":"","background-repeat":"repeat","background-position":"center center","background-size":"auto","background-attachment":"scroll","background-type":"","background-media":"","overlay-type":"","overlay-color":"","overlay-opacity":"","overlay-gradient":""}},"footnotes":""},"class_list":["post-8134","page","type-page","status-publish","hentry"],"post_mailing_queue_ids":[],"_links":{"self":[{"href":"https:\/\/agora.xtec.cat\/ie-elcabreres\/wp-json\/wp\/v2\/pages\/8134","targetHints":{"allow":["GET"]}}],"collection":[{"href":"https:\/\/agora.xtec.cat\/ie-elcabreres\/wp-json\/wp\/v2\/pages"}],"about":[{"href":"https:\/\/agora.xtec.cat\/ie-elcabreres\/wp-json\/wp\/v2\/types\/page"}],"author":[{"embeddable":true,"href":"https:\/\/agora.xtec.cat\/ie-elcabreres\/wp-json\/wp\/v2\/users\/6"}],"replies":[{"embeddable":true,"href":"https:\/\/agora.xtec.cat\/ie-elcabreres\/wp-json\/wp\/v2\/comments?post=8134"}],"version-history":[{"count":3,"href":"https:\/\/agora.xtec.cat\/ie-elcabreres\/wp-json\/wp\/v2\/pages\/8134\/revisions"}],"predecessor-version":[{"id":10114,"href":"https:\/\/agora.xtec.cat\/ie-elcabreres\/wp-json\/wp\/v2\/pages\/8134\/revisions\/10114"}],"up":[{"embeddable":true,"href":"https:\/\/agora.xtec.cat\/ie-elcabreres\/wp-json\/wp\/v2\/pages\/566"}],"wp:attachment":[{"href":"https:\/\/agora.xtec.cat\/ie-elcabreres\/wp-json\/wp\/v2\/media?parent=8134"}],"curies":[{"name":"wp","href":"https:\/\/api.w.org\/{rel}","templated":true}]}}

<p><strong>TREBALL PER PROJECTES DE CICLE:</strong></p>
<p>Al centre el treball per projectes és una metodologia globalitzadora utilitzada en totes les etapes educatives.</p>
<p>A l&#8217;educació infantil s&#8217;inicia el treball per projectes partint dels interessos dels propis alumnes i també del centre.</p>
<p>A l&#8217;educació primària a<span style="font-weight: 400;">l llarg del curs, a més dels projectes de centre, es realitzen tres projectes intercicles, que tenen com a eix principal continguts de l’àrea de coneixement del medi.</span></p>
<p><span style="font-weight: 400;">Amb aquesta metodologia es vol potenciar el treball cooperatiu, reforçar l&#8217;autonomia i l’autoregulació dels alumnes.</span></p>
<p><span style="font-weight: 400;">Treball competencial i significatiu en el que incorporem l’ús de les TAC com a eina de treball. </span></p>
<p><a href="https://agora.xtec.cat/ie-elcabreres/wp-content/uploads/usu2186/2023/03/projectes.jpg"><img loading="lazy" decoding="async" class="alignnone size-full wp-image-8135" src="https://agora.xtec.cat/ie-elcabreres/wp-content/uploads/usu2186/2023/03/projectes.jpg" alt="" width="985" height="330" srcset="https://agora.xtec.cat/ie-elcabreres/wp-content/uploads/usu2186/2023/03/projectes.jpg 985w, https://agora.xtec.cat/ie-elcabreres/wp-content/uploads/usu2186/2023/03/projectes-300x101.jpg 300w, https://agora.xtec.cat/ie-elcabreres/wp-content/uploads/usu2186/2023/03/projectes-768x257.jpg 768w" sizes="auto, (max-width: 985px) 100vw, 985px" /></a></p>
<p><strong>TREBALL PER PROJECTES D&#8217;ÀMBIT:</strong></p>
<p>&nbsp;</p>
<p><strong>PROJECTE LLIURE:</strong></p>

<p>TREBALL PER PROJECTES DE CICLE: Al centre el treball per projectes és una metodologia globalitzadora utilitzada en totes les etapes educatives. A l&#8217;educació infantil s&#8217;inicia el treball per projectes partint dels interessos dels propis alumnes i també del centre. A l&#8217;educació primària al llarg del curs, a més dels projectes de centre, es realitzen tres [&hellip;]</p>
