{"id":574,"date":"2020-07-09T20:27:59","date_gmt":"2020-07-09T18:27:59","guid":{"rendered":"https:\/\/agora.xtec.cat\/ie-elcabreres\/?page_id=574"},"modified":"2024-03-02T13:22:09","modified_gmt":"2024-03-02T12:22:09","slug":"cantania","status":"publish","type":"page","link":"https:\/\/agora.xtec.cat\/ie-elcabreres\/projectes\/projectes-artistics\/cantania\/","title":{"rendered":"Cant\u00e0nia i La Clika"},"content":{"rendered":"<p><span style=\"font-weight: 400;\">Projectes de m\u00fasica en els que l\u2019alumnat participa d\u2019una cantata amb d\u2019altres centres de la zona.<\/span><\/p>\n<p dir=\"ltr\"><strong>Cant\u00e0nia<\/strong> \u00e9s una cantata que organitza l\u2019Auditori de Barcelona i hi participa l&#8217;alumnat de cicle superior.<\/p>\n<p dir=\"ltr\"><strong>La Clika<\/strong> \u00e9s una cantata que hi participa l&#8217;al\u00f1umnat de 2n de prim\u00e0ria.<\/p>\n<p><img loading=\"lazy\" decoding=\"async\" class=\"alignright\" src=\"https:\/\/sites.google.com\/a\/xtec.cat\/elcabreres\/_\/rsrc\/1552388260134\/plans-i-projectes\/20180527_205458.jpg?height=180&amp;width=320\" width=\"354\" height=\"199\" \/><\/p>\n<p dir=\"ltr\">Es treballen molts aspectes de diferents \u00e0mbits: de cant, de treball de la veu i de respiraci\u00f3, tamb\u00e9 de moviment i percussi\u00f3 corporal que acompanyen les can\u00e7ons, s\u2019elabora material art\u00edstic&#8230; es treballa l\u2019atenci\u00f3, memoritzaci\u00f3, el fet d\u2019escoltar els altres, escoltar els m\u00fasics&#8230;).<\/p>\n<p dir=\"ltr\">Per tot aquest treball i esfor\u00e7 i, sobretot, per la viv\u00e8ncia personal que aporta poder actuar a un escenari de renom \u00e9s essencial que participin el dia del concert i assegurar, al m\u00e0xim possible, l\u2019assist\u00e8ncia per part de les fam\u00edlies en aquest dia tan especial per a ells.<\/p>\n<p dir=\"ltr\">\n","protected":false},"excerpt":{"rendered":"<p>Projectes de m\u00fasica en els que l\u2019alumnat participa d\u2019una cantata amb d\u2019altres centres de la zona. Cant\u00e0nia \u00e9s una cantata que organitza l\u2019Auditori de Barcelona i hi participa l&#8217;alumnat de cicle superior. La Clika \u00e9s una cantata que hi participa l&#8217;al\u00f1umnat de 2n de prim\u00e0ria. Es treballen molts aspectes de diferents \u00e0mbits: de cant, de [&hellip;]<\/p>\n","protected":false},"author":4,"featured_media":0,"parent":9904,"menu_order":40,"comment_status":"closed","ping_status":"closed","template":"page-templates\/side-menu.php","meta":{"_bbp_topic_count":0,"_bbp_reply_count":0,"_bbp_total_topic_count":0,"_bbp_total_reply_count":0,"_bbp_voice_count":0,"_bbp_anonymous_reply_count":0,"_bbp_topic_count_hidden":0,"_bbp_reply_count_hidden":0,"_bbp_forum_subforum_count":0,"site-sidebar-layout":"default","site-content-layout":"","ast-site-content-layout":"","site-content-style":"default","site-sidebar-style":"default","ast-global-header-display":"","ast-banner-title-visibility":"","ast-main-header-display":"","ast-hfb-above-header-display":"","ast-hfb-below-header-display":"","ast-hfb-mobile-header-display":"","site-post-title":"","ast-breadcrumbs-content":"","ast-featured-img":"","footer-sml-layout":"","theme-transparent-header-meta":"","adv-header-id-meta":"","stick-header-meta":"","header-above-stick-meta":"","header-main-stick-meta":"","header-below-stick-meta":"","astra-migrate-meta-layouts":"default","ast-page-background-enabled":"default","ast-page-background-meta":{"desktop":{"background-color":"var(--ast-global-color-4)","background-image":"","background-repeat":"repeat","background-position":"center center","background-size":"auto","background-attachment":"scroll","background-type":"","background-media":"","overlay-type":"","overlay-color":"","overlay-opacity":"","overlay-gradient":""},"tablet":{"background-color":"","background-image":"","background-repeat":"repeat","background-position":"center center","background-size":"auto","background-attachment":"scroll","background-type":"","background-media":"","overlay-type":"","overlay-color":"","overlay-opacity":"","overlay-gradient":""},"mobile":{"background-color":"","background-image":"","background-repeat":"repeat","background-position":"center center","background-size":"auto","background-attachment":"scroll","background-type":"","background-media":"","overlay-type":"","overlay-color":"","overlay-opacity":"","overlay-gradient":""}},"ast-content-background-meta":{"desktop":{"background-color":"var(--ast-global-color-5)","background-image":"","background-repeat":"repeat","background-position":"center center","background-size":"auto","background-attachment":"scroll","background-type":"","background-media":"","overlay-type":"","overlay-color":"","overlay-opacity":"","overlay-gradient":""},"tablet":{"background-color":"var(--ast-global-color-5)","background-image":"","background-repeat":"repeat","background-position":"center center","background-size":"auto","background-attachment":"scroll","background-type":"","background-media":"","overlay-type":"","overlay-color":"","overlay-opacity":"","overlay-gradient":""},"mobile":{"background-color":"var(--ast-global-color-5)","background-image":"","background-repeat":"repeat","background-position":"center center","background-size":"auto","background-attachment":"scroll","background-type":"","background-media":"","overlay-type":"","overlay-color":"","overlay-opacity":"","overlay-gradient":""}},"footnotes":""},"class_list":["post-574","page","type-page","status-publish","hentry"],"post_mailing_queue_ids":[],"_links":{"self":[{"href":"https:\/\/agora.xtec.cat\/ie-elcabreres\/wp-json\/wp\/v2\/pages\/574","targetHints":{"allow":["GET"]}}],"collection":[{"href":"https:\/\/agora.xtec.cat\/ie-elcabreres\/wp-json\/wp\/v2\/pages"}],"about":[{"href":"https:\/\/agora.xtec.cat\/ie-elcabreres\/wp-json\/wp\/v2\/types\/page"}],"author":[{"embeddable":true,"href":"https:\/\/agora.xtec.cat\/ie-elcabreres\/wp-json\/wp\/v2\/users\/4"}],"replies":[{"embeddable":true,"href":"https:\/\/agora.xtec.cat\/ie-elcabreres\/wp-json\/wp\/v2\/comments?post=574"}],"version-history":[{"count":4,"href":"https:\/\/agora.xtec.cat\/ie-elcabreres\/wp-json\/wp\/v2\/pages\/574\/revisions"}],"predecessor-version":[{"id":10116,"href":"https:\/\/agora.xtec.cat\/ie-elcabreres\/wp-json\/wp\/v2\/pages\/574\/revisions\/10116"}],"up":[{"embeddable":true,"href":"https:\/\/agora.xtec.cat\/ie-elcabreres\/wp-json\/wp\/v2\/pages\/9904"}],"wp:attachment":[{"href":"https:\/\/agora.xtec.cat\/ie-elcabreres\/wp-json\/wp\/v2\/media?parent=574"}],"curies":[{"name":"wp","href":"https:\/\/api.w.org\/{rel}","templated":true}]}}

Cantània i La Clika

<p><span style="font-weight: 400;">Projectes de música en els que l’alumnat participa d’una cantata amb d’altres centres de la zona.</span></p>
<p dir="ltr"><strong>Cantània</strong> és una cantata que organitza l’Auditori de Barcelona i hi participa l&#8217;alumnat de cicle superior.</p>
<p dir="ltr"><strong>La Clika</strong> és una cantata que hi participa l&#8217;alñumnat de 2n de primària.</p>
<p><img loading="lazy" decoding="async" class="alignright" src="https://sites.google.com/a/xtec.cat/elcabreres/_/rsrc/1552388260134/plans-i-projectes/20180527_205458.jpg?height=180&amp;width=320" width="354" height="199" /></p>
<p dir="ltr">Es treballen molts aspectes de diferents àmbits: de cant, de treball de la veu i de respiració, també de moviment i percussió corporal que acompanyen les cançons, s’elabora material artístic&#8230; es treballa l’atenció, memorització, el fet d’escoltar els altres, escoltar els músics&#8230;).</p>
<p dir="ltr">Per tot aquest treball i esforç i, sobretot, per la vivència personal que aporta poder actuar a un escenari de renom és essencial que participin el dia del concert i assegurar, al màxim possible, l’assistència per part de les famílies en aquest dia tan especial per a ells.</p>
<p dir="ltr">

<p>Projectes de música en els que l’alumnat participa d’una cantata amb d’altres centres de la zona. Cantània és una cantata que organitza l’Auditori de Barcelona i hi participa l&#8217;alumnat de cicle superior. La Clika és una cantata que hi participa l&#8217;alñumnat de 2n de primària. Es treballen molts aspectes de diferents àmbits: de cant, de [&hellip;]</p>
