{"id":572,"date":"2020-07-09T20:27:30","date_gmt":"2020-07-09T18:27:30","guid":{"rendered":"https:\/\/agora.xtec.cat\/ie-elcabreres\/?page_id=572"},"modified":"2024-03-02T13:21:37","modified_gmt":"2024-03-02T12:21:37","slug":"conjunts-a-lescola","status":"publish","type":"page","link":"https:\/\/agora.xtec.cat\/ie-elcabreres\/projectes\/projectes-artistics\/conjunts-a-lescola\/","title":{"rendered":"Conjunts a les escoles"},"content":{"rendered":"<p><span style=\"font-family: arial, sans-serif; font-size: medium;\">Es tracta d&#8217;un projecte de l&#8217;EMM El Faristol, amb conveni amb el Departament d&#8217;Ensenyament, en el que professorat de l&#8217;Escola de M\u00fasica ve dins l&#8217;horari lectiu a la nostra escola.<\/span><\/p>\n<p><span style=\"font-family: arial, sans-serif; font-size: medium;\">Cada curs l&#8217;alumnat de 3r i 4t de prim\u00e0ria dediquen una sessi\u00f3 setmanal al treball amb ukuleles i instruments Orff ( fam\u00edlia dels xil\u00f2fons) i al llarg del curs fan algunes classes obertes tan als companys del centre com a les fam\u00edlies.\u00a0<\/span><\/p>\n<p><a href=\"https:\/\/agora.xtec.cat\/ie-elcabreres\/wp-content\/uploads\/usu2186\/2020\/08\/orf.png\"><img loading=\"lazy\" decoding=\"async\" class=\"wp-image-786 alignright\" src=\"https:\/\/agora.xtec.cat\/ie-elcabreres\/wp-content\/uploads\/usu2186\/2020\/08\/orf.png\" alt=\"\" width=\"399\" height=\"230\" srcset=\"https:\/\/agora.xtec.cat\/ie-elcabreres\/wp-content\/uploads\/usu2186\/2020\/08\/orf.png 318w, https:\/\/agora.xtec.cat\/ie-elcabreres\/wp-content\/uploads\/usu2186\/2020\/08\/orf-300x173.png 300w\" sizes=\"auto, (max-width: 399px) 100vw, 399px\" \/><\/a><a href=\"https:\/\/agora.xtec.cat\/ie-elcabreres\/wp-content\/uploads\/usu2186\/2020\/08\/20190129_153950.jpg\"><img loading=\"lazy\" decoding=\"async\" class=\"wp-image-787 aligncenter\" src=\"https:\/\/agora.xtec.cat\/ie-elcabreres\/wp-content\/uploads\/usu2186\/2020\/08\/20190129_153950.jpg\" alt=\"\" width=\"345\" height=\"259\" srcset=\"https:\/\/agora.xtec.cat\/ie-elcabreres\/wp-content\/uploads\/usu2186\/2020\/08\/20190129_153950.jpg 320w, https:\/\/agora.xtec.cat\/ie-elcabreres\/wp-content\/uploads\/usu2186\/2020\/08\/20190129_153950-300x225.jpg 300w, https:\/\/agora.xtec.cat\/ie-elcabreres\/wp-content\/uploads\/usu2186\/2020\/08\/20190129_153950-200x150.jpg 200w\" sizes=\"auto, (max-width: 345px) 100vw, 345px\" \/><\/a><\/p>\n<p>&nbsp;<\/p>\n<p>&nbsp;<\/p>\n<div>\n<div>\n<div><\/div>\n<\/div>\n<\/div>\n","protected":false},"excerpt":{"rendered":"<p>Es tracta d&#8217;un projecte de l&#8217;EMM El Faristol, amb conveni amb el Departament d&#8217;Ensenyament, en el que professorat de l&#8217;Escola de M\u00fasica ve dins l&#8217;horari lectiu a la nostra escola. Cada curs l&#8217;alumnat de 3r i 4t de prim\u00e0ria dediquen una sessi\u00f3 setmanal al treball amb ukuleles i instruments Orff ( fam\u00edlia dels xil\u00f2fons) i [&hellip;]<\/p>\n","protected":false},"author":4,"featured_media":0,"parent":9904,"menu_order":30,"comment_status":"closed","ping_status":"closed","template":"page-templates\/side-menu.php","meta":{"_bbp_topic_count":0,"_bbp_reply_count":0,"_bbp_total_topic_count":0,"_bbp_total_reply_count":0,"_bbp_voice_count":0,"_bbp_anonymous_reply_count":0,"_bbp_topic_count_hidden":0,"_bbp_reply_count_hidden":0,"_bbp_forum_subforum_count":0,"site-sidebar-layout":"default","site-content-layout":"","ast-site-content-layout":"","site-content-style":"default","site-sidebar-style":"default","ast-global-header-display":"","ast-banner-title-visibility":"","ast-main-header-display":"","ast-hfb-above-header-display":"","ast-hfb-below-header-display":"","ast-hfb-mobile-header-display":"","site-post-title":"","ast-breadcrumbs-content":"","ast-featured-img":"","footer-sml-layout":"","theme-transparent-header-meta":"","adv-header-id-meta":"","stick-header-meta":"","header-above-stick-meta":"","header-main-stick-meta":"","header-below-stick-meta":"","astra-migrate-meta-layouts":"default","ast-page-background-enabled":"default","ast-page-background-meta":{"desktop":{"background-color":"var(--ast-global-color-4)","background-image":"","background-repeat":"repeat","background-position":"center center","background-size":"auto","background-attachment":"scroll","background-type":"","background-media":"","overlay-type":"","overlay-color":"","overlay-opacity":"","overlay-gradient":""},"tablet":{"background-color":"","background-image":"","background-repeat":"repeat","background-position":"center center","background-size":"auto","background-attachment":"scroll","background-type":"","background-media":"","overlay-type":"","overlay-color":"","overlay-opacity":"","overlay-gradient":""},"mobile":{"background-color":"","background-image":"","background-repeat":"repeat","background-position":"center center","background-size":"auto","background-attachment":"scroll","background-type":"","background-media":"","overlay-type":"","overlay-color":"","overlay-opacity":"","overlay-gradient":""}},"ast-content-background-meta":{"desktop":{"background-color":"var(--ast-global-color-5)","background-image":"","background-repeat":"repeat","background-position":"center center","background-size":"auto","background-attachment":"scroll","background-type":"","background-media":"","overlay-type":"","overlay-color":"","overlay-opacity":"","overlay-gradient":""},"tablet":{"background-color":"var(--ast-global-color-5)","background-image":"","background-repeat":"repeat","background-position":"center center","background-size":"auto","background-attachment":"scroll","background-type":"","background-media":"","overlay-type":"","overlay-color":"","overlay-opacity":"","overlay-gradient":""},"mobile":{"background-color":"var(--ast-global-color-5)","background-image":"","background-repeat":"repeat","background-position":"center center","background-size":"auto","background-attachment":"scroll","background-type":"","background-media":"","overlay-type":"","overlay-color":"","overlay-opacity":"","overlay-gradient":""}},"footnotes":""},"class_list":["post-572","page","type-page","status-publish","hentry"],"post_mailing_queue_ids":[],"_links":{"self":[{"href":"https:\/\/agora.xtec.cat\/ie-elcabreres\/wp-json\/wp\/v2\/pages\/572","targetHints":{"allow":["GET"]}}],"collection":[{"href":"https:\/\/agora.xtec.cat\/ie-elcabreres\/wp-json\/wp\/v2\/pages"}],"about":[{"href":"https:\/\/agora.xtec.cat\/ie-elcabreres\/wp-json\/wp\/v2\/types\/page"}],"author":[{"embeddable":true,"href":"https:\/\/agora.xtec.cat\/ie-elcabreres\/wp-json\/wp\/v2\/users\/4"}],"replies":[{"embeddable":true,"href":"https:\/\/agora.xtec.cat\/ie-elcabreres\/wp-json\/wp\/v2\/comments?post=572"}],"version-history":[{"count":4,"href":"https:\/\/agora.xtec.cat\/ie-elcabreres\/wp-json\/wp\/v2\/pages\/572\/revisions"}],"predecessor-version":[{"id":10095,"href":"https:\/\/agora.xtec.cat\/ie-elcabreres\/wp-json\/wp\/v2\/pages\/572\/revisions\/10095"}],"up":[{"embeddable":true,"href":"https:\/\/agora.xtec.cat\/ie-elcabreres\/wp-json\/wp\/v2\/pages\/9904"}],"wp:attachment":[{"href":"https:\/\/agora.xtec.cat\/ie-elcabreres\/wp-json\/wp\/v2\/media?parent=572"}],"curies":[{"name":"wp","href":"https:\/\/api.w.org\/{rel}","templated":true}]}}

<p><span style="font-family: arial, sans-serif; font-size: medium;">Es tracta d&#8217;un projecte de l&#8217;EMM El Faristol, amb conveni amb el Departament d&#8217;Ensenyament, en el que professorat de l&#8217;Escola de Música ve dins l&#8217;horari lectiu a la nostra escola.</span></p>
<p><span style="font-family: arial, sans-serif; font-size: medium;">Cada curs l&#8217;alumnat de 3r i 4t de primària dediquen una sessió setmanal al treball amb ukuleles i instruments Orff ( família dels xilòfons) i al llarg del curs fan algunes classes obertes tan als companys del centre com a les famílies. </span></p>
<p><a href="https://agora.xtec.cat/ie-elcabreres/wp-content/uploads/usu2186/2020/08/orf.png"><img loading="lazy" decoding="async" class="wp-image-786 alignright" src="https://agora.xtec.cat/ie-elcabreres/wp-content/uploads/usu2186/2020/08/orf.png" alt="" width="399" height="230" srcset="https://agora.xtec.cat/ie-elcabreres/wp-content/uploads/usu2186/2020/08/orf.png 318w, https://agora.xtec.cat/ie-elcabreres/wp-content/uploads/usu2186/2020/08/orf-300x173.png 300w" sizes="auto, (max-width: 399px) 100vw, 399px" /></a><a href="https://agora.xtec.cat/ie-elcabreres/wp-content/uploads/usu2186/2020/08/20190129_153950.jpg"><img loading="lazy" decoding="async" class="wp-image-787 aligncenter" src="https://agora.xtec.cat/ie-elcabreres/wp-content/uploads/usu2186/2020/08/20190129_153950.jpg" alt="" width="345" height="259" srcset="https://agora.xtec.cat/ie-elcabreres/wp-content/uploads/usu2186/2020/08/20190129_153950.jpg 320w, https://agora.xtec.cat/ie-elcabreres/wp-content/uploads/usu2186/2020/08/20190129_153950-300x225.jpg 300w, https://agora.xtec.cat/ie-elcabreres/wp-content/uploads/usu2186/2020/08/20190129_153950-200x150.jpg 200w" sizes="auto, (max-width: 345px) 100vw, 345px" /></a></p>
<p>&nbsp;</p>
<p>&nbsp;</p>
<div>
<div>
<div></div>
</div>
</div>

<p>Es tracta d&#8217;un projecte de l&#8217;EMM El Faristol, amb conveni amb el Departament d&#8217;Ensenyament, en el que professorat de l&#8217;Escola de Música ve dins l&#8217;horari lectiu a la nostra escola. Cada curs l&#8217;alumnat de 3r i 4t de primària dediquen una sessió setmanal al treball amb ukuleles i instruments Orff ( família dels xilòfons) i [&hellip;]</p>
