{"id":570,"date":"2020-07-09T20:26:56","date_gmt":"2020-07-09T18:26:56","guid":{"rendered":"https:\/\/agora.xtec.cat\/ie-elcabreres\/?page_id=570"},"modified":"2025-03-19T12:27:15","modified_gmt":"2025-03-19T11:27:15","slug":"patrimoni","status":"publish","type":"page","link":"https:\/\/agora.xtec.cat\/ie-elcabreres\/projectes\/programes-dinnovacio\/patrimoni\/","title":{"rendered":"Apadrinem el nostre patrimoni"},"content":{"rendered":"<h4><b><span style=\"font-size: large;\">SEGUINT LES PASSES DEL CAM\u00cd RAL<\/span><\/b><\/h4>\n<p><span style=\"font-family: inherit; font-size: 1em;\">L&#8217;objectiu \u00e9s fomentar el coneixement, el respecte <\/span><span style=\"font-family: inherit; font-size: 1em;\">i la preservaci\u00f3 dels e<\/span><span style=\"font-family: inherit; font-size: 1em;\">lements patrimonials que tenim al poble:<\/span><\/p>\n<div>\n<ul style=\"list-style-type: disc;\">\n<li>\n<h6>El Perai<\/h6>\n<\/li>\n<\/ul>\n<p><img loading=\"lazy\" decoding=\"async\" class=\"alignnone size-full wp-image-11839\" src=\"https:\/\/agora.xtec.cat\/ie-elcabreres\/wp-content\/uploads\/usu2186\/2025\/03\/el-perai.jpg\" alt=\"\" width=\"258\" height=\"195\" srcset=\"https:\/\/agora.xtec.cat\/ie-elcabreres\/wp-content\/uploads\/usu2186\/2025\/03\/el-perai.jpg 258w, https:\/\/agora.xtec.cat\/ie-elcabreres\/wp-content\/uploads\/usu2186\/2025\/03\/el-perai-200x150.jpg 200w\" sizes=\"auto, (max-width: 258px) 100vw, 258px\" \/><\/p>\n<ul style=\"list-style-type: disc;\">\n<li>\n<h6>El Pont<\/h6>\n<\/li>\n<\/ul>\n<p><a href=\"https:\/\/drive.google.com\/file\/d\/1NSLHqbr-F1ncRHssl7WwCMaKr_ZiLqnn\/view?usp=drive_link\"><img loading=\"lazy\" decoding=\"async\" class=\"alignnone size-full wp-image-11840\" src=\"https:\/\/agora.xtec.cat\/ie-elcabreres\/wp-content\/uploads\/usu2186\/2025\/03\/pont-de-la-gorga.jpg\" alt=\"\" width=\"275\" height=\"183\" \/><\/a><\/p>\n<\/div>\n<ul>\n<li dir=\"ltr\">\n<h6>El Cam\u00ed Ral<\/h6>\n<\/li>\n<\/ul>\n<p dir=\"ltr\"><a href=\"https:\/\/agora.xtec.cat\/ie-elcabreres\/wp-content\/uploads\/usu2186\/2025\/03\/cami-ral.jpg\"><img loading=\"lazy\" decoding=\"async\" class=\"alignnone size-full wp-image-11841\" src=\"https:\/\/agora.xtec.cat\/ie-elcabreres\/wp-content\/uploads\/usu2186\/2025\/03\/cami-ral.jpg\" alt=\"\" width=\"300\" height=\"168\" \/><\/a><\/p>\n<ul>\n<li dir=\"ltr\">\n<h6>El Dolmen de Puigsespedres.<\/h6>\n<\/li>\n<\/ul>\n<p dir=\"ltr\"><img loading=\"lazy\" decoding=\"async\" class=\"alignnone size-full wp-image-11843\" src=\"https:\/\/agora.xtec.cat\/ie-elcabreres\/wp-content\/uploads\/usu2186\/2025\/03\/dolmen.jpg\" alt=\"\" width=\"275\" height=\"183\" \/><\/p>\n<h5><b style=\"font-size: 1.125em;\">Motius per a l\u2019elecci\u00f3:<\/b><\/h5>\n<div>\n<p dir=\"ltr\">Es va pensar amb el Dolmen de Puigsespedres per la seva import\u00e0ncia hist\u00f2rica \u00a0i perqu\u00e8 era una manera de poder incidir en la seva conservaci\u00f3. Vam entendre que si els alumnes coneixien el lloc el respectarien. Despr\u00e9s es va veure que no es podien separar el Dolmen del Cam\u00ed Ral i la import\u00e0ncia que a<\/p>\n<p dir=\"ltr\">quest cam\u00ed ha tingut en la vida dels nostres avantpassats. Seguint en la mateixa t\u00f2nica ens trobem la Casa del Perai, la m\u00e9s antiga del poble, que feia de fonda i hostatjava als traginers que anaven de Vic a Olot pel Cam\u00ed Ral. Tamb\u00e9 en el trajecte i sobre el Cam\u00ed Ral, est\u00e0 el carrer del Pont, carrer on viuen alguns dels nostres alumnes, i que l\u2019entrada del qual \u00e9s un pont del segle XII.<\/p>\n<h5><b>Com el portem a terme?<\/b><\/h5>\n<p>A l&#8217;escola es porten a terme diferents activitats relacionades amb el projecte al llarg de cada curs escolar.<\/p>\n<p>Projecte que tenim instaurat i que anem modificant segons les necessitats que van sorgint.<\/p>\n<p>A Educaci\u00f3 Infantil i a Cicle Inicial es treballa el poble i els seus elements caracter\u00edstics, entre ells el Perai ( antic Mas l&#8217;Esquirol al qui es deu el nom del nostre poble) i el Pont Rom\u00e0nic.<\/p>\n<ul>\n<li>A Cicle Inicial, bianualment tamb\u00e9 s&#8217;aprofundeix en el treball del Dolmen de Puigsespedres (Megalit Prehist\u00f2ric).<\/li>\n<li>A Cicle Mitj\u00e0, bianualment el Cam\u00ed Ral.<\/li>\n<li>A Cicle Superior tamb\u00e9 bianualment, es recullen els diferents elements utilitzant les TAC..<\/li>\n<\/ul>\n<p><strong>Projecte QR<\/strong><\/p>\n<p>L&#8217;alumnat del centre ha preparat uns \u00e0udios amb la informaci\u00f3 de cadascun dels elements. A cada element del poble hi podreu trobar un QR amb el link per a ser escoltats.<\/p>\n<p>&nbsp;<\/p>\n<div><\/div>\n<\/div>\n","protected":false},"excerpt":{"rendered":"<p>SEGUINT LES PASSES DEL CAM\u00cd RAL L&#8217;objectiu \u00e9s fomentar el coneixement, el respecte i la preservaci\u00f3 dels elements patrimonials que tenim al poble: El Perai El Pont El Cam\u00ed Ral El Dolmen de Puigsespedres. Motius per a l\u2019elecci\u00f3: Es va pensar amb el Dolmen de Puigsespedres per la seva import\u00e0ncia hist\u00f2rica \u00a0i perqu\u00e8 era una [&hellip;]<\/p>\n","protected":false},"author":4,"featured_media":0,"parent":8140,"menu_order":20,"comment_status":"closed","ping_status":"closed","template":"page-templates\/side-menu.php","meta":{"_bbp_topic_count":0,"_bbp_reply_count":0,"_bbp_total_topic_count":0,"_bbp_total_reply_count":0,"_bbp_voice_count":0,"_bbp_anonymous_reply_count":0,"_bbp_topic_count_hidden":0,"_bbp_reply_count_hidden":0,"_bbp_forum_subforum_count":0,"site-sidebar-layout":"default","site-content-layout":"","ast-site-content-layout":"","site-content-style":"default","site-sidebar-style":"default","ast-global-header-display":"","ast-banner-title-visibility":"","ast-main-header-display":"","ast-hfb-above-header-display":"","ast-hfb-below-header-display":"","ast-hfb-mobile-header-display":"","site-post-title":"","ast-breadcrumbs-content":"","ast-featured-img":"","footer-sml-layout":"","theme-transparent-header-meta":"","adv-header-id-meta":"","stick-header-meta":"","header-above-stick-meta":"","header-main-stick-meta":"","header-below-stick-meta":"","astra-migrate-meta-layouts":"default","ast-page-background-enabled":"default","ast-page-background-meta":{"desktop":{"background-color":"var(--ast-global-color-4)","background-image":"","background-repeat":"repeat","background-position":"center center","background-size":"auto","background-attachment":"scroll","background-type":"","background-media":"","overlay-type":"","overlay-color":"","overlay-opacity":"","overlay-gradient":""},"tablet":{"background-color":"","background-image":"","background-repeat":"repeat","background-position":"center center","background-size":"auto","background-attachment":"scroll","background-type":"","background-media":"","overlay-type":"","overlay-color":"","overlay-opacity":"","overlay-gradient":""},"mobile":{"background-color":"","background-image":"","background-repeat":"repeat","background-position":"center center","background-size":"auto","background-attachment":"scroll","background-type":"","background-media":"","overlay-type":"","overlay-color":"","overlay-opacity":"","overlay-gradient":""}},"ast-content-background-meta":{"desktop":{"background-color":"var(--ast-global-color-5)","background-image":"","background-repeat":"repeat","background-position":"center center","background-size":"auto","background-attachment":"scroll","background-type":"","background-media":"","overlay-type":"","overlay-color":"","overlay-opacity":"","overlay-gradient":""},"tablet":{"background-color":"var(--ast-global-color-5)","background-image":"","background-repeat":"repeat","background-position":"center center","background-size":"auto","background-attachment":"scroll","background-type":"","background-media":"","overlay-type":"","overlay-color":"","overlay-opacity":"","overlay-gradient":""},"mobile":{"background-color":"var(--ast-global-color-5)","background-image":"","background-repeat":"repeat","background-position":"center center","background-size":"auto","background-attachment":"scroll","background-type":"","background-media":"","overlay-type":"","overlay-color":"","overlay-opacity":"","overlay-gradient":""}},"footnotes":""},"class_list":["post-570","page","type-page","status-publish","hentry"],"post_mailing_queue_ids":[],"_links":{"self":[{"href":"https:\/\/agora.xtec.cat\/ie-elcabreres\/wp-json\/wp\/v2\/pages\/570","targetHints":{"allow":["GET"]}}],"collection":[{"href":"https:\/\/agora.xtec.cat\/ie-elcabreres\/wp-json\/wp\/v2\/pages"}],"about":[{"href":"https:\/\/agora.xtec.cat\/ie-elcabreres\/wp-json\/wp\/v2\/types\/page"}],"author":[{"embeddable":true,"href":"https:\/\/agora.xtec.cat\/ie-elcabreres\/wp-json\/wp\/v2\/users\/4"}],"replies":[{"embeddable":true,"href":"https:\/\/agora.xtec.cat\/ie-elcabreres\/wp-json\/wp\/v2\/comments?post=570"}],"version-history":[{"count":7,"href":"https:\/\/agora.xtec.cat\/ie-elcabreres\/wp-json\/wp\/v2\/pages\/570\/revisions"}],"predecessor-version":[{"id":11844,"href":"https:\/\/agora.xtec.cat\/ie-elcabreres\/wp-json\/wp\/v2\/pages\/570\/revisions\/11844"}],"up":[{"embeddable":true,"href":"https:\/\/agora.xtec.cat\/ie-elcabreres\/wp-json\/wp\/v2\/pages\/8140"}],"wp:attachment":[{"href":"https:\/\/agora.xtec.cat\/ie-elcabreres\/wp-json\/wp\/v2\/media?parent=570"}],"curies":[{"name":"wp","href":"https:\/\/api.w.org\/{rel}","templated":true}]}}

<h4><b><span style="font-size: large;">SEGUINT LES PASSES DEL CAMÍ RAL</span></b></h4>
<p><span style="font-family: inherit; font-size: 1em;">L&#8217;objectiu és fomentar el coneixement, el respecte </span><span style="font-family: inherit; font-size: 1em;">i la preservació dels e</span><span style="font-family: inherit; font-size: 1em;">lements patrimonials que tenim al poble:</span></p>
<div>
<ul style="list-style-type: disc;">
<li>
<h6>El Perai</h6>
</li>
</ul>
<p><img loading="lazy" decoding="async" class="alignnone size-full wp-image-11839" src="https://agora.xtec.cat/ie-elcabreres/wp-content/uploads/usu2186/2025/03/el-perai.jpg" alt="" width="258" height="195" srcset="https://agora.xtec.cat/ie-elcabreres/wp-content/uploads/usu2186/2025/03/el-perai.jpg 258w, https://agora.xtec.cat/ie-elcabreres/wp-content/uploads/usu2186/2025/03/el-perai-200x150.jpg 200w" sizes="auto, (max-width: 258px) 100vw, 258px" /></p>
<ul style="list-style-type: disc;">
<li>
<h6>El Pont</h6>
</li>
</ul>
<p><a href="https://drive.google.com/file/d/1NSLHqbr-F1ncRHssl7WwCMaKr_ZiLqnn/view?usp=drive_link"><img loading="lazy" decoding="async" class="alignnone size-full wp-image-11840" src="https://agora.xtec.cat/ie-elcabreres/wp-content/uploads/usu2186/2025/03/pont-de-la-gorga.jpg" alt="" width="275" height="183" /></a></p>
</div>
<ul>
<li dir="ltr">
<h6>El Camí Ral</h6>
</li>
</ul>
<p dir="ltr"><a href="https://agora.xtec.cat/ie-elcabreres/wp-content/uploads/usu2186/2025/03/cami-ral.jpg"><img loading="lazy" decoding="async" class="alignnone size-full wp-image-11841" src="https://agora.xtec.cat/ie-elcabreres/wp-content/uploads/usu2186/2025/03/cami-ral.jpg" alt="" width="300" height="168" /></a></p>
<ul>
<li dir="ltr">
<h6>El Dolmen de Puigsespedres.</h6>
</li>
</ul>
<p dir="ltr"><img loading="lazy" decoding="async" class="alignnone size-full wp-image-11843" src="https://agora.xtec.cat/ie-elcabreres/wp-content/uploads/usu2186/2025/03/dolmen.jpg" alt="" width="275" height="183" /></p>
<h5><b style="font-size: 1.125em;">Motius per a l’elecció:</b></h5>
<div>
<p dir="ltr">Es va pensar amb el Dolmen de Puigsespedres per la seva importància històrica  i perquè era una manera de poder incidir en la seva conservació. Vam entendre que si els alumnes coneixien el lloc el respectarien. Després es va veure que no es podien separar el Dolmen del Camí Ral i la importància que a</p>
<p dir="ltr">quest camí ha tingut en la vida dels nostres avantpassats. Seguint en la mateixa tònica ens trobem la Casa del Perai, la més antiga del poble, que feia de fonda i hostatjava als traginers que anaven de Vic a Olot pel Camí Ral. També en el trajecte i sobre el Camí Ral, està el carrer del Pont, carrer on viuen alguns dels nostres alumnes, i que l’entrada del qual és un pont del segle XII.</p>
<h5><b>Com el portem a terme?</b></h5>
<p>A l&#8217;escola es porten a terme diferents activitats relacionades amb el projecte al llarg de cada curs escolar.</p>
<p>Projecte que tenim instaurat i que anem modificant segons les necessitats que van sorgint.</p>
<p>A Educació Infantil i a Cicle Inicial es treballa el poble i els seus elements característics, entre ells el Perai ( antic Mas l&#8217;Esquirol al qui es deu el nom del nostre poble) i el Pont Romànic.</p>
<ul>
<li>A Cicle Inicial, bianualment també s&#8217;aprofundeix en el treball del Dolmen de Puigsespedres (Megalit Prehistòric).</li>
<li>A Cicle Mitjà, bianualment el Camí Ral.</li>
<li>A Cicle Superior també bianualment, es recullen els diferents elements utilitzant les TAC..</li>
</ul>
<p><strong>Projecte QR</strong></p>
<p>L&#8217;alumnat del centre ha preparat uns àudios amb la informació de cadascun dels elements. A cada element del poble hi podreu trobar un QR amb el link per a ser escoltats.</p>
<p>&nbsp;</p>
<div></div>
</div>

<p>SEGUINT LES PASSES DEL CAMÍ RAL L&#8217;objectiu és fomentar el coneixement, el respecte i la preservació dels elements patrimonials que tenim al poble: El Perai El Pont El Camí Ral El Dolmen de Puigsespedres. Motius per a l’elecció: Es va pensar amb el Dolmen de Puigsespedres per la seva importància històrica  i perquè era una [&hellip;]</p>
