{"id":568,"date":"2020-07-09T20:26:10","date_gmt":"2020-07-09T18:26:10","guid":{"rendered":"https:\/\/agora.xtec.cat\/ie-elcabreres\/?page_id=568"},"modified":"2026-04-07T13:27:54","modified_gmt":"2026-04-07T11:27:54","slug":"escoles-verdes","status":"publish","type":"page","link":"https:\/\/agora.xtec.cat\/ie-elcabreres\/projectes\/escoles-verdes\/","title":{"rendered":"Escoles Verdes"},"content":{"rendered":"<h4><b>PROJECTE ESCOLES VERDES<\/b><\/h4>\n<p><span style=\"font-weight: 400;\">Aquest \u00e9s un projecte del Departament de Medi Ambient en el que s\u2019integren aquelles escoles que han elaborat un Programa d\u2019acci\u00f3 dins l\u2019\u00e0mbit escolar per tal d\u2019afavorir una bona actitud davant el medi ambient.<\/span><\/p>\n<p><span style=\"font-weight: 400;\">La nostra escola sempre ha treballat diferents aspectes mediambientals per tal d\u2019afavorir una actitud responsable i respectuosa amb el medi natural i el nostre entorn.<\/span><\/p>\n<p><span style=\"font-weight: 400;\">El curs 2016-2017 els mestres de l\u2019 escola vam decidir que vol\u00edem adherir-nos en aquesta xarxa d\u2019escoles. Despr\u00e9s d\u2019un treball de diagn\u00f2stic mediambiental del centre i una an\u00e0lisi de la realitat es <\/span><span style=\"font-weight: 400;\"><br \/>\n<\/span><span style=\"font-weight: 400;\">vam elaborar el nostre pla d\u2019acci\u00f3 (PA) 2018-2022 dins del qual hi contemplem objectius i projectes que ja portem temps treballant a l&#8217;escola.<\/span><\/p>\n<p><span style=\"font-weight: 400;\">Ara ja som Escola Verda i tenim un Comit\u00e8 Ambiental format per mestres, alumnes, pares i representants de l&#8217;Ajuntament que vetlla pel seguiment del pla d&#8217;acci\u00f3. Tamb\u00e9 tenim consell d&#8217;ecodelegats format pels delegats verds de cada classe, encarregats de vetllar pel seguiment dels diferents projectes a les aules (separaci\u00f3 de deixalles, estalvi energ\u00e8tic&#8230;)<\/span><\/p>\n<p><span style=\"font-weight: 400;\">Aix\u00f2 ens compromet a continuar treballant tots els objectius del PA i establir nous camps d\u2019actuaci\u00f3 per tal que aquest eix transversal sigui un dels principis educatius b\u00e0sics de la nostra escola.<\/span><\/p>\n<p><span style=\"font-weight: 400;\">Projectes vinculats a l&#8217;escola verda:<\/span><\/p>\n<h4><b>DESENDOLLA&#8217;T<\/b><\/h4>\n<p><span style=\"font-weight: 400;\">Programa de millora de l\u2019efici\u00e8ncia energ\u00e8tica. Aquest programa \u00e9s una proposta del Consell Comarcal que, amb el comprom\u00eds de l\u2019Ajuntament de cada poble, aposta per l\u2019estalvi energ\u00e8tic amb el benefici que aix\u00f2 comporta.<\/span><\/p>\n<p><span style=\"font-weight: 400;\">En refer\u00e8ncia a l\u2019estalvi en la despesa p\u00fablica, l\u2019Ajuntament del nostre poble, aix\u00ed com es fa en tots els pobles que estan vinculats al programa Desendolla\u2019t, ha pres el comprom\u00eds que el 50% dels diners estalviats els donar\u00e0 a l\u2019escola per projectes futurs.<\/span><\/p>\n<p><span style=\"font-weight: 400;\">Des del setembre del curs 13-14 hem estat vetllant el consum vamp\u00edric: el que gastem quan no hi ha ning\u00fa a l\u2019escola. Comptem amb l\u2019ajut de les senyores de la neteja que s\u00f3n les que ens tanquen les entrades energ\u00e8tiques quan acaben la seva feina.<\/span><\/p>\n<p><span style=\"font-weight: 400;\">La participaci\u00f3 de l&#8217;alumnat en estalvi d&#8217;energia a l\u2019escola \u00e9s part important del projecte pedag\u00f2gic que v\u00e0rem comen\u00e7ar i que enguany continuem. Amb aquest projecte es pret\u00e9n agafar h\u00e0bits saludables i que persisteixin en els nens per tal de fer una utilitzaci\u00f3 raonable de l\u2019energia que es consumeix. Per tal de poder millorar els h\u00e0bits, a l\u2019escola i a casa, els nens han d\u2019entendre el motius i els han de compartir, tamb\u00e9 amb vosaltres. Des de l\u2019escola la tasca dels alumnes ser\u00e0 vetllar perqu\u00e8 els llums de les classes i de l\u2019escola en general estiguin apagats quan no siguin necessaris. Tamb\u00e9 vetllaran perqu\u00e8 els ordinadors, projectors, aparells de m\u00fasica,&#8230; s\u2019apaguin del tot cada cop que es deixin d\u2019utilitzar i que les portes de l\u2019escola es tanquin per evitar que l\u2019escalfor s\u2019escapi. En aquesta acci\u00f3 vosaltres sou part implicada, sobretot les fam\u00edlies que acompanyeu els vostres fills a l\u2019escola, fins a l\u2019aula. Quan marxeu, si us plau, mireu si sou dels darrers i vigileu que la porta quedi tancada.<\/span><\/p>\n<p><span style=\"font-weight: 400;\">Ens agradaria, tamb\u00e9, que les accions que es treballen a l\u2019escola tinguessin ress\u00f2 en l\u2019entorn del nen o nena.<\/span><\/p>\n<p><span style=\"font-weight: 400;\">Esperem que la iniciativa us sembli interessant i que la vulgueu compartir.<\/span><\/p>\n<p>&nbsp;<\/p>\n<h4><b>HORT<\/b><\/h4>\n<p><span style=\"font-weight: 400;\">A l&#8217;escola tenim un espai que dediquem al treball de l&#8217;hort amb els alumnes d&#8217;Educaci\u00f3 Infantil i Cicle Inicial. &#8220;<\/span><i><span style=\"font-weight: 400;\">L&#8217;hort \u00e9s el vincle que encara ens uneix a la terra, que ens permet a tots ser agricultors, obtenir els nostres propis aliments sense rec\u00f3rrer al sistema monetari. L&#8217;hort ens connecta amb els nostres avantpassats.&#8221; (Escutia, 2009)<\/span><\/i><\/p>\n<p><span style=\"font-weight: 400;\">En aquesta l\u00ednia, l&#8217;hort \u00e9s un ecosistema natural que ens permet experimentar i aprendre entorn el tipus de s\u00f2l, el cicles naturals, el que necessiten les llavors per germinar o cr\u00e9ixer, tenir cura de les eines, etc. I la majoria de vegades ho fem acompanyats d&#8217;algun savi de l&#8217;horticultura que ens vulgui acompanyar.\u00a0<\/span><\/p>\n<h4><b>SETMANA BIO<\/b><\/h4>\n<p><span style=\"font-weight: 400;\">Dediquem una setmana a accions que contribueixen a la millora i protecci\u00f3 del nostre entorn, promoci\u00f3 d&#8217;h\u00e0bits de consum saludables.<\/span><\/p>\n<h4><b>PROJECTE RIUS<\/b><\/h4>\n<p><span style=\"font-weight: 400;\">Trobareu tota la informaci\u00f3 d&#8217;aquest projecte a<\/span><a href=\"https:\/\/agora.xtec.cat\/ie-elcabreres\/projectes\/rius\/\"> <span style=\"font-weight: 400;\">PROJECTE RIUS<\/span><\/a><\/p>\n<h4><b>PROJECTE POLLANCREDA<\/b><\/h4>\n<p><span style=\"font-weight: 400;\">La Pollancreda \u00e9s un espai natural que tenim molt a prop de l&#8217;escola. A banda de ser un espai en les estones de pati, tamb\u00e9 hi realitzem altres activitats com: anellament d&#8217;ocells, batudes verdes, descobertes de rastres animals, construcci\u00f3 de cabanes, dibuixos al natural, estudi de l&#8217;ecosistema, etc.\u00a0<\/span><\/p>\n","protected":false},"excerpt":{"rendered":"<p>PROJECTE ESCOLES VERDES Aquest \u00e9s un projecte del Departament de Medi Ambient en el que s\u2019integren aquelles escoles que han elaborat un Programa d\u2019acci\u00f3 dins l\u2019\u00e0mbit escolar per tal d\u2019afavorir una bona actitud davant el medi ambient. La nostra escola sempre ha treballat diferents aspectes mediambientals per tal d\u2019afavorir una actitud responsable i respectuosa amb [&hellip;]<\/p>\n","protected":false},"author":4,"featured_media":0,"parent":566,"menu_order":3,"comment_status":"closed","ping_status":"closed","template":"","meta":{"_bbp_topic_count":0,"_bbp_reply_count":0,"_bbp_total_topic_count":0,"_bbp_total_reply_count":0,"_bbp_voice_count":0,"_bbp_anonymous_reply_count":0,"_bbp_topic_count_hidden":0,"_bbp_reply_count_hidden":0,"_bbp_forum_subforum_count":0,"site-sidebar-layout":"default","site-content-layout":"","ast-site-content-layout":"default","site-content-style":"default","site-sidebar-style":"default","ast-global-header-display":"","ast-banner-title-visibility":"","ast-main-header-display":"","ast-hfb-above-header-display":"","ast-hfb-below-header-display":"","ast-hfb-mobile-header-display":"","site-post-title":"","ast-breadcrumbs-content":"","ast-featured-img":"","footer-sml-layout":"","theme-transparent-header-meta":"default","adv-header-id-meta":"","stick-header-meta":"","header-above-stick-meta":"","header-main-stick-meta":"","header-below-stick-meta":"","astra-migrate-meta-layouts":"set","ast-page-background-enabled":"default","ast-page-background-meta":{"desktop":{"background-color":"var(--ast-global-color-4)","background-image":"","background-repeat":"repeat","background-position":"center center","background-size":"auto","background-attachment":"scroll","background-type":"","background-media":"","overlay-type":"","overlay-color":"","overlay-opacity":"","overlay-gradient":""},"tablet":{"background-color":"","background-image":"","background-repeat":"repeat","background-position":"center center","background-size":"auto","background-attachment":"scroll","background-type":"","background-media":"","overlay-type":"","overlay-color":"","overlay-opacity":"","overlay-gradient":""},"mobile":{"background-color":"","background-image":"","background-repeat":"repeat","background-position":"center center","background-size":"auto","background-attachment":"scroll","background-type":"","background-media":"","overlay-type":"","overlay-color":"","overlay-opacity":"","overlay-gradient":""}},"ast-content-background-meta":{"desktop":{"background-color":"var(--ast-global-color-5)","background-image":"","background-repeat":"repeat","background-position":"center center","background-size":"auto","background-attachment":"scroll","background-type":"","background-media":"","overlay-type":"","overlay-color":"","overlay-opacity":"","overlay-gradient":""},"tablet":{"background-color":"var(--ast-global-color-5)","background-image":"","background-repeat":"repeat","background-position":"center center","background-size":"auto","background-attachment":"scroll","background-type":"","background-media":"","overlay-type":"","overlay-color":"","overlay-opacity":"","overlay-gradient":""},"mobile":{"background-color":"var(--ast-global-color-5)","background-image":"","background-repeat":"repeat","background-position":"center center","background-size":"auto","background-attachment":"scroll","background-type":"","background-media":"","overlay-type":"","overlay-color":"","overlay-opacity":"","overlay-gradient":""}},"footnotes":""},"class_list":["post-568","page","type-page","status-publish","hentry"],"post_mailing_queue_ids":[],"_links":{"self":[{"href":"https:\/\/agora.xtec.cat\/ie-elcabreres\/wp-json\/wp\/v2\/pages\/568","targetHints":{"allow":["GET"]}}],"collection":[{"href":"https:\/\/agora.xtec.cat\/ie-elcabreres\/wp-json\/wp\/v2\/pages"}],"about":[{"href":"https:\/\/agora.xtec.cat\/ie-elcabreres\/wp-json\/wp\/v2\/types\/page"}],"author":[{"embeddable":true,"href":"https:\/\/agora.xtec.cat\/ie-elcabreres\/wp-json\/wp\/v2\/users\/4"}],"replies":[{"embeddable":true,"href":"https:\/\/agora.xtec.cat\/ie-elcabreres\/wp-json\/wp\/v2\/comments?post=568"}],"version-history":[{"count":7,"href":"https:\/\/agora.xtec.cat\/ie-elcabreres\/wp-json\/wp\/v2\/pages\/568\/revisions"}],"predecessor-version":[{"id":13006,"href":"https:\/\/agora.xtec.cat\/ie-elcabreres\/wp-json\/wp\/v2\/pages\/568\/revisions\/13006"}],"up":[{"embeddable":true,"href":"https:\/\/agora.xtec.cat\/ie-elcabreres\/wp-json\/wp\/v2\/pages\/566"}],"wp:attachment":[{"href":"https:\/\/agora.xtec.cat\/ie-elcabreres\/wp-json\/wp\/v2\/media?parent=568"}],"curies":[{"name":"wp","href":"https:\/\/api.w.org\/{rel}","templated":true}]}}

<h4><b>PROJECTE ESCOLES VERDES</b></h4>
<p><span style="font-weight: 400;">Aquest és un projecte del Departament de Medi Ambient en el que s’integren aquelles escoles que han elaborat un Programa d’acció dins l’àmbit escolar per tal d’afavorir una bona actitud davant el medi ambient.</span></p>
<p><span style="font-weight: 400;">La nostra escola sempre ha treballat diferents aspectes mediambientals per tal d’afavorir una actitud responsable i respectuosa amb el medi natural i el nostre entorn.</span></p>
<p><span style="font-weight: 400;">El curs 2016-2017 els mestres de l’ escola vam decidir que volíem adherir-nos en aquesta xarxa d’escoles. Després d’un treball de diagnòstic mediambiental del centre i una anàlisi de la realitat es </span><span style="font-weight: 400;"><br />
</span><span style="font-weight: 400;">vam elaborar el nostre pla d’acció (PA) 2018-2022 dins del qual hi contemplem objectius i projectes que ja portem temps treballant a l&#8217;escola.</span></p>
<p><span style="font-weight: 400;">Ara ja som Escola Verda i tenim un Comitè Ambiental format per mestres, alumnes, pares i representants de l&#8217;Ajuntament que vetlla pel seguiment del pla d&#8217;acció. També tenim consell d&#8217;ecodelegats format pels delegats verds de cada classe, encarregats de vetllar pel seguiment dels diferents projectes a les aules (separació de deixalles, estalvi energètic&#8230;)</span></p>
<p><span style="font-weight: 400;">Això ens compromet a continuar treballant tots els objectius del PA i establir nous camps d’actuació per tal que aquest eix transversal sigui un dels principis educatius bàsics de la nostra escola.</span></p>
<p><span style="font-weight: 400;">Projectes vinculats a l&#8217;escola verda:</span></p>
<h4><b>DESENDOLLA&#8217;T</b></h4>
<p><span style="font-weight: 400;">Programa de millora de l’eficiència energètica. Aquest programa és una proposta del Consell Comarcal que, amb el compromís de l’Ajuntament de cada poble, aposta per l’estalvi energètic amb el benefici que això comporta.</span></p>
<p><span style="font-weight: 400;">En referència a l’estalvi en la despesa pública, l’Ajuntament del nostre poble, així com es fa en tots els pobles que estan vinculats al programa Desendolla’t, ha pres el compromís que el 50% dels diners estalviats els donarà a l’escola per projectes futurs.</span></p>
<p><span style="font-weight: 400;">Des del setembre del curs 13-14 hem estat vetllant el consum vampíric: el que gastem quan no hi ha ningú a l’escola. Comptem amb l’ajut de les senyores de la neteja que són les que ens tanquen les entrades energètiques quan acaben la seva feina.</span></p>
<p><span style="font-weight: 400;">La participació de l&#8217;alumnat en estalvi d&#8217;energia a l’escola és part important del projecte pedagògic que vàrem començar i que enguany continuem. Amb aquest projecte es pretén agafar hàbits saludables i que persisteixin en els nens per tal de fer una utilització raonable de l’energia que es consumeix. Per tal de poder millorar els hàbits, a l’escola i a casa, els nens han d’entendre el motius i els han de compartir, també amb vosaltres. Des de l’escola la tasca dels alumnes serà vetllar perquè els llums de les classes i de l’escola en general estiguin apagats quan no siguin necessaris. També vetllaran perquè els ordinadors, projectors, aparells de música,&#8230; s’apaguin del tot cada cop que es deixin d’utilitzar i que les portes de l’escola es tanquin per evitar que l’escalfor s’escapi. En aquesta acció vosaltres sou part implicada, sobretot les famílies que acompanyeu els vostres fills a l’escola, fins a l’aula. Quan marxeu, si us plau, mireu si sou dels darrers i vigileu que la porta quedi tancada.</span></p>
<p><span style="font-weight: 400;">Ens agradaria, també, que les accions que es treballen a l’escola tinguessin ressò en l’entorn del nen o nena.</span></p>
<p><span style="font-weight: 400;">Esperem que la iniciativa us sembli interessant i que la vulgueu compartir.</span></p>
<p>&nbsp;</p>
<h4><b>HORT</b></h4>
<p><span style="font-weight: 400;">A l&#8217;escola tenim un espai que dediquem al treball de l&#8217;hort amb els alumnes d&#8217;Educació Infantil i Cicle Inicial. &#8220;</span><i><span style="font-weight: 400;">L&#8217;hort és el vincle que encara ens uneix a la terra, que ens permet a tots ser agricultors, obtenir els nostres propis aliments sense recórrer al sistema monetari. L&#8217;hort ens connecta amb els nostres avantpassats.&#8221; (Escutia, 2009)</span></i></p>
<p><span style="font-weight: 400;">En aquesta línia, l&#8217;hort és un ecosistema natural que ens permet experimentar i aprendre entorn el tipus de sòl, el cicles naturals, el que necessiten les llavors per germinar o créixer, tenir cura de les eines, etc. I la majoria de vegades ho fem acompanyats d&#8217;algun savi de l&#8217;horticultura que ens vulgui acompanyar. </span></p>
<h4><b>SETMANA BIO</b></h4>
<p><span style="font-weight: 400;">Dediquem una setmana a accions que contribueixen a la millora i protecció del nostre entorn, promoció d&#8217;hàbits de consum saludables.</span></p>
<h4><b>PROJECTE RIUS</b></h4>
<p><span style="font-weight: 400;">Trobareu tota la informació d&#8217;aquest projecte a</span><a href="https://agora.xtec.cat/ie-elcabreres/projectes/rius/"> <span style="font-weight: 400;">PROJECTE RIUS</span></a></p>
<h4><b>PROJECTE POLLANCREDA</b></h4>
<p><span style="font-weight: 400;">La Pollancreda és un espai natural que tenim molt a prop de l&#8217;escola. A banda de ser un espai en les estones de pati, també hi realitzem altres activitats com: anellament d&#8217;ocells, batudes verdes, descobertes de rastres animals, construcció de cabanes, dibuixos al natural, estudi de l&#8217;ecosistema, etc. </span></p>

<p>PROJECTE ESCOLES VERDES Aquest és un projecte del Departament de Medi Ambient en el que s’integren aquelles escoles que han elaborat un Programa d’acció dins l’àmbit escolar per tal d’afavorir una bona actitud davant el medi ambient. La nostra escola sempre ha treballat diferents aspectes mediambientals per tal d’afavorir una actitud responsable i respectuosa amb [&hellip;]</p>
