{"id":5342,"date":"2021-12-11T16:59:33","date_gmt":"2021-12-11T15:59:33","guid":{"rendered":"https:\/\/agora.xtec.cat\/ie-elcabreres\/?page_id=5342"},"modified":"2025-11-10T20:05:08","modified_gmt":"2025-11-10T19:05:08","slug":"qui-son-els-nostres-representants","status":"publish","type":"page","link":"https:\/\/agora.xtec.cat\/ie-elcabreres\/afa-2\/qui-son-els-nostres-representants\/","title":{"rendered":"Qui s\u00f3n els nostres representants?"},"content":{"rendered":"<table style=\"height: 114px; width: 83.8774%;\">\n<tbody>\n<tr style=\"height: 33px;\">\n<td style=\"height: 33px; width: 5.6189%;\"><b>P1<\/b><\/td>\n<td style=\"height: 33px; width: 23.2444%;\">Pau Puig (Consell Escolar) \/ Marta Lucena<\/td>\n<td style=\"height: 33px; width: 4.76001%;\"><b>1r<\/b><\/td>\n<td style=\"height: 33px; width: 25.8501%;\">Noem\u00ed Gonz\u00e1lez<\/td>\n<td style=\"width: 8.44855%; height: 33px;\"><strong>1r ESO<\/strong><\/td>\n<td style=\"width: 22.2366%; height: 33px;\">Marta Torrent<\/td>\n<\/tr>\n<tr style=\"height: 33px;\">\n<td style=\"height: 29px; width: 5.6189%;\"><b>P2<\/b><\/td>\n<td style=\"height: 29px; width: 23.2444%;\">Carolina Rovira \/ Marta Segarra<\/td>\n<td style=\"height: 29px; width: 4.76001%;\"><b>2n\u00a0<\/b><\/td>\n<td style=\"height: 29px; width: 25.8501%;\">Gemma Such \/ Esther \u00c1lvarez<\/td>\n<td style=\"width: 8.44855%; height: 29px;\"><strong>2n ESO<\/strong><\/td>\n<td style=\"width: 22.2366%; height: 29px;\">J\u00falio Ruiz<\/td>\n<\/tr>\n<tr style=\"height: 49px;\">\n<td style=\"height: 10px; width: 5.6189%;\"><b>EI 1<\/b><\/td>\n<td style=\"height: 10px; width: 23.2444%;\">Maria L\u00e1zaro (Tresorera)<\/td>\n<td style=\"height: 10px; width: 4.76001%;\"><b>3r\u00a0<\/b><\/td>\n<td style=\"height: 10px; width: 25.8501%;\">Marta Mu\u00f1oz (secret\u00e0ria)<\/td>\n<td style=\"width: 8.44855%; height: 10px;\"><strong>3r ESO<\/strong><\/td>\n<td style=\"width: 22.2366%; height: 10px;\">N\u00faria Salom\u00f3<\/td>\n<\/tr>\n<tr style=\"height: 49px;\">\n<td style=\"height: 20px; width: 5.6189%;\"><b>EI 2<\/b><\/td>\n<td style=\"height: 20px; width: 23.2444%;\">S\u00edlvia Sadurn\u00ed \/ David Malet<\/td>\n<td style=\"height: 20px; width: 4.76001%;\"><b>4t\u00a0<\/b><\/td>\n<td style=\"height: 20px; width: 25.8501%;\">Marina Redolad \/ Llu\u00eds Mart\u00ednez<\/td>\n<td style=\"width: 8.44855%; height: 20px;\"><\/td>\n<td style=\"width: 22.2366%; height: 20px;\"><\/td>\n<\/tr>\n<tr style=\"height: 49px;\">\n<td style=\"height: 10px; width: 5.6189%;\"><b>EI 3<\/b><\/td>\n<td style=\"height: 10px; width: 23.2444%;\">\u00cdngrid Andreu<\/td>\n<td style=\"height: 10px; width: 4.76001%;\"><b>5\u00e8\u00a0<\/b><\/td>\n<td style=\"height: 10px; width: 25.8501%;\">S\u00f2nia Cho (vicepresidenta) \/ Xevi Rierola<\/td>\n<td style=\"width: 8.44855%; height: 10px;\"><\/td>\n<td style=\"width: 22.2366%; height: 10px;\"><\/td>\n<\/tr>\n<tr style=\"height: 49px;\">\n<td style=\"height: 12px; width: 5.6189%;\"><\/td>\n<td style=\"height: 12px; width: 23.2444%;\"><\/td>\n<td style=\"height: 12px; width: 4.76001%;\"><b>6\u00e8\u00a0<\/b><\/td>\n<td style=\"height: 12px; width: 25.8501%;\">M\u00f2nica Ribot (presidenta)<\/td>\n<td style=\"width: 8.44855%; height: 12px;\"><\/td>\n<td style=\"width: 22.2366%; height: 12px;\"><\/td>\n<\/tr>\n<\/tbody>\n<\/table>\n<p>&nbsp;<\/p>\n","protected":false},"excerpt":{"rendered":"<p>P1 Pau Puig (Consell Escolar) \/ Marta Lucena 1r Noem\u00ed Gonz\u00e1lez 1r ESO Marta Torrent P2 Carolina Rovira \/ Marta Segarra 2n\u00a0 Gemma Such \/ Esther \u00c1lvarez 2n ESO J\u00falio Ruiz EI 1 Maria L\u00e1zaro (Tresorera) 3r\u00a0 Marta Mu\u00f1oz (secret\u00e0ria) 3r ESO N\u00faria Salom\u00f3 EI 2 S\u00edlvia Sadurn\u00ed \/ David Malet 4t\u00a0 Marina Redolad \/ [&hellip;]<\/p>\n","protected":false},"author":4,"featured_media":0,"parent":5331,"menu_order":15,"comment_status":"closed","ping_status":"closed","template":"","meta":{"_bbp_topic_count":0,"_bbp_reply_count":0,"_bbp_total_topic_count":0,"_bbp_total_reply_count":0,"_bbp_voice_count":0,"_bbp_anonymous_reply_count":0,"_bbp_topic_count_hidden":0,"_bbp_reply_count_hidden":0,"_bbp_forum_subforum_count":0,"site-sidebar-layout":"default","site-content-layout":"","ast-site-content-layout":"","site-content-style":"default","site-sidebar-style":"default","ast-global-header-display":"","ast-banner-title-visibility":"","ast-main-header-display":"","ast-hfb-above-header-display":"","ast-hfb-below-header-display":"","ast-hfb-mobile-header-display":"","site-post-title":"","ast-breadcrumbs-content":"","ast-featured-img":"","footer-sml-layout":"","theme-transparent-header-meta":"","adv-header-id-meta":"","stick-header-meta":"","header-above-stick-meta":"","header-main-stick-meta":"","header-below-stick-meta":"","astra-migrate-meta-layouts":"default","ast-page-background-enabled":"default","ast-page-background-meta":{"desktop":{"background-color":"var(--ast-global-color-4)","background-image":"","background-repeat":"repeat","background-position":"center center","background-size":"auto","background-attachment":"scroll","background-type":"","background-media":"","overlay-type":"","overlay-color":"","overlay-opacity":"","overlay-gradient":""},"tablet":{"background-color":"","background-image":"","background-repeat":"repeat","background-position":"center center","background-size":"auto","background-attachment":"scroll","background-type":"","background-media":"","overlay-type":"","overlay-color":"","overlay-opacity":"","overlay-gradient":""},"mobile":{"background-color":"","background-image":"","background-repeat":"repeat","background-position":"center center","background-size":"auto","background-attachment":"scroll","background-type":"","background-media":"","overlay-type":"","overlay-color":"","overlay-opacity":"","overlay-gradient":""}},"ast-content-background-meta":{"desktop":{"background-color":"var(--ast-global-color-5)","background-image":"","background-repeat":"repeat","background-position":"center center","background-size":"auto","background-attachment":"scroll","background-type":"","background-media":"","overlay-type":"","overlay-color":"","overlay-opacity":"","overlay-gradient":""},"tablet":{"background-color":"var(--ast-global-color-5)","background-image":"","background-repeat":"repeat","background-position":"center center","background-size":"auto","background-attachment":"scroll","background-type":"","background-media":"","overlay-type":"","overlay-color":"","overlay-opacity":"","overlay-gradient":""},"mobile":{"background-color":"var(--ast-global-color-5)","background-image":"","background-repeat":"repeat","background-position":"center center","background-size":"auto","background-attachment":"scroll","background-type":"","background-media":"","overlay-type":"","overlay-color":"","overlay-opacity":"","overlay-gradient":""}},"footnotes":""},"class_list":["post-5342","page","type-page","status-publish","hentry"],"post_mailing_queue_ids":[],"_links":{"self":[{"href":"https:\/\/agora.xtec.cat\/ie-elcabreres\/wp-json\/wp\/v2\/pages\/5342","targetHints":{"allow":["GET"]}}],"collection":[{"href":"https:\/\/agora.xtec.cat\/ie-elcabreres\/wp-json\/wp\/v2\/pages"}],"about":[{"href":"https:\/\/agora.xtec.cat\/ie-elcabreres\/wp-json\/wp\/v2\/types\/page"}],"author":[{"embeddable":true,"href":"https:\/\/agora.xtec.cat\/ie-elcabreres\/wp-json\/wp\/v2\/users\/4"}],"replies":[{"embeddable":true,"href":"https:\/\/agora.xtec.cat\/ie-elcabreres\/wp-json\/wp\/v2\/comments?post=5342"}],"version-history":[{"count":6,"href":"https:\/\/agora.xtec.cat\/ie-elcabreres\/wp-json\/wp\/v2\/pages\/5342\/revisions"}],"predecessor-version":[{"id":12452,"href":"https:\/\/agora.xtec.cat\/ie-elcabreres\/wp-json\/wp\/v2\/pages\/5342\/revisions\/12452"}],"up":[{"embeddable":true,"href":"https:\/\/agora.xtec.cat\/ie-elcabreres\/wp-json\/wp\/v2\/pages\/5331"}],"wp:attachment":[{"href":"https:\/\/agora.xtec.cat\/ie-elcabreres\/wp-json\/wp\/v2\/media?parent=5342"}],"curies":[{"name":"wp","href":"https:\/\/api.w.org\/{rel}","templated":true}]}}