{"id":5333,"date":"2021-12-11T16:54:49","date_gmt":"2021-12-11T15:54:49","guid":{"rendered":"https:\/\/agora.xtec.cat\/ie-elcabreres\/?page_id=5333"},"modified":"2022-03-24T10:09:11","modified_gmt":"2022-03-24T09:09:11","slug":"que-es-lafa","status":"publish","type":"page","link":"https:\/\/agora.xtec.cat\/ie-elcabreres\/afa-2\/que-es-lafa\/","title":{"rendered":"Qu\u00e8 \u00e9s l&#8217;Afa?"},"content":{"rendered":"<h2><strong>Qu\u00e8 \u00e9s l&#8217;Afa?<\/strong><\/h2>\n<p><span style=\"font-weight: 400;\">\u00c9s l\u2019associaci\u00f3 de les fam\u00edlies dels i les alumnes de l\u2019escola i de la llar d\u2019infants. S\u2019organitza a trav\u00e9s d\u2019una junta directiva formada per un representant de cada classe. Els pares i les mares de cada grup-classe escullen per votaci\u00f3 una persona representant que formar\u00e0 part d\u2019aquesta junta durant un per\u00edode de 3 anys a l\u2019escola i de 2 anys a la llar. Els cursos en els quals es fan votacions s\u00f3n els de P1, P3, 1r i 4t.<\/span><\/p>\n<p><span style=\"font-weight: 400;\">La Junta t\u00e9 la responsabilitat de promoure els interessos i de gestionar els recursos de l\u2019associaci\u00f3 i de respondre a les q\u00fcestions que es puguin plantejar en relaci\u00f3 a l\u2019educaci\u00f3 dels infants dels dos centres.<\/span><\/p>\n<h3 style=\"text-align: left;\"><\/h3>\n<header class=\"entry-header\">\n<h2 class=\"entry-title\"><strong>Com est\u00e0 organitzada?<\/strong><\/h2>\n<\/header>\n<div class=\"entry-content\">\n<p>Les persones que formen la junta decideixen com es distribueixen les tasques de presid\u00e8ncia, vicepresid\u00e8ncia, secretaria i tresoreria. La Junta Directiva de l\u2019AFA respon davant de l\u2019Assemblea General de l\u2019AFA de la presa de decisions. Una persona de la junta participa en el Consell Escolar de l\u2019escola i una altra en el de la llar d\u2019infants. Els membres de la junta s\u2019organitzen tamb\u00e9 en comissions de treball juntament amb altres mares, pares i mestres.<\/p>\n<\/div>\n<h3 style=\"text-align: left;\"><\/h3>\n<header class=\"entry-header\">\n<h2 class=\"entry-title\"><strong>Qu\u00e8 fa?<\/strong><\/h2>\n<\/header>\n<div class=\"entry-content\">\n<p>L\u2019AFA administra els recursos que aporten els seus associats i realitza les seg\u00fcents tasques:<\/p>\n<ul>\n<li>Cobrament de quotes i dels serveis que ofereix.<\/li>\n<li>Gesti\u00f3 del servei de menjador.<\/li>\n<li>Gesti\u00f3 del servei d\u2019acollida: atenci\u00f3, a partir de 3\/4 de 8, als alumnes, les fam\u00edlies dels quals, necessiten arribar abans a l\u2019escola.<\/li>\n<li>Coordinaci\u00f3 d\u2019activitats extraescolars.<\/li>\n<li>Servei de Logop\u00e8dia i psicologia amb coordinaci\u00f3 amb l\u2019escola.<\/li>\n<li>Organitzaci\u00f3 de la festa de final de curs i altres activitats.<\/li>\n<\/ul>\n<\/div>\n","protected":false},"excerpt":{"rendered":"<p>Qu\u00e8 \u00e9s l&#8217;Afa? \u00c9s l\u2019associaci\u00f3 de les fam\u00edlies dels i les alumnes de l\u2019escola i de la llar d\u2019infants. S\u2019organitza a trav\u00e9s d\u2019una junta directiva formada per un representant de cada classe. Els pares i les mares de cada grup-classe escullen per votaci\u00f3 una persona representant que formar\u00e0 part d\u2019aquesta junta durant un per\u00edode de [&hellip;]<\/p>\n","protected":false},"author":4,"featured_media":0,"parent":5331,"menu_order":1,"comment_status":"closed","ping_status":"closed","template":"","meta":{"_bbp_topic_count":0,"_bbp_reply_count":0,"_bbp_total_topic_count":0,"_bbp_total_reply_count":0,"_bbp_voice_count":0,"_bbp_anonymous_reply_count":0,"_bbp_topic_count_hidden":0,"_bbp_reply_count_hidden":0,"_bbp_forum_subforum_count":0,"site-sidebar-layout":"default","site-content-layout":"","ast-site-content-layout":"","site-content-style":"default","site-sidebar-style":"default","ast-global-header-display":"","ast-banner-title-visibility":"","ast-main-header-display":"","ast-hfb-above-header-display":"","ast-hfb-below-header-display":"","ast-hfb-mobile-header-display":"","site-post-title":"","ast-breadcrumbs-content":"","ast-featured-img":"","footer-sml-layout":"","theme-transparent-header-meta":"","adv-header-id-meta":"","stick-header-meta":"","header-above-stick-meta":"","header-main-stick-meta":"","header-below-stick-meta":"","astra-migrate-meta-layouts":"default","ast-page-background-enabled":"default","ast-page-background-meta":{"desktop":{"background-color":"var(--ast-global-color-4)","background-image":"","background-repeat":"repeat","background-position":"center center","background-size":"auto","background-attachment":"scroll","background-type":"","background-media":"","overlay-type":"","overlay-color":"","overlay-opacity":"","overlay-gradient":""},"tablet":{"background-color":"","background-image":"","background-repeat":"repeat","background-position":"center center","background-size":"auto","background-attachment":"scroll","background-type":"","background-media":"","overlay-type":"","overlay-color":"","overlay-opacity":"","overlay-gradient":""},"mobile":{"background-color":"","background-image":"","background-repeat":"repeat","background-position":"center center","background-size":"auto","background-attachment":"scroll","background-type":"","background-media":"","overlay-type":"","overlay-color":"","overlay-opacity":"","overlay-gradient":""}},"ast-content-background-meta":{"desktop":{"background-color":"var(--ast-global-color-5)","background-image":"","background-repeat":"repeat","background-position":"center center","background-size":"auto","background-attachment":"scroll","background-type":"","background-media":"","overlay-type":"","overlay-color":"","overlay-opacity":"","overlay-gradient":""},"tablet":{"background-color":"var(--ast-global-color-5)","background-image":"","background-repeat":"repeat","background-position":"center center","background-size":"auto","background-attachment":"scroll","background-type":"","background-media":"","overlay-type":"","overlay-color":"","overlay-opacity":"","overlay-gradient":""},"mobile":{"background-color":"var(--ast-global-color-5)","background-image":"","background-repeat":"repeat","background-position":"center center","background-size":"auto","background-attachment":"scroll","background-type":"","background-media":"","overlay-type":"","overlay-color":"","overlay-opacity":"","overlay-gradient":""}},"footnotes":""},"class_list":["post-5333","page","type-page","status-publish","hentry"],"post_mailing_queue_ids":[],"_links":{"self":[{"href":"https:\/\/agora.xtec.cat\/ie-elcabreres\/wp-json\/wp\/v2\/pages\/5333","targetHints":{"allow":["GET"]}}],"collection":[{"href":"https:\/\/agora.xtec.cat\/ie-elcabreres\/wp-json\/wp\/v2\/pages"}],"about":[{"href":"https:\/\/agora.xtec.cat\/ie-elcabreres\/wp-json\/wp\/v2\/types\/page"}],"author":[{"embeddable":true,"href":"https:\/\/agora.xtec.cat\/ie-elcabreres\/wp-json\/wp\/v2\/users\/4"}],"replies":[{"embeddable":true,"href":"https:\/\/agora.xtec.cat\/ie-elcabreres\/wp-json\/wp\/v2\/comments?post=5333"}],"version-history":[{"count":3,"href":"https:\/\/agora.xtec.cat\/ie-elcabreres\/wp-json\/wp\/v2\/pages\/5333\/revisions"}],"predecessor-version":[{"id":6223,"href":"https:\/\/agora.xtec.cat\/ie-elcabreres\/wp-json\/wp\/v2\/pages\/5333\/revisions\/6223"}],"up":[{"embeddable":true,"href":"https:\/\/agora.xtec.cat\/ie-elcabreres\/wp-json\/wp\/v2\/pages\/5331"}],"wp:attachment":[{"href":"https:\/\/agora.xtec.cat\/ie-elcabreres\/wp-json\/wp\/v2\/media?parent=5333"}],"curies":[{"name":"wp","href":"https:\/\/api.w.org\/{rel}","templated":true}]}}

Què és l&#8217;Afa?

<h2><strong>Què és l&#8217;Afa?</strong></h2>
<p><span style="font-weight: 400;">És l’associació de les famílies dels i les alumnes de l’escola i de la llar d’infants. S’organitza a través d’una junta directiva formada per un representant de cada classe. Els pares i les mares de cada grup-classe escullen per votació una persona representant que formarà part d’aquesta junta durant un període de 3 anys a l’escola i de 2 anys a la llar. Els cursos en els quals es fan votacions són els de P1, P3, 1r i 4t.</span></p>
<p><span style="font-weight: 400;">La Junta té la responsabilitat de promoure els interessos i de gestionar els recursos de l’associació i de respondre a les qüestions que es puguin plantejar en relació a l’educació dels infants dels dos centres.</span></p>
<h3 style="text-align: left;"></h3>
<header class="entry-header">
<h2 class="entry-title"><strong>Com està organitzada?</strong></h2>
</header>
<div class="entry-content">
<p>Les persones que formen la junta decideixen com es distribueixen les tasques de presidència, vicepresidència, secretaria i tresoreria. La Junta Directiva de l’AFA respon davant de l’Assemblea General de l’AFA de la presa de decisions. Una persona de la junta participa en el Consell Escolar de l’escola i una altra en el de la llar d’infants. Els membres de la junta s’organitzen també en comissions de treball juntament amb altres mares, pares i mestres.</p>
</div>
<h3 style="text-align: left;"></h3>
<header class="entry-header">
<h2 class="entry-title"><strong>Què fa?</strong></h2>
</header>
<div class="entry-content">
<p>L’AFA administra els recursos que aporten els seus associats i realitza les següents tasques:</p>
<ul>
<li>Cobrament de quotes i dels serveis que ofereix.</li>
<li>Gestió del servei de menjador.</li>
<li>Gestió del servei d’acollida: atenció, a partir de 3/4 de 8, als alumnes, les famílies dels quals, necessiten arribar abans a l’escola.</li>
<li>Coordinació d’activitats extraescolars.</li>
<li>Servei de Logopèdia i psicologia amb coordinació amb l’escola.</li>
<li>Organització de la festa de final de curs i altres activitats.</li>
</ul>
</div>

<p>Què és l&#8217;Afa? És l’associació de les famílies dels i les alumnes de l’escola i de la llar d’infants. S’organitza a través d’una junta directiva formada per un representant de cada classe. Els pares i les mares de cada grup-classe escullen per votació una persona representant que formarà part d’aquesta junta durant un període de [&hellip;]</p>
