{"id":504,"date":"2020-07-06T12:22:34","date_gmt":"2020-07-06T10:22:34","guid":{"rendered":"https:\/\/agora.xtec.cat\/ie-elcabreres\/?page_id=504"},"modified":"2024-03-05T13:20:21","modified_gmt":"2024-03-05T12:20:21","slug":"consell-escolar","status":"publish","type":"page","link":"https:\/\/agora.xtec.cat\/ie-elcabreres\/lescola\/qui-som\/consell-escolar\/","title":{"rendered":"Consell Escolar"},"content":{"rendered":"<p><span style=\"font-weight: 400;\">Presidenta:<\/span> Esther Dalmau Palomar<\/p>\n<p><span style=\"font-weight: 400;\">Secret\u00e0ria: Mireia Mota Canal<\/span><\/p>\n<p><span style=\"font-weight: 400;\">Cap d&#8217;estudis: Ia Camps Canela<\/span><\/p>\n<p><span style=\"font-weight: 400;\">Sector mestres:<\/span><\/p>\n<ul>\n<li style=\"font-weight: 400;\">Cristina Bertran Prat<\/li>\n<li style=\"font-weight: 400;\">Alba Parareda pallar\u00e8s<\/li>\n<li style=\"font-weight: 400;\"><span style=\"font-weight: 400;\">M\u00f2nica Pons Camps<\/span><\/li>\n<li style=\"font-weight: 400;\">\u00cdngrid Colom Garcia<\/li>\n<li>Oriol Cirera Vall<\/li>\n<\/ul>\n<p><span style=\"font-weight: 400;\">Sector fam\u00edlies:<\/span><\/p>\n<ul>\n<li style=\"font-weight: 400;\"><span style=\"font-weight: 400;\">Ada Rierola Autet<\/span><\/li>\n<li style=\"font-weight: 400;\">Mariona Gran\u00e9 Bruch<\/li>\n<li style=\"font-weight: 400;\">Gemma Dalmau Palomar<\/li>\n<li style=\"font-weight: 400;\"><span style=\"font-weight: 400;\">Albert Crespi Coll<\/span><\/li>\n<\/ul>\n<p><span style=\"font-weight: 400;\">Representant de l&#8217;Ajuntament:<\/span><\/p>\n<ul>\n<li style=\"font-weight: 400;\"><span style=\"font-weight: 400;\">\u00c0lex Montany\u00e0 Rif\u00e0<\/span><\/li>\n<\/ul>\n<p><span style=\"font-weight: 400;\">Representant AFA:<\/span><\/p>\n<ul>\n<li style=\"font-weight: 400;\"><span style=\"font-weight: 400;\">Eva Andreu Quiles<\/span><\/li>\n<\/ul>\n<p><span style=\"font-weight: 400;\">Representant PAS:<\/span><\/p>\n<ul>\n<li style=\"font-weight: 400;\"><span style=\"font-weight: 400;\">Judit Serradell Pons<\/span><\/li>\n<\/ul>\n","protected":false},"excerpt":{"rendered":"<p>Presidenta: Esther Dalmau Palomar Secret\u00e0ria: Mireia Mota Canal Cap d&#8217;estudis: Ia Camps Canela Sector mestres: Cristina Bertran Prat Alba Parareda pallar\u00e8s M\u00f2nica Pons Camps \u00cdngrid Colom Garcia Oriol Cirera Vall Sector fam\u00edlies: Ada Rierola Autet Mariona Gran\u00e9 Bruch Gemma Dalmau Palomar Albert Crespi Coll Representant de l&#8217;Ajuntament: \u00c0lex Montany\u00e0 Rif\u00e0 Representant AFA: Eva Andreu Quiles [&hellip;]<\/p>\n","protected":false},"author":4,"featured_media":0,"parent":500,"menu_order":12,"comment_status":"closed","ping_status":"closed","template":"page-templates\/side-menu.php","meta":{"_bbp_topic_count":0,"_bbp_reply_count":0,"_bbp_total_topic_count":0,"_bbp_total_reply_count":0,"_bbp_voice_count":0,"_bbp_anonymous_reply_count":0,"_bbp_topic_count_hidden":0,"_bbp_reply_count_hidden":0,"_bbp_forum_subforum_count":0,"site-sidebar-layout":"default","site-content-layout":"","ast-site-content-layout":"","site-content-style":"default","site-sidebar-style":"default","ast-global-header-display":"","ast-banner-title-visibility":"","ast-main-header-display":"","ast-hfb-above-header-display":"","ast-hfb-below-header-display":"","ast-hfb-mobile-header-display":"","site-post-title":"","ast-breadcrumbs-content":"","ast-featured-img":"","footer-sml-layout":"","theme-transparent-header-meta":"","adv-header-id-meta":"","stick-header-meta":"","header-above-stick-meta":"","header-main-stick-meta":"","header-below-stick-meta":"","astra-migrate-meta-layouts":"default","ast-page-background-enabled":"default","ast-page-background-meta":{"desktop":{"background-color":"var(--ast-global-color-4)","background-image":"","background-repeat":"repeat","background-position":"center center","background-size":"auto","background-attachment":"scroll","background-type":"","background-media":"","overlay-type":"","overlay-color":"","overlay-opacity":"","overlay-gradient":""},"tablet":{"background-color":"","background-image":"","background-repeat":"repeat","background-position":"center center","background-size":"auto","background-attachment":"scroll","background-type":"","background-media":"","overlay-type":"","overlay-color":"","overlay-opacity":"","overlay-gradient":""},"mobile":{"background-color":"","background-image":"","background-repeat":"repeat","background-position":"center center","background-size":"auto","background-attachment":"scroll","background-type":"","background-media":"","overlay-type":"","overlay-color":"","overlay-opacity":"","overlay-gradient":""}},"ast-content-background-meta":{"desktop":{"background-color":"var(--ast-global-color-5)","background-image":"","background-repeat":"repeat","background-position":"center center","background-size":"auto","background-attachment":"scroll","background-type":"","background-media":"","overlay-type":"","overlay-color":"","overlay-opacity":"","overlay-gradient":""},"tablet":{"background-color":"var(--ast-global-color-5)","background-image":"","background-repeat":"repeat","background-position":"center center","background-size":"auto","background-attachment":"scroll","background-type":"","background-media":"","overlay-type":"","overlay-color":"","overlay-opacity":"","overlay-gradient":""},"mobile":{"background-color":"var(--ast-global-color-5)","background-image":"","background-repeat":"repeat","background-position":"center center","background-size":"auto","background-attachment":"scroll","background-type":"","background-media":"","overlay-type":"","overlay-color":"","overlay-opacity":"","overlay-gradient":""}},"footnotes":""},"class_list":["post-504","page","type-page","status-publish","hentry"],"post_mailing_queue_ids":[],"_links":{"self":[{"href":"https:\/\/agora.xtec.cat\/ie-elcabreres\/wp-json\/wp\/v2\/pages\/504","targetHints":{"allow":["GET"]}}],"collection":[{"href":"https:\/\/agora.xtec.cat\/ie-elcabreres\/wp-json\/wp\/v2\/pages"}],"about":[{"href":"https:\/\/agora.xtec.cat\/ie-elcabreres\/wp-json\/wp\/v2\/types\/page"}],"author":[{"embeddable":true,"href":"https:\/\/agora.xtec.cat\/ie-elcabreres\/wp-json\/wp\/v2\/users\/4"}],"replies":[{"embeddable":true,"href":"https:\/\/agora.xtec.cat\/ie-elcabreres\/wp-json\/wp\/v2\/comments?post=504"}],"version-history":[{"count":5,"href":"https:\/\/agora.xtec.cat\/ie-elcabreres\/wp-json\/wp\/v2\/pages\/504\/revisions"}],"predecessor-version":[{"id":10131,"href":"https:\/\/agora.xtec.cat\/ie-elcabreres\/wp-json\/wp\/v2\/pages\/504\/revisions\/10131"}],"up":[{"embeddable":true,"href":"https:\/\/agora.xtec.cat\/ie-elcabreres\/wp-json\/wp\/v2\/pages\/500"}],"wp:attachment":[{"href":"https:\/\/agora.xtec.cat\/ie-elcabreres\/wp-json\/wp\/v2\/media?parent=504"}],"curies":[{"name":"wp","href":"https:\/\/api.w.org\/{rel}","templated":true}]}}

<p><span style="font-weight: 400;">Presidenta:</span> Esther Dalmau Palomar</p>
<p><span style="font-weight: 400;">Secretària: Mireia Mota Canal</span></p>
<p><span style="font-weight: 400;">Cap d&#8217;estudis: Ia Camps Canela</span></p>
<p><span style="font-weight: 400;">Sector mestres:</span></p>
<ul>
<li style="font-weight: 400;">Cristina Bertran Prat</li>
<li style="font-weight: 400;">Alba Parareda pallarès</li>
<li style="font-weight: 400;"><span style="font-weight: 400;">Mònica Pons Camps</span></li>
<li style="font-weight: 400;">Íngrid Colom Garcia</li>
<li>Oriol Cirera Vall</li>
</ul>
<p><span style="font-weight: 400;">Sector famílies:</span></p>
<ul>
<li style="font-weight: 400;"><span style="font-weight: 400;">Ada Rierola Autet</span></li>
<li style="font-weight: 400;">Mariona Grané Bruch</li>
<li style="font-weight: 400;">Gemma Dalmau Palomar</li>
<li style="font-weight: 400;"><span style="font-weight: 400;">Albert Crespi Coll</span></li>
</ul>
<p><span style="font-weight: 400;">Representant de l&#8217;Ajuntament:</span></p>
<ul>
<li style="font-weight: 400;"><span style="font-weight: 400;">Àlex Montanyà Rifà</span></li>
</ul>
<p><span style="font-weight: 400;">Representant AFA:</span></p>
<ul>
<li style="font-weight: 400;"><span style="font-weight: 400;">Eva Andreu Quiles</span></li>
</ul>
<p><span style="font-weight: 400;">Representant PAS:</span></p>
<ul>
<li style="font-weight: 400;"><span style="font-weight: 400;">Judit Serradell Pons</span></li>
</ul>

<p>Presidenta: Esther Dalmau Palomar Secretària: Mireia Mota Canal Cap d&#8217;estudis: Ia Camps Canela Sector mestres: Cristina Bertran Prat Alba Parareda pallarès Mònica Pons Camps Íngrid Colom Garcia Oriol Cirera Vall Sector famílies: Ada Rierola Autet Mariona Grané Bruch Gemma Dalmau Palomar Albert Crespi Coll Representant de l&#8217;Ajuntament: Àlex Montanyà Rifà Representant AFA: Eva Andreu Quiles [&hellip;]</p>
