{"id":4558,"date":"2021-07-02T12:51:22","date_gmt":"2021-07-02T10:51:22","guid":{"rendered":"https:\/\/agora.xtec.cat\/ie-elcabreres\/?page_id=4558"},"modified":"2021-07-02T12:56:29","modified_gmt":"2021-07-02T10:56:29","slug":"dolmen-de-puigsespedres","status":"publish","type":"page","link":"https:\/\/agora.xtec.cat\/ie-elcabreres\/dolmen-de-puigsespedres\/","title":{"rendered":"DOLMEN DE PUIGSESPEDRES"},"content":{"rendered":"<section id=\"h.7f84dcd0c07c243f_277\">\n<div tabindex=\"-1\">\n<table>\n<tbody>\n<tr>\n<td><a href=\"https:\/\/agora.xtec.cat\/ie-elcabreres\/wp-content\/uploads\/usu2186\/2021\/07\/dolmen1.jpg\"><img loading=\"lazy\" decoding=\"async\" src=\"https:\/\/agora.xtec.cat\/ie-elcabreres\/wp-content\/uploads\/usu2186\/2021\/07\/dolmen1.jpg\" alt=\"\" width=\"307\" height=\"173\" \/><\/a><\/td>\n<td><a href=\"https:\/\/agora.xtec.cat\/ie-elcabreres\/wp-content\/uploads\/usu2186\/2021\/07\/dolmen2.jpg\"><img loading=\"lazy\" decoding=\"async\" src=\"https:\/\/agora.xtec.cat\/ie-elcabreres\/wp-content\/uploads\/usu2186\/2021\/07\/dolmen2.jpg\" alt=\"\" width=\"318\" height=\"180\" \/><\/a><\/td>\n<td><a href=\"https:\/\/agora.xtec.cat\/ie-elcabreres\/wp-content\/uploads\/usu2186\/2021\/07\/dolmen3.jpg\"><img loading=\"lazy\" decoding=\"async\" src=\"https:\/\/agora.xtec.cat\/ie-elcabreres\/wp-content\/uploads\/usu2186\/2021\/07\/dolmen3.jpg\" alt=\"\" width=\"320\" height=\"179\" \/><\/a><\/td>\n<td><a href=\"https:\/\/agora.xtec.cat\/ie-elcabreres\/wp-content\/uploads\/usu2186\/2021\/07\/dolmen4.jpg\"><img loading=\"lazy\" decoding=\"async\" src=\"https:\/\/agora.xtec.cat\/ie-elcabreres\/wp-content\/uploads\/usu2186\/2021\/07\/dolmen4.jpg\" alt=\"\" width=\"225\" height=\"177\" \/><\/a><\/td>\n<\/tr>\n<tr>\n<td>Aquestes s\u00f3n les pedres m\u00e9s grans del dolmen.<\/td>\n<td>Antigament aqu\u00ed hi havien restes humanes, pells i armes.<\/td>\n<td>El dolmen es troba envoltat d&#8217;arbres.<\/td>\n<td>Estat actual.<\/td>\n<\/tr>\n<\/tbody>\n<\/table>\n<div style=\"width: 640px;\" class=\"wp-video\"><!--[if lt IE 9]><script>document.createElement('video');<\/script><![endif]-->\n<video class=\"wp-video-shortcode\" id=\"video-4558-1\" width=\"640\" height=\"360\" preload=\"metadata\" controls=\"controls\"><source type=\"video\/mp4\" src=\"https:\/\/agora.xtec.cat\/ie-elcabreres\/wp-content\/uploads\/usu2186\/2021\/07\/PROJECTE-QR-Dolmen-de-Puigsespedres.mp4?_=1\" \/><a href=\"https:\/\/agora.xtec.cat\/ie-elcabreres\/wp-content\/uploads\/usu2186\/2021\/07\/PROJECTE-QR-Dolmen-de-Puigsespedres.mp4\">https:\/\/agora.xtec.cat\/ie-elcabreres\/wp-content\/uploads\/usu2186\/2021\/07\/PROJECTE-QR-Dolmen-de-Puigsespedres.mp4<\/a><\/video><\/div>\n<hr \/>\n<p><a href=\"https:\/\/agora.xtec.cat\/ie-elcabreres\/wp-content\/uploads\/usu2186\/2021\/07\/cat.jpg\"><img loading=\"lazy\" decoding=\"async\" src=\"https:\/\/agora.xtec.cat\/ie-elcabreres\/wp-content\/uploads\/usu2186\/2021\/07\/cat.jpg\" alt=\"\" width=\"70\" height=\"45\" \/><\/a><\/p>\n<div id=\"h.p_ChcPAMLxXPD2\"><\/div>\n<p id=\"h.p_ChcPAMLxXPD2\" dir=\"ltr\">El Dolmen de Puigsespedres, est\u00e0 al costat del tur\u00f3 de Puigsespedres, \u00e9s aprop del cam\u00ed Ral de Vic a Olot a un 1 km del poble de L&#8217;Esquirol.<\/p>\n<p dir=\"ltr\">\u00c9s un dolmen descobert al 1920. \u00c9s una tomba de l\u2019edat de pedra.<\/p>\n<p dir=\"ltr\">A vegades es troben algunes dents i restes d\u2019ossos. Es van trobar un esquelet, uns gerros i algunes armes amb fundes de pells d\u2019animals.<\/p>\n<p dir=\"ltr\">\u00c9s del per\u00edode neol\u00edtic, entre el 2100-1500 ac.<\/p>\n<p dir=\"ltr\">El dolmen de Puigsespedres son les restes arqueol\u00f2giques m\u00e9s antigues de la nostra zona.<\/p>\n<\/div>\n<\/section>\n<div>\n<hr \/>\n<p><a href=\"https:\/\/agora.xtec.cat\/ie-elcabreres\/wp-content\/uploads\/usu2186\/2021\/07\/CAS.jpg\"><img loading=\"lazy\" decoding=\"async\" src=\"https:\/\/agora.xtec.cat\/ie-elcabreres\/wp-content\/uploads\/usu2186\/2021\/07\/CAS.jpg\" alt=\"\" width=\"77\" height=\"48\" \/><\/a><\/p>\n<\/div>\n<div>\n<div tabindex=\"-1\">\n<div id=\"h.7f84dcd0c07c243f_284\">\n<div id=\"h.p_ElddeLJMVxds\"><\/div>\n<p id=\"h.p_ElddeLJMVxds\" dir=\"ltr\">El Dolmen de Puigsespedres est\u00e1 al lado de la peque\u00f1a colina de Puigsespedres. Est\u00e1 cerca del Cam\u00ed ral de Vic a Olot a 1km del pueblo del L&#8217;Esquirol.<\/p>\n<p dir=\"ltr\">Se trata de un dolmen excavado el 1920. Es una tumba de la edad de piedra.<\/p>\n<p dir=\"ltr\">A veces se encuentran algunos dientes y restos de huesos. Se encontraron un esqueleto, unos recipientes, algunas armas con fundas de pieles de animales.<\/p>\n<p dir=\"ltr\">Es del periodo neol\u00edtico, entre el 2100-1500 ac.<\/p>\n<p dir=\"ltr\">El dolmen de Puigsespedres son los restos arqueol\u00f3gicos m\u00e1s antiguos de nuestra zona.<\/p>\n<section id=\"h.7f84dcd0c07c243f_285\">\n<div><\/div>\n<\/section>\n<div id=\"h.p_H1aRRqsyVxdx\">\n<hr \/>\n<p><a href=\"https:\/\/agora.xtec.cat\/ie-elcabreres\/wp-content\/uploads\/usu2186\/2021\/07\/ENG.jpg\"><img loading=\"lazy\" decoding=\"async\" src=\"https:\/\/agora.xtec.cat\/ie-elcabreres\/wp-content\/uploads\/usu2186\/2021\/07\/ENG.jpg\" alt=\"\" width=\"76\" height=\"40\" \/><\/a><\/p>\n<\/div>\n<h3 id=\"h.p_H1aRRqsyVxdx\" dir=\"ltr\"><\/h3>\n<\/div>\n<\/div>\n<\/div>\n<section id=\"h.7f84dcd0c07c243f_285\">\n<div>\n<div tabindex=\"-1\">\n<div>\n<div>\n<div>\n<div>\n<div id=\"h.7f84dcd0c07c243f_288\">\n<div>\n<div>\n<p id=\"h.p_vNQEByIkYC5-\" dir=\"ltr\">The Dolmen of Puigsespedres, next to the Puigsespedres hill, is close to the cam\u00ed ral from Vic to Olot, 1km away from the village of Esquirol.<\/p>\n<p dir=\"ltr\">It is a dolmen excavated in 1920. It is a tombstone of stoneage.<\/p>\n<p dir=\"ltr\">Some times there are some teeth and remains of bones. They found a skeleton, some vases and some weapons with animal skins.<\/p>\n<p dir=\"ltr\">Located at the exit of the Esquirol towards Cantonigr\u00f2s along the path of Vic to Olot, it is from the Neolithic period.<\/p>\n<\/div>\n<\/div>\n<\/div>\n<\/div>\n<\/div>\n<\/div>\n<\/div>\n<\/div>\n<\/div>\n<\/section>\n","protected":false},"excerpt":{"rendered":"<p>Aquestes s\u00f3n les pedres m\u00e9s grans del dolmen. Antigament aqu\u00ed hi havien restes humanes, pells i armes. El dolmen es troba envoltat d&#8217;arbres. Estat actual. El Dolmen de Puigsespedres, est\u00e0 al costat del tur\u00f3 de Puigsespedres, \u00e9s aprop del cam\u00ed Ral de Vic a Olot a un 1 km del poble de L&#8217;Esquirol. \u00c9s un [&hellip;]<\/p>\n","protected":false},"author":6,"featured_media":0,"parent":0,"menu_order":0,"comment_status":"closed","ping_status":"closed","template":"","meta":{"_bbp_topic_count":0,"_bbp_reply_count":0,"_bbp_total_topic_count":0,"_bbp_total_reply_count":0,"_bbp_voice_count":0,"_bbp_anonymous_reply_count":0,"_bbp_topic_count_hidden":0,"_bbp_reply_count_hidden":0,"_bbp_forum_subforum_count":0,"site-sidebar-layout":"default","site-content-layout":"","ast-site-content-layout":"","site-content-style":"default","site-sidebar-style":"default","ast-global-header-display":"","ast-banner-title-visibility":"","ast-main-header-display":"","ast-hfb-above-header-display":"","ast-hfb-below-header-display":"","ast-hfb-mobile-header-display":"","site-post-title":"","ast-breadcrumbs-content":"","ast-featured-img":"","footer-sml-layout":"","theme-transparent-header-meta":"","adv-header-id-meta":"","stick-header-meta":"","header-above-stick-meta":"","header-main-stick-meta":"","header-below-stick-meta":"","astra-migrate-meta-layouts":"default","ast-page-background-enabled":"default","ast-page-background-meta":{"desktop":{"background-color":"var(--ast-global-color-4)","background-image":"","background-repeat":"repeat","background-position":"center center","background-size":"auto","background-attachment":"scroll","background-type":"","background-media":"","overlay-type":"","overlay-color":"","overlay-opacity":"","overlay-gradient":""},"tablet":{"background-color":"","background-image":"","background-repeat":"repeat","background-position":"center center","background-size":"auto","background-attachment":"scroll","background-type":"","background-media":"","overlay-type":"","overlay-color":"","overlay-opacity":"","overlay-gradient":""},"mobile":{"background-color":"","background-image":"","background-repeat":"repeat","background-position":"center center","background-size":"auto","background-attachment":"scroll","background-type":"","background-media":"","overlay-type":"","overlay-color":"","overlay-opacity":"","overlay-gradient":""}},"ast-content-background-meta":{"desktop":{"background-color":"var(--ast-global-color-5)","background-image":"","background-repeat":"repeat","background-position":"center center","background-size":"auto","background-attachment":"scroll","background-type":"","background-media":"","overlay-type":"","overlay-color":"","overlay-opacity":"","overlay-gradient":""},"tablet":{"background-color":"var(--ast-global-color-5)","background-image":"","background-repeat":"repeat","background-position":"center center","background-size":"auto","background-attachment":"scroll","background-type":"","background-media":"","overlay-type":"","overlay-color":"","overlay-opacity":"","overlay-gradient":""},"mobile":{"background-color":"var(--ast-global-color-5)","background-image":"","background-repeat":"repeat","background-position":"center center","background-size":"auto","background-attachment":"scroll","background-type":"","background-media":"","overlay-type":"","overlay-color":"","overlay-opacity":"","overlay-gradient":""}},"footnotes":""},"class_list":["post-4558","page","type-page","status-publish","hentry"],"post_mailing_queue_ids":[],"_links":{"self":[{"href":"https:\/\/agora.xtec.cat\/ie-elcabreres\/wp-json\/wp\/v2\/pages\/4558","targetHints":{"allow":["GET"]}}],"collection":[{"href":"https:\/\/agora.xtec.cat\/ie-elcabreres\/wp-json\/wp\/v2\/pages"}],"about":[{"href":"https:\/\/agora.xtec.cat\/ie-elcabreres\/wp-json\/wp\/v2\/types\/page"}],"author":[{"embeddable":true,"href":"https:\/\/agora.xtec.cat\/ie-elcabreres\/wp-json\/wp\/v2\/users\/6"}],"replies":[{"embeddable":true,"href":"https:\/\/agora.xtec.cat\/ie-elcabreres\/wp-json\/wp\/v2\/comments?post=4558"}],"version-history":[{"count":3,"href":"https:\/\/agora.xtec.cat\/ie-elcabreres\/wp-json\/wp\/v2\/pages\/4558\/revisions"}],"predecessor-version":[{"id":4571,"href":"https:\/\/agora.xtec.cat\/ie-elcabreres\/wp-json\/wp\/v2\/pages\/4558\/revisions\/4571"}],"wp:attachment":[{"href":"https:\/\/agora.xtec.cat\/ie-elcabreres\/wp-json\/wp\/v2\/media?parent=4558"}],"curies":[{"name":"wp","href":"https:\/\/api.w.org\/{rel}","templated":true}]}}

<section id="h.7f84dcd0c07c243f_277">
<div tabindex="-1">
<table>
<tbody>
<tr>
<td><a href="https://agora.xtec.cat/ie-elcabreres/wp-content/uploads/usu2186/2021/07/dolmen1.jpg"><img loading="lazy" decoding="async" src="https://agora.xtec.cat/ie-elcabreres/wp-content/uploads/usu2186/2021/07/dolmen1.jpg" alt="" width="307" height="173" /></a></td>
<td><a href="https://agora.xtec.cat/ie-elcabreres/wp-content/uploads/usu2186/2021/07/dolmen2.jpg"><img loading="lazy" decoding="async" src="https://agora.xtec.cat/ie-elcabreres/wp-content/uploads/usu2186/2021/07/dolmen2.jpg" alt="" width="318" height="180" /></a></td>
<td><a href="https://agora.xtec.cat/ie-elcabreres/wp-content/uploads/usu2186/2021/07/dolmen3.jpg"><img loading="lazy" decoding="async" src="https://agora.xtec.cat/ie-elcabreres/wp-content/uploads/usu2186/2021/07/dolmen3.jpg" alt="" width="320" height="179" /></a></td>
<td><a href="https://agora.xtec.cat/ie-elcabreres/wp-content/uploads/usu2186/2021/07/dolmen4.jpg"><img loading="lazy" decoding="async" src="https://agora.xtec.cat/ie-elcabreres/wp-content/uploads/usu2186/2021/07/dolmen4.jpg" alt="" width="225" height="177" /></a></td>
</tr>
<tr>
<td>Aquestes són les pedres més grans del dolmen.</td>
<td>Antigament aquí hi havien restes humanes, pells i armes.</td>
<td>El dolmen es troba envoltat d&#8217;arbres.</td>
<td>Estat actual.</td>
</tr>
</tbody>
</table>
<div style="width: 640px;" class="wp-video"><!--[if lt IE 9]><script>document.createElement('video');</script><![endif]-->
<video class="wp-video-shortcode" id="video-4558-1" width="640" height="360" preload="metadata" controls="controls"><source type="video/mp4" src="https://agora.xtec.cat/ie-elcabreres/wp-content/uploads/usu2186/2021/07/PROJECTE-QR-Dolmen-de-Puigsespedres.mp4?_=1" /><a href="https://agora.xtec.cat/ie-elcabreres/wp-content/uploads/usu2186/2021/07/PROJECTE-QR-Dolmen-de-Puigsespedres.mp4">https://agora.xtec.cat/ie-elcabreres/wp-content/uploads/usu2186/2021/07/PROJECTE-QR-Dolmen-de-Puigsespedres.mp4</a></video></div>
<hr />
<p><a href="https://agora.xtec.cat/ie-elcabreres/wp-content/uploads/usu2186/2021/07/cat.jpg"><img loading="lazy" decoding="async" src="https://agora.xtec.cat/ie-elcabreres/wp-content/uploads/usu2186/2021/07/cat.jpg" alt="" width="70" height="45" /></a></p>
<div id="h.p_ChcPAMLxXPD2"></div>
<p id="h.p_ChcPAMLxXPD2" dir="ltr">El Dolmen de Puigsespedres, està al costat del turó de Puigsespedres, és aprop del camí Ral de Vic a Olot a un 1 km del poble de L&#8217;Esquirol.</p>
<p dir="ltr">És un dolmen descobert al 1920. És una tomba de l’edat de pedra.</p>
<p dir="ltr">A vegades es troben algunes dents i restes d’ossos. Es van trobar un esquelet, uns gerros i algunes armes amb fundes de pells d’animals.</p>
<p dir="ltr">És del període neolític, entre el 2100-1500 ac.</p>
<p dir="ltr">El dolmen de Puigsespedres son les restes arqueològiques més antigues de la nostra zona.</p>
</div>
</section>
<div>
<hr />
<p><a href="https://agora.xtec.cat/ie-elcabreres/wp-content/uploads/usu2186/2021/07/CAS.jpg"><img loading="lazy" decoding="async" src="https://agora.xtec.cat/ie-elcabreres/wp-content/uploads/usu2186/2021/07/CAS.jpg" alt="" width="77" height="48" /></a></p>
</div>
<div>
<div tabindex="-1">
<div id="h.7f84dcd0c07c243f_284">
<div id="h.p_ElddeLJMVxds"></div>
<p id="h.p_ElddeLJMVxds" dir="ltr">El Dolmen de Puigsespedres está al lado de la pequeña colina de Puigsespedres. Está cerca del Camí ral de Vic a Olot a 1km del pueblo del L&#8217;Esquirol.</p>
<p dir="ltr">Se trata de un dolmen excavado el 1920. Es una tumba de la edad de piedra.</p>
<p dir="ltr">A veces se encuentran algunos dientes y restos de huesos. Se encontraron un esqueleto, unos recipientes, algunas armas con fundas de pieles de animales.</p>
<p dir="ltr">Es del periodo neolítico, entre el 2100-1500 ac.</p>
<p dir="ltr">El dolmen de Puigsespedres son los restos arqueológicos más antiguos de nuestra zona.</p>
<section id="h.7f84dcd0c07c243f_285">
<div></div>
</section>
<div id="h.p_H1aRRqsyVxdx">
<hr />
<p><a href="https://agora.xtec.cat/ie-elcabreres/wp-content/uploads/usu2186/2021/07/ENG.jpg"><img loading="lazy" decoding="async" src="https://agora.xtec.cat/ie-elcabreres/wp-content/uploads/usu2186/2021/07/ENG.jpg" alt="" width="76" height="40" /></a></p>
</div>
<h3 id="h.p_H1aRRqsyVxdx" dir="ltr"></h3>
</div>
</div>
</div>
<section id="h.7f84dcd0c07c243f_285">
<div>
<div tabindex="-1">
<div>
<div>
<div>
<div>
<div id="h.7f84dcd0c07c243f_288">
<div>
<div>
<p id="h.p_vNQEByIkYC5-" dir="ltr">The Dolmen of Puigsespedres, next to the Puigsespedres hill, is close to the camí ral from Vic to Olot, 1km away from the village of Esquirol.</p>
<p dir="ltr">It is a dolmen excavated in 1920. It is a tombstone of stoneage.</p>
<p dir="ltr">Some times there are some teeth and remains of bones. They found a skeleton, some vases and some weapons with animal skins.</p>
<p dir="ltr">Located at the exit of the Esquirol towards Cantonigròs along the path of Vic to Olot, it is from the Neolithic period.</p>
</div>
</div>
</div>
</div>
</div>
</div>
</div>
</div>
</div>
</section>

<p>Aquestes són les pedres més grans del dolmen. Antigament aquí hi havien restes humanes, pells i armes. El dolmen es troba envoltat d&#8217;arbres. Estat actual. El Dolmen de Puigsespedres, està al costat del turó de Puigsespedres, és aprop del camí Ral de Vic a Olot a un 1 km del poble de L&#8217;Esquirol. És un [&hellip;]</p>
