{"id":24,"date":"2014-09-18T12:23:15","date_gmt":"2014-09-18T11:23:15","guid":{"rendered":"http:\/\/agora.xtec.cat\/ie-elcabreres\/?page_id=24"},"modified":"2026-03-03T13:38:56","modified_gmt":"2026-03-03T12:38:56","slug":"on-som","status":"publish","type":"page","link":"https:\/\/agora.xtec.cat\/ie-elcabreres\/lescola\/on-som\/","title":{"rendered":"On som"},"content":{"rendered":"<p style=\"color: #666666;\"><strong>Institut Escola El Cabrer\u00e8s<\/strong><br \/>\n<span class=\"street-address\">Passeig del Pedr\u00f3, 11<\/span><br \/>\n<span class=\"postal-code\">08511<\/span>\u00a0<span class=\"locality\">L\u2019Esquirol<\/span><\/p>\n<div class=\"tel\">93 856 80 80<\/div>\n<div><\/div>\n<div class=\"tel\">elcabreres@elcabreres.cat<\/div>\n<div><\/div>\n<div><\/div>\n<p><iframe loading=\"lazy\" src=\"https:\/\/www.google.com\/maps\/embed?pb=!1m18!1m12!1m3!1d2963.560522786564!2d2.3659475154459306!3d42.03115937921042!2m3!1f0!2f0!3f0!3m2!1i1024!2i768!4f13.1!3m3!1m2!1s0x12a52e6c5b91fcd7%3A0xecaebda585711526!2sPasseig%20del%20Pedr%C3%B3%2C%2011%2C%2008511%20Santa%20Maria%20de%20Corc%C3%B3%2C%20Barcelona!5e0!3m2!1sca!2ses!4v1594314540432!5m2!1sca!2ses\" width=\"600\" height=\"450\" frameborder=\"0\" aria-hidden=\"false\"><\/iframe><\/p>\n<div>\n<p><span style=\"font-weight: 400;\">El poble de L&#8217;Esquirol est\u00e0 situat a la comarca d&#8217;Osona, al Nord-Est de la Plana de Vic, a 90 km de la ciutat de Barcelona i a 18 km de Vic.<\/span><\/p>\n<p><span style=\"font-weight: 400;\">El nostre poble t\u00e9 una extensi\u00f3 de 68 km2, una altitud de 693 m sobre el nivell del mar i una poblaci\u00f3 d&#8217;uns 2000 habitants.<\/span><\/p>\n<p><span style=\"font-weight: 400;\">Dins el municipi hi trobem -a m\u00e9s del nucli de L&#8217;Esquirol- el de Sant Mart\u00ed Sescorts, el de Sant Juli\u00e0 de Cabrera i el de Cantonigr\u00f2s.<\/span><\/p>\n<p><span style=\"font-weight: 400;\">\u00a0<\/span><span style=\"font-weight: 400;\">Des de l&#8217;escola veiem la Serralada de Cabrera i el Pla d&#8217;Aiats, el Montseny, el Pedraforca, Bellmunt i la Plana de Vic.<\/span><\/p>\n<p><span style=\"font-weight: 400;\">Molt a prop tenim el pont rom\u00e0nic, el cam\u00ed ral de Vic a Olot, el Dolmen de Puigsespedres, la Font de l&#8217;Escudella, la riera de les Gorgues i la Pollancreda. <\/span><\/p>\n<\/div>\n<div><span style=\"color: #000000; font-family: arial, sans-serif; font-size: medium;\">\u00a0<\/span><\/div>\n<div><span style=\"color: #000000; font-family: arial, sans-serif; font-size: medium;\">\u00a0<\/span><\/div>\n<div>\n<div>\n<div>\n<div><\/div>\n<\/div>\n<\/div>\n<\/div>\n<p>&nbsp;<\/p>\n","protected":false},"excerpt":{"rendered":"<p>Institut Escola El Cabrer\u00e8s Passeig del Pedr\u00f3, 11 08511\u00a0L\u2019Esquirol 93 856 80 80 elcabreres@elcabreres.cat El poble de L&#8217;Esquirol est\u00e0 situat a la comarca d&#8217;Osona, al Nord-Est de la Plana de Vic, a 90 km de la ciutat de Barcelona i a 18 km de Vic. El nostre poble t\u00e9 una extensi\u00f3 de 68 km2, una [&hellip;]<\/p>\n","protected":false},"author":1,"featured_media":0,"parent":22,"menu_order":20,"comment_status":"closed","ping_status":"closed","template":"","meta":{"_bbp_topic_count":0,"_bbp_reply_count":0,"_bbp_total_topic_count":0,"_bbp_total_reply_count":0,"_bbp_voice_count":0,"_bbp_anonymous_reply_count":0,"_bbp_topic_count_hidden":0,"_bbp_reply_count_hidden":0,"_bbp_forum_subforum_count":0,"site-sidebar-layout":"default","site-content-layout":"","ast-site-content-layout":"default","site-content-style":"default","site-sidebar-style":"default","ast-global-header-display":"","ast-banner-title-visibility":"","ast-main-header-display":"","ast-hfb-above-header-display":"","ast-hfb-below-header-display":"","ast-hfb-mobile-header-display":"","site-post-title":"","ast-breadcrumbs-content":"","ast-featured-img":"","footer-sml-layout":"","theme-transparent-header-meta":"default","adv-header-id-meta":"","stick-header-meta":"","header-above-stick-meta":"","header-main-stick-meta":"","header-below-stick-meta":"","astra-migrate-meta-layouts":"set","ast-page-background-enabled":"default","ast-page-background-meta":{"desktop":{"background-color":"var(--ast-global-color-4)","background-image":"","background-repeat":"repeat","background-position":"center center","background-size":"auto","background-attachment":"scroll","background-type":"","background-media":"","overlay-type":"","overlay-color":"","overlay-opacity":"","overlay-gradient":""},"tablet":{"background-color":"","background-image":"","background-repeat":"repeat","background-position":"center center","background-size":"auto","background-attachment":"scroll","background-type":"","background-media":"","overlay-type":"","overlay-color":"","overlay-opacity":"","overlay-gradient":""},"mobile":{"background-color":"","background-image":"","background-repeat":"repeat","background-position":"center center","background-size":"auto","background-attachment":"scroll","background-type":"","background-media":"","overlay-type":"","overlay-color":"","overlay-opacity":"","overlay-gradient":""}},"ast-content-background-meta":{"desktop":{"background-color":"var(--ast-global-color-5)","background-image":"","background-repeat":"repeat","background-position":"center center","background-size":"auto","background-attachment":"scroll","background-type":"","background-media":"","overlay-type":"","overlay-color":"","overlay-opacity":"","overlay-gradient":""},"tablet":{"background-color":"var(--ast-global-color-5)","background-image":"","background-repeat":"repeat","background-position":"center center","background-size":"auto","background-attachment":"scroll","background-type":"","background-media":"","overlay-type":"","overlay-color":"","overlay-opacity":"","overlay-gradient":""},"mobile":{"background-color":"var(--ast-global-color-5)","background-image":"","background-repeat":"repeat","background-position":"center center","background-size":"auto","background-attachment":"scroll","background-type":"","background-media":"","overlay-type":"","overlay-color":"","overlay-opacity":"","overlay-gradient":""}},"footnotes":""},"class_list":["post-24","page","type-page","status-publish","hentry"],"post_mailing_queue_ids":[],"_links":{"self":[{"href":"https:\/\/agora.xtec.cat\/ie-elcabreres\/wp-json\/wp\/v2\/pages\/24","targetHints":{"allow":["GET"]}}],"collection":[{"href":"https:\/\/agora.xtec.cat\/ie-elcabreres\/wp-json\/wp\/v2\/pages"}],"about":[{"href":"https:\/\/agora.xtec.cat\/ie-elcabreres\/wp-json\/wp\/v2\/types\/page"}],"author":[{"embeddable":true,"href":"https:\/\/agora.xtec.cat\/ie-elcabreres\/wp-json\/wp\/v2\/users\/1"}],"replies":[{"embeddable":true,"href":"https:\/\/agora.xtec.cat\/ie-elcabreres\/wp-json\/wp\/v2\/comments?post=24"}],"version-history":[{"count":5,"href":"https:\/\/agora.xtec.cat\/ie-elcabreres\/wp-json\/wp\/v2\/pages\/24\/revisions"}],"predecessor-version":[{"id":12930,"href":"https:\/\/agora.xtec.cat\/ie-elcabreres\/wp-json\/wp\/v2\/pages\/24\/revisions\/12930"}],"up":[{"embeddable":true,"href":"https:\/\/agora.xtec.cat\/ie-elcabreres\/wp-json\/wp\/v2\/pages\/22"}],"wp:attachment":[{"href":"https:\/\/agora.xtec.cat\/ie-elcabreres\/wp-json\/wp\/v2\/media?parent=24"}],"curies":[{"name":"wp","href":"https:\/\/api.w.org\/{rel}","templated":true}]}}

<p style="color: #666666;"><strong>Institut Escola El Cabrerès</strong><br />
<span class="street-address">Passeig del Pedró, 11</span><br />
<span class="postal-code">08511</span> <span class="locality">L’Esquirol</span></p>
<div class="tel">93 856 80 80</div>
<div></div>
<div class="tel">elcabreres@elcabreres.cat</div>
<div></div>
<div></div>
<p><iframe loading="lazy" src="https://www.google.com/maps/embed?pb=!1m18!1m12!1m3!1d2963.560522786564!2d2.3659475154459306!3d42.03115937921042!2m3!1f0!2f0!3f0!3m2!1i1024!2i768!4f13.1!3m3!1m2!1s0x12a52e6c5b91fcd7%3A0xecaebda585711526!2sPasseig%20del%20Pedr%C3%B3%2C%2011%2C%2008511%20Santa%20Maria%20de%20Corc%C3%B3%2C%20Barcelona!5e0!3m2!1sca!2ses!4v1594314540432!5m2!1sca!2ses" width="600" height="450" frameborder="0" aria-hidden="false"></iframe></p>
<div>
<p><span style="font-weight: 400;">El poble de L&#8217;Esquirol està situat a la comarca d&#8217;Osona, al Nord-Est de la Plana de Vic, a 90 km de la ciutat de Barcelona i a 18 km de Vic.</span></p>
<p><span style="font-weight: 400;">El nostre poble té una extensió de 68 km2, una altitud de 693 m sobre el nivell del mar i una població d&#8217;uns 2000 habitants.</span></p>
<p><span style="font-weight: 400;">Dins el municipi hi trobem -a més del nucli de L&#8217;Esquirol- el de Sant Martí Sescorts, el de Sant Julià de Cabrera i el de Cantonigròs.</span></p>
<p><span style="font-weight: 400;"> </span><span style="font-weight: 400;">Des de l&#8217;escola veiem la Serralada de Cabrera i el Pla d&#8217;Aiats, el Montseny, el Pedraforca, Bellmunt i la Plana de Vic.</span></p>
<p><span style="font-weight: 400;">Molt a prop tenim el pont romànic, el camí ral de Vic a Olot, el Dolmen de Puigsespedres, la Font de l&#8217;Escudella, la riera de les Gorgues i la Pollancreda. </span></p>
</div>
<div><span style="color: #000000; font-family: arial, sans-serif; font-size: medium;"> </span></div>
<div><span style="color: #000000; font-family: arial, sans-serif; font-size: medium;"> </span></div>
<div>
<div>
<div>
<div></div>
</div>
</div>
</div>
<p>&nbsp;</p>

<p>Institut Escola El Cabrerès Passeig del Pedró, 11 08511 L’Esquirol 93 856 80 80 elcabreres@elcabreres.cat El poble de L&#8217;Esquirol està situat a la comarca d&#8217;Osona, al Nord-Est de la Plana de Vic, a 90 km de la ciutat de Barcelona i a 18 km de Vic. El nostre poble té una extensió de 68 km2, una [&hellip;]</p>
