{"id":10090,"date":"2024-03-02T12:31:19","date_gmt":"2024-03-02T11:31:19","guid":{"rendered":"https:\/\/agora.xtec.cat\/ie-elcabreres\/?page_id=10090"},"modified":"2024-03-02T13:20:02","modified_gmt":"2024-03-02T12:20:02","slug":"sortides-i-colonies","status":"publish","type":"page","link":"https:\/\/agora.xtec.cat\/ie-elcabreres\/projectes\/sortides-i-colonies\/","title":{"rendered":"Sortides i Col\u00f2nies"},"content":{"rendered":"<p>Per a nosaltres la relaci\u00f3 amb l&#8217;entorn tant natural com cultural \u00e9s molt rellevant i \u00e9s per aix\u00f2 que al llarg del curs realitzem diferents sortides, activitats, visites i col\u00f2nies. Per a nosaltres \u00e9s molt important que tot l&#8217;alumnat pugui gaudir d&#8217;aquestes activitats, ja que formen part del seu proc\u00e9s d&#8217;aprenentatge.<\/p>\n<p><strong>SORTIDES A L&#8217;ENTORN:<\/strong><\/p>\n<p>Com a centre creiem que \u00e9s important\u00edssim que els nens, nenes i joves coneguin, estimin i respectin l&#8217;entorn m\u00e9s proper, \u00e9s per aix\u00f2 que fem sortides per l&#8217;entorn. En aquestes activitats treballem tant els h\u00e0bits saludables com la descoberta de la flora i la fauna, posant molt \u00e8mfasi amb el respecte i cura de l&#8217;entorn alhora que els infants tenen un espai on gaudir, explorar i construir a partir del joc i l&#8217;observaci\u00f3.<\/p>\n<p>&nbsp;<\/p>\n<p><strong>SORTIDES CULTURALS I CURRICULARS:<\/strong><\/p>\n<p>Tots els cursos anem a diferents espectacles de teatre, dansa i m\u00fasica que ofereix la Diputaci\u00f3 de Barcelona a trav\u00e9s del programa &#8220;anem al teatre&#8221;.<\/p>\n<p>D&#8217;altra banda, tamb\u00e9 es programen cada curs sortides relacionades amb projectes curriculars, optatives o altres activitats lligades amb els continguts i sabers treballats a cada etapa.<\/p>\n<p>&nbsp;<\/p>\n<p><strong>COL\u00d2NIES:<\/strong><\/p>\n<p>Cada any, l&#8217;alumnat t\u00e9 l&#8217;oportunitat de realitzar col\u00f2nies d&#8217;una o dues nits depenent de l&#8217;edat. Alguns d&#8217;aquests viatges tenen un car\u00e0cter m\u00e9s l\u00fadic i de descoberta de nous espais i territoris i d&#8217;altres, estan m\u00e9s relacionats amb un treball curricular, com ara els que duem a terme en els Camps d&#8217;Aprenentatge de la Generalitat.\u00a0 El valor afegit d&#8217;aquestes activitats \u00e9s que promouen l\u2019aprenentatge competencial dels alumnes a partir d\u2019activitats did\u00e0ctiques en entorns naturals, socials i culturals singulars de Catalunya.<\/p>\n<p>&nbsp;<\/p>\n","protected":false},"excerpt":{"rendered":"<p>Per a nosaltres la relaci\u00f3 amb l&#8217;entorn tant natural com cultural \u00e9s molt rellevant i \u00e9s per aix\u00f2 que al llarg del curs realitzem diferents sortides, activitats, visites i col\u00f2nies. Per a nosaltres \u00e9s molt important que tot l&#8217;alumnat pugui gaudir d&#8217;aquestes activitats, ja que formen part del seu proc\u00e9s d&#8217;aprenentatge. SORTIDES A L&#8217;ENTORN: Com [&hellip;]<\/p>\n","protected":false},"author":4,"featured_media":0,"parent":566,"menu_order":4,"comment_status":"closed","ping_status":"closed","template":"page-templates\/side-menu.php","meta":{"_bbp_topic_count":0,"_bbp_reply_count":0,"_bbp_total_topic_count":0,"_bbp_total_reply_count":0,"_bbp_voice_count":0,"_bbp_anonymous_reply_count":0,"_bbp_topic_count_hidden":0,"_bbp_reply_count_hidden":0,"_bbp_forum_subforum_count":0,"site-sidebar-layout":"default","site-content-layout":"","ast-site-content-layout":"","site-content-style":"default","site-sidebar-style":"default","ast-global-header-display":"","ast-banner-title-visibility":"","ast-main-header-display":"","ast-hfb-above-header-display":"","ast-hfb-below-header-display":"","ast-hfb-mobile-header-display":"","site-post-title":"","ast-breadcrumbs-content":"","ast-featured-img":"","footer-sml-layout":"","theme-transparent-header-meta":"","adv-header-id-meta":"","stick-header-meta":"","header-above-stick-meta":"","header-main-stick-meta":"","header-below-stick-meta":"","astra-migrate-meta-layouts":"default","ast-page-background-enabled":"default","ast-page-background-meta":{"desktop":{"background-color":"var(--ast-global-color-4)","background-image":"","background-repeat":"repeat","background-position":"center center","background-size":"auto","background-attachment":"scroll","background-type":"","background-media":"","overlay-type":"","overlay-color":"","overlay-opacity":"","overlay-gradient":""},"tablet":{"background-color":"","background-image":"","background-repeat":"repeat","background-position":"center center","background-size":"auto","background-attachment":"scroll","background-type":"","background-media":"","overlay-type":"","overlay-color":"","overlay-opacity":"","overlay-gradient":""},"mobile":{"background-color":"","background-image":"","background-repeat":"repeat","background-position":"center center","background-size":"auto","background-attachment":"scroll","background-type":"","background-media":"","overlay-type":"","overlay-color":"","overlay-opacity":"","overlay-gradient":""}},"ast-content-background-meta":{"desktop":{"background-color":"var(--ast-global-color-5)","background-image":"","background-repeat":"repeat","background-position":"center center","background-size":"auto","background-attachment":"scroll","background-type":"","background-media":"","overlay-type":"","overlay-color":"","overlay-opacity":"","overlay-gradient":""},"tablet":{"background-color":"var(--ast-global-color-5)","background-image":"","background-repeat":"repeat","background-position":"center center","background-size":"auto","background-attachment":"scroll","background-type":"","background-media":"","overlay-type":"","overlay-color":"","overlay-opacity":"","overlay-gradient":""},"mobile":{"background-color":"var(--ast-global-color-5)","background-image":"","background-repeat":"repeat","background-position":"center center","background-size":"auto","background-attachment":"scroll","background-type":"","background-media":"","overlay-type":"","overlay-color":"","overlay-opacity":"","overlay-gradient":""}},"footnotes":""},"class_list":["post-10090","page","type-page","status-publish","hentry"],"post_mailing_queue_ids":[],"_links":{"self":[{"href":"https:\/\/agora.xtec.cat\/ie-elcabreres\/wp-json\/wp\/v2\/pages\/10090","targetHints":{"allow":["GET"]}}],"collection":[{"href":"https:\/\/agora.xtec.cat\/ie-elcabreres\/wp-json\/wp\/v2\/pages"}],"about":[{"href":"https:\/\/agora.xtec.cat\/ie-elcabreres\/wp-json\/wp\/v2\/types\/page"}],"author":[{"embeddable":true,"href":"https:\/\/agora.xtec.cat\/ie-elcabreres\/wp-json\/wp\/v2\/users\/4"}],"replies":[{"embeddable":true,"href":"https:\/\/agora.xtec.cat\/ie-elcabreres\/wp-json\/wp\/v2\/comments?post=10090"}],"version-history":[{"count":3,"href":"https:\/\/agora.xtec.cat\/ie-elcabreres\/wp-json\/wp\/v2\/pages\/10090\/revisions"}],"predecessor-version":[{"id":10094,"href":"https:\/\/agora.xtec.cat\/ie-elcabreres\/wp-json\/wp\/v2\/pages\/10090\/revisions\/10094"}],"up":[{"embeddable":true,"href":"https:\/\/agora.xtec.cat\/ie-elcabreres\/wp-json\/wp\/v2\/pages\/566"}],"wp:attachment":[{"href":"https:\/\/agora.xtec.cat\/ie-elcabreres\/wp-json\/wp\/v2\/media?parent=10090"}],"curies":[{"name":"wp","href":"https:\/\/api.w.org\/{rel}","templated":true}]}}