{"id":80,"date":"2014-09-18T14:09:48","date_gmt":"2014-09-18T13:09:48","guid":{"rendered":"http:\/\/agora.xtec.cat\/ceip-castelldodena\/?page_id=80"},"modified":"2025-11-10T08:46:29","modified_gmt":"2025-11-10T07:46:29","slug":"transport-escolar","status":"publish","type":"page","link":"https:\/\/agora.xtec.cat\/ie-castelldodena\/serveis\/transport-escolar\/","title":{"rendered":"Transport escolar"},"content":{"rendered":"\n<p>Per a tots els alumnes que viuen dins<strong> del terme d&#8217;\u00d2dena<\/strong>, i que estudien a l&#8217;IE Castell d&#8217;\u00d2dena, per\u00f2 no hi poden anar caminant, <strong>l&#8217;Ajuntament i el Consell Comarcal faciliten l&#8217;acc\u00e9s al centre<\/strong>.<\/p>\n\n\n\n<ul class=\"wp-block-list\">\n<li>Si l&#8217;alumne viu al barri Sant Pere o Pla de la Masia, hi ha un autob\u00fas escolar que realitza 4 viatges al dia. Els viatges de les 8:30 per secund\u00e0ria, les 9:00 per infantil i prim\u00e0ria i les 17:00 estan patrocinats pel Consell Comarcal. Els viatges del migdia, a les 13:00 i a les 15:00, els patrocina l&#8217;Ajuntament d&#8217;\u00d2dena.<\/li>\n\n\n\n<li>Els viatges de les 8:30, 9:00 i les 17:00 tenen un preu que cada curs posa el Consell Comarcal. De tota manera, la fam\u00edlia pot adre\u00e7ar-se a l&#8217;Ajuntament, i, depenent de la seva renda, tindr\u00e0 l&#8217;opci\u00f3 a una beca de transport. Els viatges del migdia s\u00f3n gratu\u00efts, per\u00f2 \u00e9s imprescindible haver fet la inscripci\u00f3 al servei.<\/li>\n\n\n\n<li>Si l&#8217;alumne viu a l&#8217;Espelt, t\u00e9 un autob\u00fas en els mateixos horaris.<\/li>\n\n\n\n<li>Si l&#8217;alumne viu a les masies, o a Les Casetes, t\u00e9 la possibilitat de demanar una subvenci\u00f3 a l&#8217;Ajuntament, que\u00a0 va en funci\u00f3 del nombre de kil\u00f2metres que fa l&#8217;alumne per arribar al centre escolar.<\/li>\n<\/ul>\n","protected":false},"excerpt":{"rendered":"<p>Per a tots els alumnes que viuen dins del terme d&#8217;\u00d2dena, i que estudien a l&#8217;IE Castell d&#8217;\u00d2dena, per\u00f2 no [&hellip;]<\/p>\n","protected":false},"author":1,"featured_media":0,"parent":13332,"menu_order":4,"comment_status":"closed","ping_status":"closed","template":"","meta":{"_bbp_topic_count":0,"_bbp_reply_count":0,"_bbp_total_topic_count":0,"_bbp_total_reply_count":0,"_bbp_voice_count":0,"_bbp_anonymous_reply_count":0,"_bbp_topic_count_hidden":0,"_bbp_reply_count_hidden":0,"_bbp_forum_subforum_count":0,"site-sidebar-layout":"default","site-content-layout":"","ast-site-content-layout":"default","site-content-style":"default","site-sidebar-style":"default","ast-global-header-display":"","ast-banner-title-visibility":"","ast-main-header-display":"","ast-hfb-above-header-display":"","ast-hfb-below-header-display":"","ast-hfb-mobile-header-display":"","site-post-title":"","ast-breadcrumbs-content":"","ast-featured-img":"","footer-sml-layout":"","theme-transparent-header-meta":"","adv-header-id-meta":"","stick-header-meta":"","header-above-stick-meta":"","header-main-stick-meta":"","header-below-stick-meta":"","astra-migrate-meta-layouts":"set","ast-page-background-enabled":"default","ast-page-background-meta":{"desktop":{"background-color":"var(--ast-global-color-4)","background-image":"","background-repeat":"repeat","background-position":"center center","background-size":"auto","background-attachment":"scroll","background-type":"","background-media":"","overlay-type":"","overlay-color":"","overlay-opacity":"","overlay-gradient":""},"tablet":{"background-color":"","background-image":"","background-repeat":"repeat","background-position":"center center","background-size":"auto","background-attachment":"scroll","background-type":"","background-media":"","overlay-type":"","overlay-color":"","overlay-opacity":"","overlay-gradient":""},"mobile":{"background-color":"","background-image":"","background-repeat":"repeat","background-position":"center center","background-size":"auto","background-attachment":"scroll","background-type":"","background-media":"","overlay-type":"","overlay-color":"","overlay-opacity":"","overlay-gradient":""}},"ast-content-background-meta":{"desktop":{"background-color":"var(--ast-global-color-5)","background-image":"","background-repeat":"repeat","background-position":"center center","background-size":"auto","background-attachment":"scroll","background-type":"","background-media":"","overlay-type":"","overlay-color":"","overlay-opacity":"","overlay-gradient":""},"tablet":{"background-color":"var(--ast-global-color-5)","background-image":"","background-repeat":"repeat","background-position":"center center","background-size":"auto","background-attachment":"scroll","background-type":"","background-media":"","overlay-type":"","overlay-color":"","overlay-opacity":"","overlay-gradient":""},"mobile":{"background-color":"var(--ast-global-color-5)","background-image":"","background-repeat":"repeat","background-position":"center center","background-size":"auto","background-attachment":"scroll","background-type":"","background-media":"","overlay-type":"","overlay-color":"","overlay-opacity":"","overlay-gradient":""}},"footnotes":""},"class_list":["post-80","page","type-page","status-publish","hentry"],"post_mailing_queue_ids":[],"_links":{"self":[{"href":"https:\/\/agora.xtec.cat\/ie-castelldodena\/wp-json\/wp\/v2\/pages\/80","targetHints":{"allow":["GET"]}}],"collection":[{"href":"https:\/\/agora.xtec.cat\/ie-castelldodena\/wp-json\/wp\/v2\/pages"}],"about":[{"href":"https:\/\/agora.xtec.cat\/ie-castelldodena\/wp-json\/wp\/v2\/types\/page"}],"author":[{"embeddable":true,"href":"https:\/\/agora.xtec.cat\/ie-castelldodena\/wp-json\/wp\/v2\/users\/1"}],"replies":[{"embeddable":true,"href":"https:\/\/agora.xtec.cat\/ie-castelldodena\/wp-json\/wp\/v2\/comments?post=80"}],"version-history":[{"count":6,"href":"https:\/\/agora.xtec.cat\/ie-castelldodena\/wp-json\/wp\/v2\/pages\/80\/revisions"}],"predecessor-version":[{"id":16158,"href":"https:\/\/agora.xtec.cat\/ie-castelldodena\/wp-json\/wp\/v2\/pages\/80\/revisions\/16158"}],"up":[{"embeddable":true,"href":"https:\/\/agora.xtec.cat\/ie-castelldodena\/wp-json\/wp\/v2\/pages\/13332"}],"wp:attachment":[{"href":"https:\/\/agora.xtec.cat\/ie-castelldodena\/wp-json\/wp\/v2\/media?parent=80"}],"curies":[{"name":"wp","href":"https:\/\/api.w.org\/{rel}","templated":true}]}}