{"id":838,"date":"2021-03-30T10:08:30","date_gmt":"2021-03-30T08:08:30","guid":{"rendered":"https:\/\/agora.xtec.cat\/iabarcelona\/?page_id=838"},"modified":"2026-04-14T08:51:58","modified_gmt":"2026-04-14T06:51:58","slug":"preinscripcio-i-matricula-cicles-formatius-de-grau-mitja","status":"publish","type":"page","link":"https:\/\/agora.xtec.cat\/iabarcelona\/secretaria\/preinscripcio\/preinscripcio-i-matricula-cicles-formatius-de-grau-mitja\/","title":{"rendered":"Preinscripci\u00f3 i matr\u00edcula Cicles Formatius de Grau Mitj\u00e0"},"content":{"rendered":"<p style=\"clear: both; margin-top: 40px; margin-bottom: 40px; text-align: center;\"><a class=\"button normal\" style=\"padding: 1em; font-weight: 400; margin: 0.3em; color: white !important; background-color: #333333; border: none;\" href=\"https:\/\/preinscripcio.gencat.cat\/ca\/estudis\/fp-grau-mitja\/inici\/\" rel=\"noopener noreferrer\">Preinscripci\u00f3 i matr\u00edcula<\/a><\/p>\n<table>\n<tbody>\n<tr>\n<td><b>ABANS DE LA PREINSCRIPCI\u00d3<\/b><\/td>\n<\/tr>\n<\/tbody>\n<\/table>\n<p><b>1.-JORNADES DE PORTES OBERTES DE L\u2019INSTITUT DELS ALIMENTS:<\/b><\/p>\n<ul>\n<li style=\"font-weight: 400;\" aria-level=\"1\"><span style=\"font-weight: 400;\">JORNADES PORTES OBERTES PRESENCIALS: <b>20\/04\/2026 i 28\/04\/2026.<\/b><\/span><\/li>\n<\/ul>\n<p><b>2.- HORARI CICLES FORMATIUS GRAU MITJ\u00c0:<\/b><\/p>\n<p><b>\u00a0CICLES FORMATIUS DE GRAU MITJ\u00c0<\/b><\/p>\n<table>\n<tbody>\n<tr>\n<td rowspan=\"2\"><\/td>\n<td colspan=\"2\"><b>TORN<\/b><\/td>\n<\/tr>\n<tr>\n<td><b>1r CURS MAT\u00cd<\/b><\/td>\n<td><b>2n CURS TARDA<\/b><\/td>\n<\/tr>\n<tr>\n<td><b>CFGM<\/b> <b>ELABORACI\u00d3 DE PRODUCTES ALIMENTARIS<\/b><\/td>\n<td><b>08:00-14:30\u00a0 hores<\/b><\/td>\n<td><b>14:30-20:50 hores<\/b><\/td>\n<\/tr>\n<tr>\n<td><b>CFGM COMERCIALITZACI\u00d3 DE PRODUCTES ALIMENTARIS<\/b><\/td>\n<td><b>08:00-14:30\u00a0 hores<\/b><\/td>\n<td><b>14:30-20:50 hores<\/b><\/td>\n<\/tr>\n<tr>\n<td><b>CFGM<\/b> <b>FORNERIA, PASTISSERIA I CONFITERIA<\/b><\/td>\n<td><b>08:00-14:30\u00a0 hores<\/b><\/td>\n<td><b>14:30-20:50 hores<\/b><\/td>\n<\/tr>\n<\/tbody>\n<\/table>\n<p><b>\u00a0<\/b><\/p>\n<p><b>3.- PREUS I APORTACIONS: (revisar)<\/b><\/p>\n<table style=\"width: 100%; height: 272px;\">\n<tbody>\n<tr style=\"height: 64px;\">\n<td style=\"width: 20.9177%; height: 64px;\"><b>CICLE FORMATIU<\/b><\/td>\n<td style=\"width: 16.4642%; height: 64px;\" colspan=\"2\"><b>Olis i vins<\/b><\/td>\n<td style=\"width: 18.2186%; height: 64px;\" colspan=\"2\"><b>Elaboraci\u00f3 de productes alimentaris<\/b><\/td>\n<td style=\"width: 22.942%; height: 64px;\" colspan=\"2\"><b>Comercialitzaci\u00f3 de productes alimentaris<\/b><\/td>\n<td style=\"width: 18.6235%; height: 64px;\" colspan=\"2\"><b>Forneria, pastisseria i confiteria<\/b><\/td>\n<\/tr>\n<tr style=\"height: 48px;\">\n<td style=\"width: 20.9177%; height: 48px;\"><b>Nivell<\/b><\/td>\n<td style=\"width: 7.28744%; text-align: center; height: 48px;\"><b>1r curs<\/b><\/td>\n<td style=\"width: 9.17679%; text-align: center; height: 48px;\"><b>2n curs<\/b><\/td>\n<td style=\"width: 9.04187%; text-align: center; height: 48px;\"><b>1r curs<\/b><\/td>\n<td style=\"width: 9.17675%; text-align: center; height: 48px;\"><b>2n curs<\/b><\/td>\n<td style=\"width: 11.8759%; text-align: center; height: 48px;\"><b>1r curs<\/b><\/td>\n<td style=\"width: 11.0661%; text-align: center; height: 48px;\"><b>2n curs<\/b><\/td>\n<td style=\"width: 9.58169%; text-align: center; height: 48px;\"><b>1r curs<\/b><\/td>\n<td style=\"width: 9.04183%; text-align: center; height: 48px;\"><b>2n curs<\/b><\/td>\n<\/tr>\n<tr style=\"height: 48px;\">\n<td style=\"width: 20.9177%; height: 48px;\"><b>Aportaci\u00f3 de material<\/b><\/td>\n<td style=\"width: 7.28744%; text-align: center; height: 48px;\"><b>200 \u20ac<\/b><\/td>\n<td style=\"width: 9.17679%; text-align: center; height: 48px;\"><b>200 \u20ac<\/b><\/td>\n<td style=\"width: 9.04187%; text-align: center; height: 48px;\"><b>520 \u20ac<\/b><\/td>\n<td style=\"width: 9.17675%; text-align: center; height: 48px;\"><b>520 \u20ac<\/b><\/td>\n<td style=\"width: 11.8759%; text-align: center; height: 48px;\"><b>200 \u20ac<\/b><\/td>\n<td style=\"width: 11.0661%; text-align: center; height: 48px;\"><b>200 \u20ac<\/b><\/td>\n<td style=\"width: 9.58169%; text-align: center; height: 48px;\"><b>520 \u20ac<\/b><\/td>\n<td style=\"width: 9.04183%; text-align: center; height: 48px;\"><b>520 \u20ac<\/b><\/td>\n<\/tr>\n<tr style=\"height: 48px;\">\n<td style=\"width: 20.9177%; height: 48px;\"><b>Asseguran\u00e7a escolar obligat\u00f2ria<\/b><\/td>\n<td style=\"width: 7.28744%; text-align: center; height: 48px;\"><b>1,12 \u20ac<\/b><\/td>\n<td style=\"width: 9.17679%; text-align: center; height: 48px;\"><b>1,12 \u20ac<\/b><\/td>\n<td style=\"width: 9.04187%; text-align: center; height: 48px;\"><b>1,12 \u20ac<\/b><\/td>\n<td style=\"width: 9.17675%; text-align: center; height: 48px;\"><b>1,12 \u20ac<\/b><\/td>\n<td style=\"width: 11.8759%; text-align: center; height: 48px;\"><b>1,12 \u20ac<\/b><\/td>\n<td style=\"width: 11.0661%; text-align: center; height: 48px;\"><b>1,12 \u20ac<\/b><\/td>\n<td style=\"width: 9.58169%; text-align: center; height: 48px;\"><b>1,12 \u20ac<\/b><\/td>\n<td style=\"width: 9.04183%; text-align: center; height: 48px;\"><b>1,12 \u20ac<\/b><\/td>\n<\/tr>\n<tr style=\"height: 32px;\">\n<td style=\"width: 20.9177%; height: 32px;\"><b>Uniformes (*)<\/b><\/td>\n<td style=\"width: 7.28744%; text-align: center; height: 32px;\"><b>104,06\u20ac\u00a0<\/b><\/td>\n<td style=\"width: 9.17679%; text-align: center; height: 32px;\"><b>\u2013<\/b><\/td>\n<td style=\"width: 9.04187%; text-align: center; height: 32px;\"><b>185,74\u20ac<\/b><\/td>\n<td style=\"width: 9.17675%; text-align: center; height: 32px;\"><b>\u2013<\/b><\/td>\n<td style=\"width: 11.8759%; text-align: center; height: 32px;\"><b>74,23 \u20ac<\/b><\/td>\n<td style=\"width: 11.0661%; text-align: center; height: 32px;\"><b>\u2013<\/b><\/td>\n<td style=\"width: 9.58169%; text-align: center; height: 32px;\"><b>188,16\u20ac<\/b><\/td>\n<td style=\"width: 9.04183%; text-align: center; height: 32px;\"><b>\u2013<\/b><\/td>\n<\/tr>\n<tr style=\"height: 32px;\">\n<td style=\"width: 20.9177%; height: 32px;\"><b>Malet\u00ed eines (*)<\/b><\/td>\n<td style=\"width: 7.28744%; text-align: center; height: 32px;\"><b>\u2013<\/b><\/td>\n<td style=\"width: 9.17679%; text-align: center; height: 32px;\"><b>\u2013<\/b><\/td>\n<td style=\"width: 9.04187%; text-align: center; height: 32px;\"><b>87 \u20ac<\/b><\/td>\n<td style=\"width: 9.17675%; text-align: center; height: 32px;\"><b>\u2013<\/b><\/td>\n<td style=\"width: 11.8759%; text-align: center; height: 32px;\"><b>\u2013<\/b><\/td>\n<td style=\"width: 11.0661%; text-align: center; height: 32px;\"><b>\u2013<\/b><\/td>\n<td style=\"width: 9.58169%; text-align: center; height: 32px;\"><b>189 \u20ac<\/b><\/td>\n<td style=\"width: 9.04183%; text-align: center; height: 32px;\"><b>\u2013<\/b><\/td>\n<\/tr>\n<\/tbody>\n<\/table>\n<p><b>(*) Preus orientatius<\/b><\/p>\n<p><b>Alumnat major de 28 anys NO est\u00e0 cobert per l\u2019asseguran\u00e7a escolar obligat\u00f2ria. Les persones m\u00e9s grans de 28 anys o que tinguin passaport han de contractar una asseguran\u00e7a equivalent a la cobertura de l\u2019asseguran\u00e7a escolar obligat\u00f2ria amb un import de 11 \u20ac a sumar als imports anteriorment detallats.<\/b><\/p>\n<table>\n<tbody>\n<tr>\n<td><b>4.- CALENDARI PREINSCRIPCI\u00d3 I MATR\u00cdCULA<\/b><\/td>\n<\/tr>\n<\/tbody>\n<\/table>\n<p><span style=\"font-weight: 400;\">Tant el calendari com el procediment estan explicats a la<\/span> <span style=\"font-weight: 400;\">Resoluci\u00f3 EDF\/814\/2026<\/span><span style=\"font-weight: 400;\">.<\/span><\/p>\n<ul>\n<li style=\"font-weight: 400;\" aria-level=\"1\"><span style=\"font-weight: 400;\"><strong>Publicaci\u00f3 de l&#8217;oferta inicial:<\/strong> 22 maig de 2026<\/span><\/li>\n<li style=\"font-weight: 400;\" aria-level=\"1\"><span style=\"font-weight: 400;\"><strong>Per\u00edode de presentaci\u00f3 de sol\u00b7licituds:<\/strong> 26 maig al 1 juny de 2026<\/span><\/li>\n<li style=\"font-weight: 400;\" aria-level=\"1\"><span style=\"font-weight: 400;\"><strong>Recuperaci\u00f3 de les qualificacions de l&#8217;ESO dels sol\u00b7licitants:<\/strong> 25 juny de 2026<\/span><\/li>\n<li style=\"font-weight: 400;\" aria-level=\"1\"><span style=\"font-weight: 400;\"><strong>Publicaci\u00f3 de la llista de sol\u00b7licituds de preinscripci\u00f3 al centre amb la puntuaci\u00f3 provisional:<\/strong> 29 juny de 2026<\/span><\/li>\n<li style=\"font-weight: 400;\" aria-level=\"1\"><span style=\"font-weight: 400;\"><strong>Termini per presentar una reclamaci\u00f3:<\/strong> 29 juny al 2 juliol de 2026<\/span><\/li>\n<li style=\"font-weight: 400;\" aria-level=\"1\"><span style=\"font-weight: 400;\"><strong>Sorteig del n\u00famero de desempat:<\/strong> 6 juliol de 2026<\/span><\/li>\n<li style=\"font-weight: 400;\" aria-level=\"1\"><span style=\"font-weight: 400;\"><strong>Publicaci\u00f3 de la llista de sol\u00b7licituds de preinscripci\u00f3 al centre amb la puntuaci\u00f3, un cop resoltes les reclamacions:<\/strong> 7 juliol de 2026<\/span><\/li>\n<li style=\"font-weight: 400;\" aria-level=\"1\"><span style=\"font-weight: 400;\"><strong>Publicaci\u00f3 de l&#8217;oferta final:<\/strong> 10 juliol de 2026<\/span><\/li>\n<li style=\"font-weight: 400;\" aria-level=\"1\"><span style=\"font-weight: 400;\"><strong>Publicaci\u00f3 de places de la primera assignaci\u00f3, amb indicaci\u00f3 del n\u00famero de petici\u00f3 atesa:<\/strong> 10 juliol de 2026<\/span><\/li>\n<li style=\"font-weight: 400;\" aria-level=\"1\"><span style=\"font-weight: 400;\"><strong>Per\u00edode de confirmaci\u00f3 de matr\u00edcula online per als alumnes que se&#8217;ls ha assignat la seva primera opci\u00f3 en la primera assignaci\u00f3:<\/strong> 10 al 14 juliol de 2026<\/span><\/li>\n<li aria-level=\"1\"><strong>Matr\u00edcula 1a assignaci\u00f3<\/strong>: <span style=\"font-weight: 400;\">10 al 16 juliol a les 14h de 2026<\/span><\/li>\n<li style=\"font-weight: 400;\" aria-level=\"1\"><span style=\"font-weight: 400;\"><strong>Publicaci\u00f3 de places de la segona assignaci\u00f3, amb indicaci\u00f3 del n\u00famero de petici\u00f3 atesa:<\/strong> 24 juliol de 2026<\/span><\/li>\n<li style=\"font-weight: 400;\" aria-level=\"1\"><span style=\"font-weight: 400;\"><strong>Per\u00edode de confirmaci\u00f3 de matr\u00edcula online per als alumnes que han obtingut pla\u00e7a en el segon proc\u00e9s d&#8217;assignaci\u00f3:<\/strong> 24 al 28 juliol de 2026<\/span><\/li>\n<li><strong>Matr\u00edcula 2a assignaci\u00f3<\/strong>: 24<span style=\"font-weight: 400;\">\u00a0al 29 juliol a les 14h de 2026<\/span><\/li>\n<\/ul>\n<p>&nbsp;<\/p>\n","protected":false},"excerpt":{"rendered":"<p><a class=\"button normal\" style=\"padding: 1em; font-weight: 400; margin: 0.3em; color: white !important; background-color: #333333; border: none;\" href=\"https:\/\/preinscripcio.gencat.cat\/ca\/estudis\/fp-grau-mitja\/inici\/\" rel=\"noopener noreferrer\">Preinscripci\u00f3 i matr\u00edcula<\/a><\/p>\n<p>ABANS DE LA PREINSCRIPCI\u00d3<\/p>\n<p>1.-JORNADES DE PORTES OBERTES DE L\u2019INSTITUT DELS ALIMENTS:<\/p>\n<ul>\n<li style=\"font-weight: 400;\" aria-level=\"1\">JORNADES PORTES OBERTES PRESENCIALS: 20\/04\/2026 i 28\/04\/2026.<\/li>\n<\/ul>\n<p>2.- HORARI CICLES FORMATIUS GRAU MITJ\u00c0:<br \/>\n\u00a0CICLES&hellip;  <a href=\"https:\/\/agora.xtec.cat\/iabarcelona\/secretaria\/preinscripcio\/preinscripcio-i-matricula-cicles-formatius-de-grau-mitja\/\" title=\"Read Preinscripci\u00f3 i matr\u00edcula Cicles Formatius de Grau Mitj\u00e0\">Llegeix m\u00e9s\u00bb<\/a><\/p>\n","protected":false},"author":1,"featured_media":0,"parent":928,"menu_order":30,"comment_status":"closed","ping_status":"closed","template":"page-templates\/side-menu.php","meta":{"_bbp_topic_count":0,"_bbp_reply_count":0,"_bbp_total_topic_count":0,"_bbp_total_reply_count":0,"_bbp_voice_count":0,"_bbp_anonymous_reply_count":0,"_bbp_topic_count_hidden":0,"_bbp_reply_count_hidden":0,"_bbp_forum_subforum_count":0,"footnotes":""},"class_list":["post-838","page","type-page","status-publish","hentry"],"post_mailing_queue_ids":[],"_links":{"self":[{"href":"https:\/\/agora.xtec.cat\/iabarcelona\/wp-json\/wp\/v2\/pages\/838","targetHints":{"allow":["GET"]}}],"collection":[{"href":"https:\/\/agora.xtec.cat\/iabarcelona\/wp-json\/wp\/v2\/pages"}],"about":[{"href":"https:\/\/agora.xtec.cat\/iabarcelona\/wp-json\/wp\/v2\/types\/page"}],"author":[{"embeddable":true,"href":"https:\/\/agora.xtec.cat\/iabarcelona\/wp-json\/wp\/v2\/users\/1"}],"replies":[{"embeddable":true,"href":"https:\/\/agora.xtec.cat\/iabarcelona\/wp-json\/wp\/v2\/comments?post=838"}],"version-history":[{"count":6,"href":"https:\/\/agora.xtec.cat\/iabarcelona\/wp-json\/wp\/v2\/pages\/838\/revisions"}],"predecessor-version":[{"id":13529,"href":"https:\/\/agora.xtec.cat\/iabarcelona\/wp-json\/wp\/v2\/pages\/838\/revisions\/13529"}],"up":[{"embeddable":true,"href":"https:\/\/agora.xtec.cat\/iabarcelona\/wp-json\/wp\/v2\/pages\/928"}],"wp:attachment":[{"href":"https:\/\/agora.xtec.cat\/iabarcelona\/wp-json\/wp\/v2\/media?parent=838"}],"curies":[{"name":"wp","href":"https:\/\/api.w.org\/{rel}","templated":true}]}}