{"id":752,"date":"2021-03-29T10:25:37","date_gmt":"2021-03-29T08:25:37","guid":{"rendered":"https:\/\/agora.xtec.cat\/iabarcelona\/?page_id=752"},"modified":"2024-04-08T22:34:15","modified_gmt":"2024-04-08T20:34:15","slug":"politica-de-qualitat","status":"publish","type":"page","link":"https:\/\/agora.xtec.cat\/iabarcelona\/linstitut\/politica-de-qualitat\/","title":{"rendered":"Pol\u00edtica de qualitat"},"content":{"rendered":"<p>A l\u2019Institut dels Aliments de Barcelona tenim com a objectiu prioritari oferir un servei educatiu i formatiu de qualitat orientat a l\u2019excel\u00b7l\u00e8ncia, basat en la millora continua.<br \/>\nSatisfer les necessitats dels grups d\u2019inter\u00e8s \u00e9s el repte que el nostre institut es proposa i l\u2019instrument per aconseguir aquesta fita \u00e9s la implantaci\u00f3 d\u2019un sistema de gesti\u00f3 de qualitat basat en la norma ISO 9001.<br \/>\nL\u2019institut dels aliments est\u00e0 situat dins d\u2019un dels centres log\u00edstics alimentaris m\u00e9s grans d\u2019Europa. Aix\u00f2 fa que l\u2019intercanvi de coneixement amb les empreses del sector sigui un dels nostres principals objectius. Busquem cobrir les necessitats de les empreses que ens envolten formant futurs treballadors del sector, i oferint serveis d\u2019innovaci\u00f3 i de divulgaci\u00f3 cient\u00edfica.<br \/>\nSom un centre especialitzat en els aliments, plenament conscient que la producci\u00f3 i el consum alimentari tenen un gran impacte en la salut de les persones i del medi ambient.<br \/>\nL\u2019IAB volem contribuir activament en la consolidaci\u00f3 dels valors i pol\u00edtiques coherents amb l\u2019alimentaci\u00f3 sostenible i saludable. \u00c9s per aix\u00f2 que l\u2019educaci\u00f3 per a la sostenibilitat constitueix element nuclear al nostre projecte educatiu i tota l\u2019acci\u00f3 que desenvolupem es planifica i dissenya, des de l\u2019origen, d\u2019acord amb aquest comprom\u00eds.<br \/>\nEl comprom\u00eds amb la qualitat i la sostenibilitat afecta a tota la comunitat educativa, que assumeix la responsabilitat de participar activament en el desenvolupament i en la millora de la gesti\u00f3 del centre.<br \/>\nEl nostre sistema de qualitat abarca<br \/>\n\u25cf Ensenyament reglat de cicles formatius de formaci\u00f3 professional espec\u00edfica de grau mitj\u00e0 i superior.<br \/>\n\u25cf Ensenyament reglat de Programes d\u2019Inserci\u00f3 Professional (PIP).<br \/>\nS\u2019exclou el punt 8.3 de disseny o desenvolupament dels productes i serveis.<\/p>\n<p>Missi\u00f3<br \/>\nAmb car\u00e0cter general, la missi\u00f3 fonamental de l\u2019IAB, en tant que institut p\u00fablic, \u00e9s la d\u2019oferir un servei p\u00fablic de qualitat a la ciutadania per tal de fer efectius el dret universal a l\u2019educaci\u00f3 i el dret a la formaci\u00f3 al llarg de la vida. Aquesta missi\u00f3 implica el comprom\u00eds de capacitar tot el nostre alumnat per afrontar els reptes personals, professionals i socials de la seva traject\u00f2ria vital amb la m\u00e0xima perspectiva d&#8217;\u00e8xit.<br \/>\nCom a centre de formaci\u00f3 professional espec\u00edfica integrat, la missi\u00f3 de l\u2019Institut es concreta en oferir una formaci\u00f3 integral de qualitat basada en la innovaci\u00f3 i la sostenibilitat, aportant una preparaci\u00f3 t\u00e8cnica i humana al nostre alumnat per tal que esdevinguin professionals<br \/>\ncompetents i socialment responsables.<\/p>\n<p>Visi\u00f3<br \/>\nEn el marc del sistema de formaci\u00f3 i qualificaci\u00f3 professionals de Catalunya, volem esdevenir un centre referent de formaci\u00f3 professional integrada, configurar un instrument de qualificaci\u00f3 potent i de qualitat, amb capacitat de donar resposta de qualitat a les prospeccions de futur del nostre sector: l\u2019alimentaci\u00f3.<\/p>\n<p>Valors<\/p>\n<p>\u25cf Excel\u00b7l\u00e8ncia per a tothom educant en la difer\u00e8ncia. L\u2019IAB ha d\u2019oferir una oportunitat real d\u2019aprenentatge i progr\u00e9s a tot el seu alumnat perqu\u00e8 pugui donar el millor de si mateix. Vetllem per crear les condicions per tal que tots i cadascun dels nois i noies puguin progressar, partint de la idea que tots tenen capacitats i ambicions diverses per fer cr\u00e9ixer i excel\u00b7lir.<br \/>\n\u25cf Professionalitat, efici\u00e8ncia, responsabilitat i esfor\u00e7 com a qualitats inherents als professionals competents, tant de l\u2019organitzaci\u00f3 (personal) com del futur (titulats\/des).<br \/>\n\u25cf Comprom\u00eds social i mediambiental en tant que servei p\u00fablic, per millorar l\u2019actitud de les persones enfront dels reptes socials, laborals, econ\u00f2mics i clim\u00e0tics.<br \/>\n\u25cf Solidaritat no nom\u00e9s com a valor social entre els individus sin\u00f3 tamb\u00e9 com a valor que cal integrar i preservar en les relacions de treball i en les organitzacions.<br \/>\n\u25cf Cooperativisme com a qualitat intr\u00ednseca a les metodologies actives de treball i com a part de la realitat econ\u00f2mica del nostre teixit empresarial al qual es dirigeixen els nostres t\u00e8cnics i t\u00e8cniques.<br \/>\n\u25cf Conviv\u00e8ncia, toler\u00e0ncia i respecte de tots i totes i per a tots i totes tant en l\u2019esfera acad\u00e8mica com en la personal i professional. La nostra pol\u00edtica en aquest sentit, queda recollida al nostre projecte de conviv\u00e8ncia.<br \/>\n\u25cf \u00c8tica, com a valor especialment important a integrar en fer professional i les organitzacions econ\u00f2miques i de treball.<br \/>\n\u25cf Transpar\u00e8ncia, publicitem i compartim la nostra estructura, la nostra acci\u00f3 de govern, amb mecanismes establerts de retiment de comptes.<\/p>\n<p>27\/06\/22 i \u00e9s la versi\u00f3 0<\/p>\n","protected":false},"excerpt":{"rendered":"<p>A l\u2019Institut dels Aliments de Barcelona tenim com a objectiu prioritari oferir un servei educatiu i formatiu de qualitat orientat a l\u2019excel\u00b7l\u00e8ncia, basat en la millora continua.<br \/>\nSatisfer les necessitats dels grups d\u2019inter\u00e8s \u00e9s el repte que el nostre institut es proposa i l\u2019instrument per aconseguir&hellip;  <a href=\"https:\/\/agora.xtec.cat\/iabarcelona\/linstitut\/politica-de-qualitat\/\" title=\"Read Pol\u00edtica de qualitat\">Llegeix m\u00e9s\u00bb<\/a><\/p>\n","protected":false},"author":1,"featured_media":0,"parent":737,"menu_order":80,"comment_status":"closed","ping_status":"closed","template":"page-templates\/side-menu.php","meta":{"_bbp_topic_count":0,"_bbp_reply_count":0,"_bbp_total_topic_count":0,"_bbp_total_reply_count":0,"_bbp_voice_count":0,"_bbp_anonymous_reply_count":0,"_bbp_topic_count_hidden":0,"_bbp_reply_count_hidden":0,"_bbp_forum_subforum_count":0,"footnotes":""},"class_list":["post-752","page","type-page","status-publish","hentry"],"post_mailing_queue_ids":[],"_links":{"self":[{"href":"https:\/\/agora.xtec.cat\/iabarcelona\/wp-json\/wp\/v2\/pages\/752","targetHints":{"allow":["GET"]}}],"collection":[{"href":"https:\/\/agora.xtec.cat\/iabarcelona\/wp-json\/wp\/v2\/pages"}],"about":[{"href":"https:\/\/agora.xtec.cat\/iabarcelona\/wp-json\/wp\/v2\/types\/page"}],"author":[{"embeddable":true,"href":"https:\/\/agora.xtec.cat\/iabarcelona\/wp-json\/wp\/v2\/users\/1"}],"replies":[{"embeddable":true,"href":"https:\/\/agora.xtec.cat\/iabarcelona\/wp-json\/wp\/v2\/comments?post=752"}],"version-history":[{"count":4,"href":"https:\/\/agora.xtec.cat\/iabarcelona\/wp-json\/wp\/v2\/pages\/752\/revisions"}],"predecessor-version":[{"id":12676,"href":"https:\/\/agora.xtec.cat\/iabarcelona\/wp-json\/wp\/v2\/pages\/752\/revisions\/12676"}],"up":[{"embeddable":true,"href":"https:\/\/agora.xtec.cat\/iabarcelona\/wp-json\/wp\/v2\/pages\/737"}],"wp:attachment":[{"href":"https:\/\/agora.xtec.cat\/iabarcelona\/wp-json\/wp\/v2\/media?parent=752"}],"curies":[{"name":"wp","href":"https:\/\/api.w.org\/{rel}","templated":true}]}}