{"id":564,"date":"2021-03-23T10:33:37","date_gmt":"2021-03-23T09:33:37","guid":{"rendered":"https:\/\/agora.xtec.cat\/iabarcelona\/?page_id=564"},"modified":"2022-03-13T15:55:47","modified_gmt":"2022-03-13T14:55:47","slug":"pfi-programes-de-formacio-i-insercio","status":"publish","type":"page","link":"https:\/\/agora.xtec.cat\/iabarcelona\/formacio\/pfi-programes-de-formacio-i-insercio\/","title":{"rendered":"PFI (Programes de formaci\u00f3 i inserci\u00f3)"},"content":{"rendered":"<ul>\n<li style=\"list-style-type: none;\">\n<ul>\n<li><a href=\"https:\/\/agora.xtec.cat\/iabarcelona\/formacio\/pfi-programes-de-formacio-i-insercio\/programa-de-formacio-i-insercio-laboral-auxiliar-en-establiments-del-sector-carni\/\">Programa de formaci\u00f3 i inserci\u00f3 laboral Auxiliar en establiments del sector carni<\/a><\/li>\n<li><a href=\"https:\/\/agora.xtec.cat\/iabarcelona\/formacio\/pfi-programes-de-formacio-i-insercio\/programa-de-formacio-i-insercio-laboral-auxiliar-de-comercialitzacio-de-productes-i-logistica\/\">Programa de formaci\u00f3 i inserci\u00f3 laboral Auxiliar de comercialitzaci\u00f3 de productes i log\u00edstica<\/a><\/li>\n<li>Programa de formaci\u00f3 i inserci\u00f3 laboral Auxiliar de pexateria i marisc<\/li>\n<\/ul>\n<\/li>\n<\/ul>\n<p class=\"entry-title\"><a href=\"https:\/\/agora.xtec.cat\/iabarcelona\/formacio\/pfi-programes-de-formacio-i-insercio\/preinscripcio-i-matricula-programes-de-formacio-i-insercio\/\">Preinscripci\u00f3 i matr\u00edcula Programes de Formaci\u00f3 i Inserci\u00f3<\/a><\/p>\n","protected":false},"excerpt":{"rendered":"<ul>\n<li style=\"list-style-type: none;\">\n<ul>\n<li><a href=\"https:\/\/agora.xtec.cat\/iabarcelona\/formacio\/pfi-programes-de-formacio-i-insercio\/programa-de-formacio-i-insercio-laboral-auxiliar-en-establiments-del-sector-carni\/\">Programa de formaci\u00f3 i inserci\u00f3 laboral Auxiliar en establiments del sector carni<\/a><\/li>\n<li><a href=\"https:\/\/agora.xtec.cat\/iabarcelona\/formacio\/pfi-programes-de-formacio-i-insercio\/programa-de-formacio-i-insercio-laboral-auxiliar-de-comercialitzacio-de-productes-i-logistica\/\">Programa de formaci\u00f3 i inserci\u00f3 laboral Auxiliar de comercialitzaci\u00f3 de productes i log\u00edstica<\/a><\/li>\n<li>Programa de formaci\u00f3 i inserci\u00f3 laboral Auxiliar de pexateria i marisc<\/li>\n<\/ul>\n<\/li>\n<\/ul>\n<p><a href=\"https:\/\/agora.xtec.cat\/iabarcelona\/formacio\/pfi-programes-de-formacio-i-insercio\/preinscripcio-i-matricula-programes-de-formacio-i-insercio\/\">Preinscripci\u00f3 i matr\u00edcula Programes de Formaci\u00f3 i&hellip;  <a href=\"https:\/\/agora.xtec.cat\/iabarcelona\/formacio\/pfi-programes-de-formacio-i-insercio\/\" title=\"Read PFI (Programes de formaci\u00f3 i inserci\u00f3)\">Llegeix m\u00e9s\u00bb<\/a><\/p>\n","protected":false},"author":1,"featured_media":0,"parent":706,"menu_order":3,"comment_status":"closed","ping_status":"closed","template":"page-templates\/side-menu.php","meta":{"_bbp_topic_count":0,"_bbp_reply_count":0,"_bbp_total_topic_count":0,"_bbp_total_reply_count":0,"_bbp_voice_count":0,"_bbp_anonymous_reply_count":0,"_bbp_topic_count_hidden":0,"_bbp_reply_count_hidden":0,"_bbp_forum_subforum_count":0,"footnotes":""},"class_list":["post-564","page","type-page","status-publish","hentry"],"post_mailing_queue_ids":[],"_links":{"self":[{"href":"https:\/\/agora.xtec.cat\/iabarcelona\/wp-json\/wp\/v2\/pages\/564","targetHints":{"allow":["GET"]}}],"collection":[{"href":"https:\/\/agora.xtec.cat\/iabarcelona\/wp-json\/wp\/v2\/pages"}],"about":[{"href":"https:\/\/agora.xtec.cat\/iabarcelona\/wp-json\/wp\/v2\/types\/page"}],"author":[{"embeddable":true,"href":"https:\/\/agora.xtec.cat\/iabarcelona\/wp-json\/wp\/v2\/users\/1"}],"replies":[{"embeddable":true,"href":"https:\/\/agora.xtec.cat\/iabarcelona\/wp-json\/wp\/v2\/comments?post=564"}],"version-history":[{"count":3,"href":"https:\/\/agora.xtec.cat\/iabarcelona\/wp-json\/wp\/v2\/pages\/564\/revisions"}],"predecessor-version":[{"id":1569,"href":"https:\/\/agora.xtec.cat\/iabarcelona\/wp-json\/wp\/v2\/pages\/564\/revisions\/1569"}],"up":[{"embeddable":true,"href":"https:\/\/agora.xtec.cat\/iabarcelona\/wp-json\/wp\/v2\/pages\/706"}],"wp:attachment":[{"href":"https:\/\/agora.xtec.cat\/iabarcelona\/wp-json\/wp\/v2\/media?parent=564"}],"curies":[{"name":"wp","href":"https:\/\/api.w.org\/{rel}","templated":true}]}}